automatic DPDK test reports
 help / color / mirror / Atom feed
From: dpdklab@iol.unh.edu
To: Test Report <test-report@dpdk.org>
Cc: dpdk-test-reports@iol.unh.edu
Subject: |PENDING| pw153310-153322 [PATCH] [v1,13/13] net/intel: add common T
Date: Tue, 06 May 2025 23:01:37 -0700 (PDT)	[thread overview]
Message-ID: <681af741.050a0220.f6936.01a8SMTPIN_ADDED_MISSING@mx.google.com> (raw)
In-Reply-To: <3925dc733f7a3c4dfcc1a36a5df5d2b14a3c5372.1746538072.git.anatoly.burakov@intel.com>

Test-Label: iol-abi-testing
Test-Status: PENDING
http://dpdk.org/patch/153322

_Testing pending_

Submitter: Anatoly Burakov <anatoly.burakov@intel.com>
Date: Tuesday, May 06 2025 13:28:02 
DPDK git baseline: Repo:dpdk
  Branch: master
  CommitID:7cf0355db9fdab5648b05fd787356c391c510534

153310-153322 --> testing pending

Upstream job id: Generic-DPDK-Compile-ABI#125568

Test environment and result as below:

+-------------------+----------+
|    Environment    | abi_test |
+===================+==========+
| CentOS Stream 9   | PASS     |
+-------------------+----------+
| CentOS Stream 10  | PEND     |
+-------------------+----------+
| Debian 12         | PEND     |
+-------------------+----------+
| Fedora 40 (Clang) | PEND     |
+-------------------+----------+
| Fedora 40         | PEND     |
+-------------------+----------+
| Fedora 41         | PEND     |
+-------------------+----------+
| Fedora 41 (Clang) | PEND     |
+-------------------+----------+
| RHEL9             | PEND     |
+-------------------+----------+
| openSUSE Leap 15  | PEND     |
+-------------------+----------+
| RHEL8             | PEND     |
+-------------------+----------+
| Ubuntu 22.04      | PEND     |
+-------------------+----------+
| Ubuntu 24.04      | PEND     |
+-------------------+----------+


CentOS Stream 9
	Kernel: Depends on container host
	Compiler: gcc 11.5.0 20240719 (Red Hat 11.5.0-2)

CentOS Stream 10
	Kernel: Depends on container host
	Compiler: gcc 14.2.1 20241104 (Red Hat 14.2.1-6)

Debian 12
	Kernel: Depends on container host
	Compiler: gcc (Debian 12.2.0-14) 12.2.0

Fedora 40 (Clang)
	Kernel: Depends on container host
	Compiler: clang 18.1.8 (Fedora 18.1.8-1.fc40)

Fedora 40
	Kernel: Depends on container host
	Compiler: gcc 14.2.1 20240912 (Red Hat 14.2.1-3)

Fedora 41
	Kernel: Depends on container host
	Compiler: gcc 14.2.1 20240912 (Red Hat 14.2.1-3)

Fedora 41 (Clang)
	Kernel: Depends on container host
	Compiler: clang 19.1.5 (Fedora 19.1.5-1.fc41)

RHEL9
	Kernel: Depends on container host
	Compiler: gcc 11.5.0 20240719 (Red Hat 11.5.0-2)

openSUSE Leap 15
	Kernel: Depends on container host
	Compiler: gcc (SUSE Linux) 7.5.0

RHEL8
	Kernel: Depends on container host
	Compiler: gcc 8.5.0 20210514 (Red Hat 8.5.0-22)

Ubuntu 22.04
	Kernel: Depends on container host
	Compiler: gcc (Ubuntu 11.4.0-1ubuntu1~22.04) 11.4.0

Ubuntu 24.04
	Kernel: Depends on container host
	Compiler: gcc (Ubuntu 13.3.0-6ubuntu2~24.04) 13.3.0

To view detailed results, visit:
https://lab.dpdk.org/results/dashboard/patchsets/33122/

UNH-IOL DPDK Community Lab

To manage your email subscriptions, visit: 
https://lab.dpdk.org/results/dashboard/preferences/subscriptions/

  parent reply	other threads:[~2025-05-07  6:01 UTC|newest]

Thread overview: 38+ messages / expand[flat|nested]  mbox.gz  Atom feed  top
     [not found] <3925dc733f7a3c4dfcc1a36a5df5d2b14a3c5372.1746538072.git.anatoly.burakov@intel.com>
2025-05-06 12:55 ` |SUCCESS| pw153310-153322 [PATCH v1 13/13] net/intel: add common Tx mbuf recycle qemudev
2025-05-06 13:00 ` qemudev
2025-05-06 13:31 ` |SUCCESS| pw153322 " checkpatch
2025-05-07  5:06 ` |SUCCESS| pw153310-153322 [PATCH] [v1,13/13] net/intel: add common T dpdklab
2025-05-07  5:13 ` |FAILURE| " dpdklab
2025-05-07  5:14 ` |SUCCESS| " dpdklab
2025-05-07  5:15 ` dpdklab
2025-05-07  5:28 ` dpdklab
2025-05-07  5:39 ` dpdklab
2025-05-07  6:01 ` dpdklab [this message]
2025-05-07  6:50 ` dpdklab
2025-05-07  6:52 ` dpdklab
2025-05-07  8:15 ` |WARNING| " dpdklab
2025-05-07  8:18 ` |PENDING| " dpdklab
2025-05-07  9:11 ` dpdklab
2025-05-07  9:35 ` |FAILURE| " dpdklab
2025-05-07  9:36 ` dpdklab
2025-05-07  9:38 ` dpdklab
2025-05-07  9:44 ` dpdklab
2025-05-07  9:52 ` dpdklab
2025-05-07  9:54 ` dpdklab
2025-05-07  9:55 ` dpdklab
2025-05-07  9:56 ` dpdklab
2025-05-07  9:56 ` dpdklab
2025-05-07  9:57 ` dpdklab
2025-05-07 10:05 ` dpdklab
2025-05-07 10:06 ` dpdklab
2025-05-07 10:13 ` |SUCCESS| " dpdklab
2025-05-07 10:17 ` |FAILURE| " dpdklab
2025-05-07 10:19 ` dpdklab
2025-05-07 10:23 ` dpdklab
2025-05-07 11:20 ` |SUCCESS| " dpdklab
2025-05-07 12:46 ` |FAILURE| " dpdklab
2025-05-07 17:48 ` dpdklab
2025-05-07 17:58 ` dpdklab
2025-05-07 17:58 ` dpdklab
2025-05-07 18:09 ` dpdklab
2025-05-07 20:49 ` |SUCCESS| " dpdklab

Reply instructions:

You may reply publicly to this message via plain-text email
using any one of the following methods:

* Save the following mbox file, import it into your mail client,
  and reply-to-all from there: mbox

  Avoid top-posting and favor interleaved quoting:
  https://en.wikipedia.org/wiki/Posting_style#Interleaved_style

* Reply using the --to, --cc, and --in-reply-to
  switches of git-send-email(1):

  git send-email \
    --in-reply-to=681af741.050a0220.f6936.01a8SMTPIN_ADDED_MISSING@mx.google.com \
    --to=dpdklab@iol.unh.edu \
    --cc=dpdk-test-reports@iol.unh.edu \
    --cc=test-report@dpdk.org \
    /path/to/YOUR_REPLY

  https://kernel.org/pub/software/scm/git/docs/git-send-email.html

* If your mail client supports setting the In-Reply-To header
  via mailto: links, try the mailto: link
Be sure your reply has a Subject: header at the top and a blank line before the message body.
This is a public inbox, see mirroring instructions
for how to clone and mirror all data and code used for this inbox;
as well as URLs for NNTP newsgroup(s).