* |SUCCESS| pw153310-153322 [PATCH v1 13/13] net/intel: add common Tx mbuf recycle
[not found] <3925dc733f7a3c4dfcc1a36a5df5d2b14a3c5372.1746538072.git.anatoly.burakov@intel.com>
@ 2025-05-06 12:55 ` qemudev
2025-05-06 13:00 ` qemudev
` (36 subsequent siblings)
37 siblings, 0 replies; 38+ messages in thread
From: qemudev @ 2025-05-06 12:55 UTC (permalink / raw)
To: test-report
Test-Label: loongarch-compilation
Test-Status: SUCCESS
http://dpdk.org/patch/153322
_Compilation OK_
Submitter: Anatoly Burakov <anatoly.burakov@intel.com>
Date: Tue, 6 May 2025 14:27:50 +0100
DPDK git baseline: Repo:dpdk-next-net-intel
Branch: main
CommitID: 7cf0355db9fdab5648b05fd787356c391c510534
153310-153322 --> meson & ninja build successfully
Test environment and result as below:
+---------------------+----------------+
| Environment | compilation |
+---------------------+----------------+
| Loongnix-Server 8.3 | PASS |
+---------------------+----------------+
Loongnix-Server 8.3
Kernel: 4.19.190+
Compiler: gcc 8.3
^ permalink raw reply [flat|nested] 38+ messages in thread
* |SUCCESS| pw153310-153322 [PATCH v1 13/13] net/intel: add common Tx mbuf recycle
[not found] <3925dc733f7a3c4dfcc1a36a5df5d2b14a3c5372.1746538072.git.anatoly.burakov@intel.com>
2025-05-06 12:55 ` |SUCCESS| pw153310-153322 [PATCH v1 13/13] net/intel: add common Tx mbuf recycle qemudev
@ 2025-05-06 13:00 ` qemudev
2025-05-06 13:31 ` |SUCCESS| pw153322 " checkpatch
` (35 subsequent siblings)
37 siblings, 0 replies; 38+ messages in thread
From: qemudev @ 2025-05-06 13:00 UTC (permalink / raw)
To: test-report
Test-Label: loongarch-unit-testing
Test-Status: SUCCESS
http://dpdk.org/patch/153322
_Unit Testing PASS_
Submitter: Anatoly Burakov <anatoly.burakov@intel.com>
Date: Tue, 6 May 2025 14:27:50 +0100
DPDK git baseline: Repo:dpdk-next-net-intel
Branch: main
CommitID: 7cf0355db9fdab5648b05fd787356c391c510534
153310-153322 --> testing pass
Test environment and result as below:
+---------------------+----------------+
| Environment | dpdk_unit_test |
+---------------------+----------------+
| Loongnix-Server 8.3 | PASS |
+---------------------+----------------+
Loongnix-Server 8.3
Kernel: 4.19.190+
Compiler: gcc 8.3
Test result details:
1/119 DPDK:fast-tests / acl_autotest OK 3.33s
2/119 DPDK:fast-tests / alarm_autotest OK 1.58s
3/119 DPDK:fast-tests / argparse_autotest OK 0.58s
4/119 DPDK:fast-tests / atomic_autotest OK 6.90s
5/119 DPDK:fast-tests / bitcount_autotest OK 0.43s
6/119 DPDK:fast-tests / bitmap_autotest OK 0.43s
7/119 DPDK:fast-tests / bitops_autotest OK 1.90s
8/119 DPDK:fast-tests / bitratestats_autotest OK 0.43s
9/119 DPDK:fast-tests / bitset_autotest OK 3.15s
10/119 DPDK:fast-tests / bpf_autotest OK 0.43s
11/119 DPDK:fast-tests / bpf_convert_autotest OK 0.44s
12/119 DPDK:fast-tests / byteorder_autotest OK 0.43s
13/119 DPDK:fast-tests / cfgfile_autotest OK 0.43s
14/119 DPDK:fast-tests / cksum_autotest OK 0.43s
15/119 DPDK:fast-tests / cmdline_autotest OK 0.43s
16/119 DPDK:fast-tests / common_autotest OK 1.32s
17/119 DPDK:fast-tests / compressdev_autotest SKIP 0.07s exit status 77
18/119 DPDK:fast-tests / cpuflags_autotest OK 0.43s
19/119 DPDK:fast-tests / crc_autotest OK 0.43s
20/119 DPDK:fast-tests / user_delay_us OK 0.43s
21/119 DPDK:fast-tests / debug_autotest OK 17.64s
22/119 DPDK:fast-tests / devargs_autotest OK 0.43s
23/119 DPDK:fast-tests / dispatcher_autotest OK 2.55s
24/119 DPDK:fast-tests / distributor_autotest OK 1.20s
25/119 DPDK:fast-tests / eal_flags_c_opt_autotest OK 0.76s
26/119 DPDK:fast-tests / eal_flags_main_opt_autotest OK 0.22s
27/119 DPDK:fast-tests / eal_flags_n_opt_autotest OK 0.20s
28/119 DPDK:fast-tests / eal_flags_hpet_autotest OK 0.13s
29/119 DPDK:fast-tests / eal_flags_no_huge_autotest OK 0.22s
30/119 DPDK:fast-tests / eal_flags_a_opt_autotest OK 0.29s
31/119 DPDK:fast-tests / eal_flags_b_opt_autotest OK 0.24s
32/119 DPDK:fast-tests / eal_flags_vdev_opt_autotest OK 0.19s
33/119 DPDK:fast-tests / eal_flags_r_opt_autotest OK 0.18s
34/119 DPDK:fast-tests / eal_flags_mem_autotest OK 0.58s
35/119 DPDK:fast-tests / eal_flags_file_prefix_autotest OK 22.23s
36/119 DPDK:fast-tests / eal_flags_misc_autotest OK 1.03s
37/119 DPDK:fast-tests / eal_fs_autotest OK 0.43s
38/119 DPDK:fast-tests / errno_autotest OK 0.43s
39/119 DPDK:fast-tests / ethdev_link_status OK 0.43s
40/119 DPDK:fast-tests / event_eth_tx_adapter_autotest OK 1.69s
41/119 DPDK:fast-tests / event_ring_autotest OK 0.43s
42/119 DPDK:fast-tests / eventdev_common_autotest OK 0.43s
43/119 DPDK:fast-tests / eventdev_selftest_sw OK 7.25s
44/119 DPDK:fast-tests / fbarray_autotest OK 0.43s
45/119 DPDK:fast-tests / fib_autotest OK 1.29s
46/119 DPDK:fast-tests / fib6_autotest OK 1.06s
47/119 DPDK:fast-tests / func_reentrancy_autotest OK 2.33s
48/119 DPDK:fast-tests / graph_autotest OK 0.43s
49/119 DPDK:fast-tests / node_list_dump OK 0.43s
50/119 DPDK:fast-tests / hash_autotest OK 1.05s
51/119 DPDK:fast-tests / hash_readwrite_func_autotest OK 6.37s
52/119 DPDK:fast-tests / interrupt_autotest OK 1.73s
53/119 DPDK:fast-tests / ipfrag_autotest OK 0.08s
54/119 DPDK:fast-tests / ipsec_autotest SKIP 0.43s exit status 77
55/119 DPDK:fast-tests / kvargs_autotest OK 0.44s
56/119 DPDK:fast-tests / latencystats_autotest OK 0.44s
57/119 DPDK:fast-tests / lcore_var_autotest OK 0.58s
58/119 DPDK:fast-tests / lcores_autotest OK 5.24s
59/119 DPDK:fast-tests / logs_autotest OK 0.43s
60/119 DPDK:fast-tests / lpm_autotest OK 2.48s
61/119 DPDK:fast-tests / lpm6_autotest OK 5.56s
62/119 DPDK:fast-tests / malloc_autotest OK 59.48s
63/119 DPDK:fast-tests / mbuf_autotest OK 4.36s
64/119 DPDK:fast-tests / mcslock_autotest OK 2.83s
65/119 DPDK:fast-tests / member_autotest OK 1.61s
66/119 DPDK:fast-tests / memcpy_autotest OK 7.05s
67/119 DPDK:fast-tests / memory_autotest OK 0.09s
68/119 DPDK:fast-tests / mempool_autotest OK 0.44s
69/119 DPDK:fast-tests / memzone_autotest OK 0.14s
70/119 DPDK:fast-tests / meter_autotest OK 0.43s
71/119 DPDK:fast-tests / metrics_autotest OK 0.43s
72/119 DPDK:fast-tests / multiprocess_autotest OK 0.19s
73/119 DPDK:fast-tests / net_ether_autotest OK 1.09s
74/119 DPDK:fast-tests / net_ipv6_autotest OK 0.43s
75/119 DPDK:fast-tests / pcapng_autotest OK 6.24s
76/119 DPDK:fast-tests / pdcp_autotest SKIP 0.07s exit status 77
77/119 DPDK:fast-tests / pdump_autotest OK 0.53s
78/119 DPDK:fast-tests / per_lcore_autotest OK 0.53s
79/119 DPDK:fast-tests / pflock_autotest OK 1.24s
80/119 DPDK:fast-tests / pie_autotest OK 0.43s
81/119 DPDK:fast-tests / ring_pmd_autotest OK 0.43s
82/119 DPDK:fast-tests / power_autotest OK 0.43s
83/119 DPDK:fast-tests / power_cpufreq_autotest SKIP 0.07s exit status 77
84/119 DPDK:fast-tests / power_intel_uncore_autotest SKIP 0.43s exit status 77
85/119 DPDK:fast-tests / power_kvm_vm_autotest SKIP 0.07s exit status 77
86/119 DPDK:fast-tests / prefetch_autotest OK 0.42s
87/119 DPDK:fast-tests / ptr_compress_autotest OK 0.43s
88/119 DPDK:fast-tests / rawdev_autotest OK 0.43s
89/119 DPDK:fast-tests / rcu_qsbr_autotest OK 0.95s
90/119 DPDK:fast-tests / reorder_autotest OK 0.49s
91/119 DPDK:fast-tests / rib_autotest OK 9.08s
92/119 DPDK:fast-tests / rib6_autotest OK 9.08s
93/119 DPDK:fast-tests / ring_autotest OK 0.46s
94/119 DPDK:fast-tests / rwlock_test1_autotest OK 1.18s
95/119 DPDK:fast-tests / rwlock_rda_autotest OK 5.44s
96/119 DPDK:fast-tests / rwlock_rds_wrm_autotest OK 5.43s
97/119 DPDK:fast-tests / rwlock_rde_wro_autotest OK 5.43s
98/119 DPDK:fast-tests / sched_autotest OK 0.43s
99/119 DPDK:fast-tests / security_autotest OK 0.07s
100/119 DPDK:fast-tests / seqlock_autotest OK 2.43s
101/119 DPDK:fast-tests / service_autotest OK 3.24s
102/119 DPDK:fast-tests / soring_autotest OK 0.43s
103/119 DPDK:fast-tests / spinlock_autotest OK 0.51s
104/119 DPDK:fast-tests / stack_autotest OK 0.87s
105/119 DPDK:fast-tests / stack_lf_autotest SKIP 0.06s exit status 77
106/119 DPDK:fast-tests / string_autotest OK 0.43s
107/119 DPDK:fast-tests / table_autotest OK 7.63s
108/119 DPDK:fast-tests / tailq_autotest OK 0.42s
109/119 DPDK:fast-tests / telemetry_data_autotest OK 0.44s
110/119 DPDK:fast-tests / telemetry_json_autotest OK 0.43s
111/119 DPDK:fast-tests / thash_autotest OK 0.45s
112/119 DPDK:fast-tests / threads_autotest OK 0.61s
113/119 DPDK:fast-tests / ticketlock_autotest OK 0.58s
114/119 DPDK:fast-tests / timer_autotest OK 3.96s
115/119 DPDK:fast-tests / trace_autotest OK 0.42s
116/119 DPDK:fast-tests / trace_autotest_with_traces OK 0.43s
117/119 DPDK:fast-tests / vdev_autotest OK 0.43s
118/119 DPDK:fast-tests / version_autotest OK 0.43s
119/119 DPDK:fast-tests / telemetry_all OK 1.35s
Ok: 112
Expected Fail: 0
Fail: 0
Unexpected Pass: 0
Skipped: 7
Timeout: 0
^ permalink raw reply [flat|nested] 38+ messages in thread
* |SUCCESS| pw153322 [PATCH v1 13/13] net/intel: add common Tx mbuf recycle
[not found] <3925dc733f7a3c4dfcc1a36a5df5d2b14a3c5372.1746538072.git.anatoly.burakov@intel.com>
2025-05-06 12:55 ` |SUCCESS| pw153310-153322 [PATCH v1 13/13] net/intel: add common Tx mbuf recycle qemudev
2025-05-06 13:00 ` qemudev
@ 2025-05-06 13:31 ` checkpatch
2025-05-07 5:06 ` |SUCCESS| pw153310-153322 [PATCH] [v1,13/13] net/intel: add common T dpdklab
` (34 subsequent siblings)
37 siblings, 0 replies; 38+ messages in thread
From: checkpatch @ 2025-05-06 13:31 UTC (permalink / raw)
To: test-report
Test-Label: checkpatch
Test-Status: SUCCESS
http://dpdk.org/patch/153322
_coding style OK_
^ permalink raw reply [flat|nested] 38+ messages in thread
* |SUCCESS| pw153310-153322 [PATCH] [v1,13/13] net/intel: add common T
[not found] <3925dc733f7a3c4dfcc1a36a5df5d2b14a3c5372.1746538072.git.anatoly.burakov@intel.com>
` (2 preceding siblings ...)
2025-05-06 13:31 ` |SUCCESS| pw153322 " checkpatch
@ 2025-05-07 5:06 ` dpdklab
2025-05-07 5:13 ` |FAILURE| " dpdklab
` (33 subsequent siblings)
37 siblings, 0 replies; 38+ messages in thread
From: dpdklab @ 2025-05-07 5:06 UTC (permalink / raw)
To: Test Report; +Cc: dpdk-test-reports
Test-Label: iol-intel-Functional
Test-Status: SUCCESS
http://dpdk.org/patch/153322
_Functional Testing PASS_
Submitter: Anatoly Burakov <anatoly.burakov@intel.com>
Date: Tuesday, May 06 2025 13:28:02
DPDK git baseline: Repo:dpdk
Branch: master
CommitID:7cf0355db9fdab5648b05fd787356c391c510534
153310-153322 --> functional testing pass
Upstream job id: Template-DTS-Pipeline#224708
Test environment and result as below:
Ubuntu 24.04 LTS
Kernel: 6.8.0-44-generic
Compiler: gcc 13.2.0
NIC: Intel Corporation Ethernet Controller XL710 for 40GbE QSFP+ 40 Mbps
Aggregate Results by Test Suite
+----------------------+--------+
| Test Suite | Result |
+======================+========+
| TestBlocklist | PASS |
+----------------------+--------+
| TestMacFilter | PASS |
+----------------------+--------+
| TestDynamicConfig | PASS |
+----------------------+--------+
| TestDynamicQueueConf | PASS |
+----------------------+--------+
| TestPMDBufferScatter | PASS |
+----------------------+--------+
| TestPromiscSupport | PASS |
+----------------------+--------+
| TestUniPkt | PASS |
+----------------------+--------+
Ubuntu 20.04
Kernel: 5.4.0-122-generic
Compiler: gcc 9.4.0
NIC: Intel Corporation Ethernet Converged Network Adapter XL710-QDA2 40000 Mbps
Aggregate Results by Test Suite
+-----------------------------+--------+
| Test Suite | Result |
+=============================+========+
| unit_tests_mbuf | PASS |
+-----------------------------+--------+
| vhost_virtio_user_interrupt | PASS |
+-----------------------------+--------+
| virtio_smoke | PASS |
+-----------------------------+--------+
To view detailed results, visit:
https://lab.dpdk.org/results/dashboard/patchsets/33122/
UNH-IOL DPDK Community Lab
To manage your email subscriptions, visit:
https://lab.dpdk.org/results/dashboard/preferences/subscriptions/
^ permalink raw reply [flat|nested] 38+ messages in thread
* |FAILURE| pw153310-153322 [PATCH] [v1,13/13] net/intel: add common T
[not found] <3925dc733f7a3c4dfcc1a36a5df5d2b14a3c5372.1746538072.git.anatoly.burakov@intel.com>
` (3 preceding siblings ...)
2025-05-07 5:06 ` |SUCCESS| pw153310-153322 [PATCH] [v1,13/13] net/intel: add common T dpdklab
@ 2025-05-07 5:13 ` dpdklab
2025-05-07 5:14 ` |SUCCESS| " dpdklab
` (32 subsequent siblings)
37 siblings, 0 replies; 38+ messages in thread
From: dpdklab @ 2025-05-07 5:13 UTC (permalink / raw)
To: Lijuan Tu, Test Report, Ferruh Yigit; +Cc: dpdk-test-reports, Anatoly Burakov
Test-Label: iol-intel-Performance
Test-Status: FAILURE
http://dpdk.org/patch/153322
_Performance Testing issues_
Submitter: Anatoly Burakov <anatoly.burakov@intel.com>
Date: Tuesday, May 06 2025 13:28:02
DPDK git baseline: Repo:dpdk
Branch: master
CommitID:7cf0355db9fdab5648b05fd787356c391c510534
153310-153322 --> performance testing issues
Upstream job id: Template-DTS-Pipeline#224704
Test environment and result as below:
Ubuntu 22.04
Kernel: 5.15.0-131-generic
Compiler: gcc (Ubuntu 11.4.0-1ubuntu1~22.04) 11.4.0
NIC: Intel Corporation Ethernet Converged Network Adapter 82599ES 10000 Mbps
Fail/Total: 1/6
Failed cases list:
- DTS https://dpdklab.iol.unh.edu/results/testcases/1/
Detail performance results:
+----------+-------------+---------+------------+------------------------------+
| num_cpus | num_threads | txd/rxd | frame_size | throughput difference from |
| | | | | expected |
+==========+=============+=========+============+==============================+
| 1 | 2 | 128 | 64 | -1.7% |
+----------+-------------+---------+------------+------------------------------+
| 1 | 2 | 512 | 64 | 0.3% |
+----------+-------------+---------+------------+------------------------------+
| 1 | 2 | 2048 | 64 | 1.1% |
+----------+-------------+---------+------------+------------------------------+
| 1 | 1 | 128 | 64 | -6.8% |
+----------+-------------+---------+------------+------------------------------+
| 1 | 1 | 512 | 64 | 2.6% |
+----------+-------------+---------+------------+------------------------------+
| 1 | 1 | 2048 | 64 | 4.6% |
+----------+-------------+---------+------------+------------------------------+
Ubuntu 24.04
Kernel: 6.8.0-52-generic
Compiler: gcc 13.3.0
NIC: Intel E810 (Arm Grace Server) 100000 Mbps
Fail/Total: 0/1
Detail performance results:
The measurement deltas are not ready yet! Please check back later.
To view detailed results, visit:
https://lab.dpdk.org/results/dashboard/patchsets/33122/
UNH-IOL DPDK Community Lab
To manage your email subscriptions, visit:
https://lab.dpdk.org/results/dashboard/preferences/subscriptions/
^ permalink raw reply [flat|nested] 38+ messages in thread
* |SUCCESS| pw153310-153322 [PATCH] [v1,13/13] net/intel: add common T
[not found] <3925dc733f7a3c4dfcc1a36a5df5d2b14a3c5372.1746538072.git.anatoly.burakov@intel.com>
` (4 preceding siblings ...)
2025-05-07 5:13 ` |FAILURE| " dpdklab
@ 2025-05-07 5:14 ` dpdklab
2025-05-07 5:15 ` dpdklab
` (31 subsequent siblings)
37 siblings, 0 replies; 38+ messages in thread
From: dpdklab @ 2025-05-07 5:14 UTC (permalink / raw)
To: Test Report; +Cc: dpdk-test-reports
Test-Label: iol-intel-Functional
Test-Status: SUCCESS
http://dpdk.org/patch/153322
_Functional Testing PASS_
Submitter: Anatoly Burakov <anatoly.burakov@intel.com>
Date: Tuesday, May 06 2025 13:28:02
DPDK git baseline: Repo:dpdk
Branch: master
CommitID:7cf0355db9fdab5648b05fd787356c391c510534
153310-153322 --> functional testing pass
Upstream job id: Template-DTS-Pipeline#224715
Test environment and result as below:
Ubuntu 24.04 LTS
Kernel: 6.8.0-44-generic
Compiler: gcc 13.2.0
NIC: Intel Corporation Ethernet Controller XL710 for 40GbE QSFP+ 40 Mbps
Aggregate Results by Test Suite
+----------------------+--------+
| Test Suite | Result |
+======================+========+
| TestBlocklist | PASS |
+----------------------+--------+
| TestMacFilter | PASS |
+----------------------+--------+
| TestDynamicConfig | PASS |
+----------------------+--------+
| TestDynamicQueueConf | PASS |
+----------------------+--------+
| TestPMDBufferScatter | PASS |
+----------------------+--------+
| TestPromiscSupport | PASS |
+----------------------+--------+
| TestUniPkt | PASS |
+----------------------+--------+
Ubuntu 20.04
Kernel: 5.4.0-122-generic
Compiler: gcc 9.4.0
NIC: Intel Corporation Ethernet Converged Network Adapter XL710-QDA2 40000 Mbps
Aggregate Results by Test Suite
+-----------------------------+--------+
| Test Suite | Result |
+=============================+========+
| unit_tests_mbuf | PASS |
+-----------------------------+--------+
| vhost_virtio_user_interrupt | PASS |
+-----------------------------+--------+
| virtio_smoke | PASS |
+-----------------------------+--------+
Ubuntu 24.04 LTS
Kernel: 6.8.0-55-generic
Compiler: gcc 13.3.0
NIC: Intel Corporation 4xxx Series QAT 0 Mbps
Aggregate Results by Test Suite
+----------------------------+--------+
| Test Suite | Result |
+============================+========+
| crypto_perf_cryptodev_perf | PASS |
+----------------------------+--------+
To view detailed results, visit:
https://lab.dpdk.org/results/dashboard/patchsets/33122/
UNH-IOL DPDK Community Lab
To manage your email subscriptions, visit:
https://lab.dpdk.org/results/dashboard/preferences/subscriptions/
^ permalink raw reply [flat|nested] 38+ messages in thread
* |SUCCESS| pw153310-153322 [PATCH] [v1,13/13] net/intel: add common T
[not found] <3925dc733f7a3c4dfcc1a36a5df5d2b14a3c5372.1746538072.git.anatoly.burakov@intel.com>
` (5 preceding siblings ...)
2025-05-07 5:14 ` |SUCCESS| " dpdklab
@ 2025-05-07 5:15 ` dpdklab
2025-05-07 5:28 ` dpdklab
` (30 subsequent siblings)
37 siblings, 0 replies; 38+ messages in thread
From: dpdklab @ 2025-05-07 5:15 UTC (permalink / raw)
To: Ali Alnubani, Test Report; +Cc: dpdk-test-reports
Test-Label: iol-mellanox-Performance
Test-Status: SUCCESS
http://dpdk.org/patch/153322
_Performance Testing PASS_
Submitter: Anatoly Burakov <anatoly.burakov@intel.com>
Date: Tuesday, May 06 2025 13:28:02
DPDK git baseline: Repo:dpdk
Branch: master
CommitID:7cf0355db9fdab5648b05fd787356c391c510534
153310-153322 --> performance testing pass
Upstream job id: Template-DTS-Pipeline#224702
Test environment and result as below:
Ubuntu 24.04
Kernel: 6.8.0-45-generic
Compiler: gcc 13.2.0
NIC: NVIDIA Mellanox ConnectX-7 100000 Mbps
Fail/Total: 0/6
Detail performance results:
+------------+---------+----------+-------------+------------------------------+
| frame_size | txd/rxd | num_cpus | num_threads | throughput difference from |
| | | | | expected |
+============+=========+==========+=============+==============================+
| 64 | 1024 | 1 | 1 | 0.8% |
+------------+---------+----------+-------------+------------------------------+
| 128 | 1024 | 1 | 1 | 1.7% |
+------------+---------+----------+-------------+------------------------------+
| 256 | 1024 | 1 | 1 | -1.1% |
+------------+---------+----------+-------------+------------------------------+
| 512 | 1024 | 1 | 1 | 0.1% |
+------------+---------+----------+-------------+------------------------------+
| 1024 | 1024 | 1 | 1 | 0.1% |
+------------+---------+----------+-------------+------------------------------+
| 1518 | 1024 | 1 | 1 | -0.2% |
+------------+---------+----------+-------------+------------------------------+
Ubuntu 24.04
Kernel: 6.8.0-45-generic
Compiler: gcc 13.2.0
NIC: Mellanox ConnectX-6 Lx 25000 Mbps
Fail/Total: 0/6
Detail performance results:
+------------+---------+----------+-------------+------------------------------+
| frame_size | txd/rxd | num_cpus | num_threads | throughput difference from |
| | | | | expected |
+============+=========+==========+=============+==============================+
| 64 | 1024 | 1 | 1 | -0.0% |
+------------+---------+----------+-------------+------------------------------+
| 128 | 1024 | 1 | 1 | -0.0% |
+------------+---------+----------+-------------+------------------------------+
| 256 | 1024 | 1 | 1 | -0.2% |
+------------+---------+----------+-------------+------------------------------+
| 512 | 1024 | 1 | 1 | 0.2% |
+------------+---------+----------+-------------+------------------------------+
| 1024 | 1024 | 1 | 1 | 0.1% |
+------------+---------+----------+-------------+------------------------------+
| 1518 | 1024 | 1 | 1 | 0.2% |
+------------+---------+----------+-------------+------------------------------+
To view detailed results, visit:
https://lab.dpdk.org/results/dashboard/patchsets/33122/
UNH-IOL DPDK Community Lab
To manage your email subscriptions, visit:
https://lab.dpdk.org/results/dashboard/preferences/subscriptions/
^ permalink raw reply [flat|nested] 38+ messages in thread
* |SUCCESS| pw153310-153322 [PATCH] [v1,13/13] net/intel: add common T
[not found] <3925dc733f7a3c4dfcc1a36a5df5d2b14a3c5372.1746538072.git.anatoly.burakov@intel.com>
` (6 preceding siblings ...)
2025-05-07 5:15 ` dpdklab
@ 2025-05-07 5:28 ` dpdklab
2025-05-07 5:39 ` dpdklab
` (29 subsequent siblings)
37 siblings, 0 replies; 38+ messages in thread
From: dpdklab @ 2025-05-07 5:28 UTC (permalink / raw)
To: Test Report; +Cc: dpdk-test-reports
Test-Label: iol-intel-Functional
Test-Status: SUCCESS
http://dpdk.org/patch/153322
_Functional Testing PASS_
Submitter: Anatoly Burakov <anatoly.burakov@intel.com>
Date: Tuesday, May 06 2025 13:28:02
DPDK git baseline: Repo:dpdk
Branch: master
CommitID:7cf0355db9fdab5648b05fd787356c391c510534
153310-153322 --> functional testing pass
Upstream job id: Template-DTS-Pipeline#224709
Test environment and result as below:
Ubuntu 24.04 LTS
Kernel: 6.8.0-44-generic
Compiler: gcc 13.2.0
NIC: Intel Corporation Ethernet Controller XL710 for 40GbE QSFP+ 40 Mbps
Aggregate Results by Test Suite
+----------------------+--------+
| Test Suite | Result |
+======================+========+
| TestBlocklist | PASS |
+----------------------+--------+
| TestMacFilter | PASS |
+----------------------+--------+
| TestDynamicConfig | PASS |
+----------------------+--------+
| TestDynamicQueueConf | PASS |
+----------------------+--------+
| TestPMDBufferScatter | PASS |
+----------------------+--------+
| TestPromiscSupport | PASS |
+----------------------+--------+
| TestUniPkt | PASS |
+----------------------+--------+
Ubuntu 20.04
Kernel: 5.4.0-122-generic
Compiler: gcc 9.4.0
NIC: Intel Corporation Ethernet Converged Network Adapter XL710-QDA2 40000 Mbps
Aggregate Results by Test Suite
+-----------------------------+--------+
| Test Suite | Result |
+=============================+========+
| unit_tests_mbuf | PASS |
+-----------------------------+--------+
| vhost_virtio_user_interrupt | PASS |
+-----------------------------+--------+
| virtio_smoke | PASS |
+-----------------------------+--------+
Ubuntu 22.04
Kernel: 5.15.0-131-generic
Compiler: gcc (Ubuntu 11.4.0-1ubuntu1~22.04) 11.4.0
NIC: Intel Corporation Ethernet Converged Network Adapter 82599ES 10000 Mbps
Aggregate Results by Test Suite
+-----------------------------+--------+
| Test Suite | Result |
+=============================+========+
| unit_tests_mbuf | PASS |
+-----------------------------+--------+
| vhost_virtio_user_interrupt | PASS |
+-----------------------------+--------+
| virtio_smoke | PASS |
+-----------------------------+--------+
Ubuntu 24.04 LTS
Kernel: 6.8.0-55-generic
Compiler: gcc 13.3.0
NIC: Intel Corporation 4xxx Series QAT 0 Mbps
Aggregate Results by Test Suite
+----------------------------+--------+
| Test Suite | Result |
+============================+========+
| crypto_perf_cryptodev_perf | PASS |
+----------------------------+--------+
To view detailed results, visit:
https://lab.dpdk.org/results/dashboard/patchsets/33122/
UNH-IOL DPDK Community Lab
To manage your email subscriptions, visit:
https://lab.dpdk.org/results/dashboard/preferences/subscriptions/
^ permalink raw reply [flat|nested] 38+ messages in thread
* |SUCCESS| pw153310-153322 [PATCH] [v1,13/13] net/intel: add common T
[not found] <3925dc733f7a3c4dfcc1a36a5df5d2b14a3c5372.1746538072.git.anatoly.burakov@intel.com>
` (7 preceding siblings ...)
2025-05-07 5:28 ` dpdklab
@ 2025-05-07 5:39 ` dpdklab
2025-05-07 6:01 ` |PENDING| " dpdklab
` (28 subsequent siblings)
37 siblings, 0 replies; 38+ messages in thread
From: dpdklab @ 2025-05-07 5:39 UTC (permalink / raw)
To: Test Report; +Cc: dpdk-test-reports
Test-Label: iol-sample-apps-testing
Test-Status: SUCCESS
http://dpdk.org/patch/153322
_Testing PASS_
Submitter: Anatoly Burakov <anatoly.burakov@intel.com>
Date: Tuesday, May 06 2025 13:28:02
DPDK git baseline: Repo:dpdk
Branch: master
CommitID:7cf0355db9fdab5648b05fd787356c391c510534
153310-153322 --> testing pass
Upstream job id: Template-DTS-Pipeline#224713
Test environment and result as below:
+--------------+----------------------+
| Environment | compressdev_zlib_pmd |
+==============+======================+
| Ubuntu 22.04 | PASS |
+--------------+----------------------+
Ubuntu 22.04
Kernel: 5.15.0-100-generic
Compiler: gcc gcc (Ubuntu 11.4.0-1ubuntu1~22.04) 11.4.0
To view detailed results, visit:
https://lab.dpdk.org/results/dashboard/patchsets/33122/
UNH-IOL DPDK Community Lab
To manage your email subscriptions, visit:
https://lab.dpdk.org/results/dashboard/preferences/subscriptions/
^ permalink raw reply [flat|nested] 38+ messages in thread
* |PENDING| pw153310-153322 [PATCH] [v1,13/13] net/intel: add common T
[not found] <3925dc733f7a3c4dfcc1a36a5df5d2b14a3c5372.1746538072.git.anatoly.burakov@intel.com>
` (8 preceding siblings ...)
2025-05-07 5:39 ` dpdklab
@ 2025-05-07 6:01 ` dpdklab
2025-05-07 6:50 ` |SUCCESS| " dpdklab
` (27 subsequent siblings)
37 siblings, 0 replies; 38+ messages in thread
From: dpdklab @ 2025-05-07 6:01 UTC (permalink / raw)
To: Test Report; +Cc: dpdk-test-reports
Test-Label: iol-abi-testing
Test-Status: PENDING
http://dpdk.org/patch/153322
_Testing pending_
Submitter: Anatoly Burakov <anatoly.burakov@intel.com>
Date: Tuesday, May 06 2025 13:28:02
DPDK git baseline: Repo:dpdk
Branch: master
CommitID:7cf0355db9fdab5648b05fd787356c391c510534
153310-153322 --> testing pending
Upstream job id: Generic-DPDK-Compile-ABI#125568
Test environment and result as below:
+-------------------+----------+
| Environment | abi_test |
+===================+==========+
| CentOS Stream 9 | PASS |
+-------------------+----------+
| CentOS Stream 10 | PEND |
+-------------------+----------+
| Debian 12 | PEND |
+-------------------+----------+
| Fedora 40 (Clang) | PEND |
+-------------------+----------+
| Fedora 40 | PEND |
+-------------------+----------+
| Fedora 41 | PEND |
+-------------------+----------+
| Fedora 41 (Clang) | PEND |
+-------------------+----------+
| RHEL9 | PEND |
+-------------------+----------+
| openSUSE Leap 15 | PEND |
+-------------------+----------+
| RHEL8 | PEND |
+-------------------+----------+
| Ubuntu 22.04 | PEND |
+-------------------+----------+
| Ubuntu 24.04 | PEND |
+-------------------+----------+
CentOS Stream 9
Kernel: Depends on container host
Compiler: gcc 11.5.0 20240719 (Red Hat 11.5.0-2)
CentOS Stream 10
Kernel: Depends on container host
Compiler: gcc 14.2.1 20241104 (Red Hat 14.2.1-6)
Debian 12
Kernel: Depends on container host
Compiler: gcc (Debian 12.2.0-14) 12.2.0
Fedora 40 (Clang)
Kernel: Depends on container host
Compiler: clang 18.1.8 (Fedora 18.1.8-1.fc40)
Fedora 40
Kernel: Depends on container host
Compiler: gcc 14.2.1 20240912 (Red Hat 14.2.1-3)
Fedora 41
Kernel: Depends on container host
Compiler: gcc 14.2.1 20240912 (Red Hat 14.2.1-3)
Fedora 41 (Clang)
Kernel: Depends on container host
Compiler: clang 19.1.5 (Fedora 19.1.5-1.fc41)
RHEL9
Kernel: Depends on container host
Compiler: gcc 11.5.0 20240719 (Red Hat 11.5.0-2)
openSUSE Leap 15
Kernel: Depends on container host
Compiler: gcc (SUSE Linux) 7.5.0
RHEL8
Kernel: Depends on container host
Compiler: gcc 8.5.0 20210514 (Red Hat 8.5.0-22)
Ubuntu 22.04
Kernel: Depends on container host
Compiler: gcc (Ubuntu 11.4.0-1ubuntu1~22.04) 11.4.0
Ubuntu 24.04
Kernel: Depends on container host
Compiler: gcc (Ubuntu 13.3.0-6ubuntu2~24.04) 13.3.0
To view detailed results, visit:
https://lab.dpdk.org/results/dashboard/patchsets/33122/
UNH-IOL DPDK Community Lab
To manage your email subscriptions, visit:
https://lab.dpdk.org/results/dashboard/preferences/subscriptions/
^ permalink raw reply [flat|nested] 38+ messages in thread
* |SUCCESS| pw153310-153322 [PATCH] [v1,13/13] net/intel: add common T
[not found] <3925dc733f7a3c4dfcc1a36a5df5d2b14a3c5372.1746538072.git.anatoly.burakov@intel.com>
` (9 preceding siblings ...)
2025-05-07 6:01 ` |PENDING| " dpdklab
@ 2025-05-07 6:50 ` dpdklab
2025-05-07 6:52 ` dpdklab
` (26 subsequent siblings)
37 siblings, 0 replies; 38+ messages in thread
From: dpdklab @ 2025-05-07 6:50 UTC (permalink / raw)
To: Test Report; +Cc: dpdk-test-reports
Test-Label: iol-abi-testing
Test-Status: SUCCESS
http://dpdk.org/patch/153322
_Testing PASS_
Submitter: Anatoly Burakov <anatoly.burakov@intel.com>
Date: Tuesday, May 06 2025 13:28:02
DPDK git baseline: Repo:dpdk
Branch: master
CommitID:7cf0355db9fdab5648b05fd787356c391c510534
153310-153322 --> testing pass
Upstream job id: Generic-DPDK-Compile-ABI#125578
Test environment and result as below:
+-------------------+----------+
| Environment | abi_test |
+===================+==========+
| CentOS Stream 9 | PASS |
+-------------------+----------+
| CentOS Stream 10 | PASS |
+-------------------+----------+
| Debian 12 | PASS |
+-------------------+----------+
| Fedora 40 (Clang) | PASS |
+-------------------+----------+
| Fedora 40 | PASS |
+-------------------+----------+
| Fedora 41 | PASS |
+-------------------+----------+
| Fedora 41 (Clang) | PASS |
+-------------------+----------+
| RHEL9 | PASS |
+-------------------+----------+
| openSUSE Leap 15 | PASS |
+-------------------+----------+
| RHEL8 | PASS |
+-------------------+----------+
| Ubuntu 22.04 | PASS |
+-------------------+----------+
| Ubuntu 24.04 | PASS |
+-------------------+----------+
CentOS Stream 9
Kernel: Depends on container host
Compiler: gcc 11.5.0 20240719 (Red Hat 11.5.0-2)
CentOS Stream 10
Kernel: Depends on container host
Compiler: gcc 14.2.1 20241104 (Red Hat 14.2.1-6)
Debian 12
Kernel: Depends on container host
Compiler: gcc (Debian 12.2.0-14) 12.2.0
Fedora 40 (Clang)
Kernel: Depends on container host
Compiler: clang 18.1.8 (Fedora 18.1.8-1.fc40)
Fedora 40
Kernel: Depends on container host
Compiler: gcc 14.2.1 20240912 (Red Hat 14.2.1-3)
Fedora 41
Kernel: Depends on container host
Compiler: gcc 14.2.1 20240912 (Red Hat 14.2.1-3)
Fedora 41 (Clang)
Kernel: Depends on container host
Compiler: clang 19.1.5 (Fedora 19.1.5-1.fc41)
RHEL9
Kernel: Depends on container host
Compiler: gcc 11.5.0 20240719 (Red Hat 11.5.0-2)
openSUSE Leap 15
Kernel: Depends on container host
Compiler: gcc (SUSE Linux) 7.5.0
RHEL8
Kernel: Depends on container host
Compiler: gcc 8.5.0 20210514 (Red Hat 8.5.0-22)
Ubuntu 22.04
Kernel: Depends on container host
Compiler: gcc (Ubuntu 11.4.0-1ubuntu1~22.04) 11.4.0
Ubuntu 24.04
Kernel: Depends on container host
Compiler: gcc (Ubuntu 13.3.0-6ubuntu2~24.04) 13.3.0
To view detailed results, visit:
https://lab.dpdk.org/results/dashboard/patchsets/33122/
UNH-IOL DPDK Community Lab
To manage your email subscriptions, visit:
https://lab.dpdk.org/results/dashboard/preferences/subscriptions/
^ permalink raw reply [flat|nested] 38+ messages in thread
* |SUCCESS| pw153310-153322 [PATCH] [v1,13/13] net/intel: add common T
[not found] <3925dc733f7a3c4dfcc1a36a5df5d2b14a3c5372.1746538072.git.anatoly.burakov@intel.com>
` (10 preceding siblings ...)
2025-05-07 6:50 ` |SUCCESS| " dpdklab
@ 2025-05-07 6:52 ` dpdklab
2025-05-07 8:15 ` |WARNING| " dpdklab
` (25 subsequent siblings)
37 siblings, 0 replies; 38+ messages in thread
From: dpdklab @ 2025-05-07 6:52 UTC (permalink / raw)
To: Test Report; +Cc: dpdk-test-reports
Test-Label: iol-abi-testing
Test-Status: SUCCESS
http://dpdk.org/patch/153322
_Testing PASS_
Submitter: Anatoly Burakov <anatoly.burakov@intel.com>
Date: Tuesday, May 06 2025 13:28:02
DPDK git baseline: Repo:dpdk
Branch: master
CommitID:7cf0355db9fdab5648b05fd787356c391c510534
153310-153322 --> testing pass
Upstream job id: Generic-DPDK-Compile-ABI#125574
Test environment and result as below:
+-------------------+----------+
| Environment | abi_test |
+===================+==========+
| CentOS Stream 9 | PASS |
+-------------------+----------+
| CentOS Stream 10 | PASS |
+-------------------+----------+
| Debian 12 | PASS |
+-------------------+----------+
| Fedora 40 (Clang) | PASS |
+-------------------+----------+
| Fedora 40 | PASS |
+-------------------+----------+
| Fedora 41 | PASS |
+-------------------+----------+
| Fedora 41 (Clang) | PASS |
+-------------------+----------+
| RHEL9 | PASS |
+-------------------+----------+
| openSUSE Leap 15 | PASS |
+-------------------+----------+
| RHEL8 | PASS |
+-------------------+----------+
| Ubuntu 22.04 | PASS |
+-------------------+----------+
| Ubuntu 24.04 | PASS |
+-------------------+----------+
CentOS Stream 9
Kernel: Depends on container host
Compiler: gcc 11.5.0 20240719 (Red Hat 11.5.0-2)
CentOS Stream 10
Kernel: Depends on container host
Compiler: gcc 14.2.1 20241104 (Red Hat 14.2.1-6)
Debian 12
Kernel: Depends on container host
Compiler: gcc (Debian 12.2.0-14) 12.2.0
Fedora 40 (Clang)
Kernel: Depends on container host
Compiler: clang 18.1.8 (Fedora 18.1.8-1.fc40)
Fedora 40
Kernel: Depends on container host
Compiler: gcc 14.2.1 20240912 (Red Hat 14.2.1-3)
Fedora 41
Kernel: Depends on container host
Compiler: gcc 14.2.1 20240912 (Red Hat 14.2.1-3)
Fedora 41 (Clang)
Kernel: Depends on container host
Compiler: clang 19.1.5 (Fedora 19.1.5-1.fc41)
RHEL9
Kernel: Depends on container host
Compiler: gcc 11.5.0 20240719 (Red Hat 11.5.0-2)
openSUSE Leap 15
Kernel: Depends on container host
Compiler: gcc (SUSE Linux) 7.5.0
RHEL8
Kernel: Depends on container host
Compiler: gcc 8.5.0 20210514 (Red Hat 8.5.0-22)
Ubuntu 22.04
Kernel: Depends on container host
Compiler: gcc (Ubuntu 11.4.0-1ubuntu1~22.04) 11.4.0
Ubuntu 24.04
Kernel: Depends on container host
Compiler: gcc (Ubuntu 13.3.0-6ubuntu2~24.04) 13.3.0
To view detailed results, visit:
https://lab.dpdk.org/results/dashboard/patchsets/33122/
UNH-IOL DPDK Community Lab
To manage your email subscriptions, visit:
https://lab.dpdk.org/results/dashboard/preferences/subscriptions/
^ permalink raw reply [flat|nested] 38+ messages in thread
* |WARNING| pw153310-153322 [PATCH] [v1,13/13] net/intel: add common T
[not found] <3925dc733f7a3c4dfcc1a36a5df5d2b14a3c5372.1746538072.git.anatoly.burakov@intel.com>
` (11 preceding siblings ...)
2025-05-07 6:52 ` dpdklab
@ 2025-05-07 8:15 ` dpdklab
2025-05-07 8:18 ` |PENDING| " dpdklab
` (24 subsequent siblings)
37 siblings, 0 replies; 38+ messages in thread
From: dpdklab @ 2025-05-07 8:15 UTC (permalink / raw)
To: Test Report; +Cc: dpdk-test-reports
Test-Label: iol-unit-arm64-testing
Test-Status: WARNING
http://dpdk.org/patch/153322
_Testing issues_
Submitter: Anatoly Burakov <anatoly.burakov@intel.com>
Date: Tuesday, May 06 2025 13:28:02
DPDK git baseline: Repo:dpdk
Branch: master
CommitID:7cf0355db9fdab5648b05fd787356c391c510534
153310-153322 --> testing issues
Upstream job id: Generic-Unit-Test-DPDK#336070
Test environment and result as below:
+------------------------+--------------+------------------------------+---------------------------+----------------+
| Environment | lpm_autotest | cryptodev_sw_snow3g_autotest | cryptodev_sw_zuc_autotest | dpdk_unit_test |
+========================+==============+==============================+===========================+================+
| Ubuntu 20.04 ARM SVE | PASS | SKIPPED | SKIPPED | SKIPPED |
+------------------------+--------------+------------------------------+---------------------------+----------------+
| Debian 12 (arm) | SKIPPED | WARN | WARN | WARN |
+------------------------+--------------+------------------------------+---------------------------+----------------+
| CentOS Stream 9 (ARM) | SKIPPED | SKIPPED | SKIPPED | WARN |
+------------------------+--------------+------------------------------+---------------------------+----------------+
| CentOS Stream 10 (ARM) | SKIPPED | SKIPPED | SKIPPED | WARN |
+------------------------+--------------+------------------------------+---------------------------+----------------+
| Fedora 41 (ARM Clang) | SKIPPED | SKIPPED | SKIPPED | WARN |
+------------------------+--------------+------------------------------+---------------------------+----------------+
| Fedora 40 (ARM) | SKIPPED | SKIPPED | SKIPPED | WARN |
+------------------------+--------------+------------------------------+---------------------------+----------------+
| Fedora 40 (ARM Clang) | SKIPPED | SKIPPED | SKIPPED | WARN |
+------------------------+--------------+------------------------------+---------------------------+----------------+
| Fedora 41 (ARM) | SKIPPED | SKIPPED | SKIPPED | WARN |
+------------------------+--------------+------------------------------+---------------------------+----------------+
| Ubuntu 24.04 (ARM) | SKIPPED | SKIPPED | SKIPPED | WARN |
+------------------------+--------------+------------------------------+---------------------------+----------------+
| Ubuntu 22.04 (ARM) | SKIPPED | SKIPPED | SKIPPED | WARN |
+------------------------+--------------+------------------------------+---------------------------+----------------+
| RHEL9 (ARM) | SKIPPED | SKIPPED | SKIPPED | WARN |
+------------------------+--------------+------------------------------+---------------------------+----------------+
| Ubuntu 20.04 (ARM) | SKIPPED | SKIPPED | SKIPPED | WARN |
+------------------------+--------------+------------------------------+---------------------------+----------------+
==== 20 line log output for Ubuntu 20.04 (ARM) (dpdk_unit_test): ====
| ~~~~~~~~~~^
In file included from ../lib/eal/include/dev_driver.h:8,
from ../lib/ethdev/ethdev_driver.h:19,
from ../drivers/net/intel/i40e/i40e_rxtx_vec_neon.c:8:
../lib/eal/include/rte_common.h:593:34: error: passing argument 1 of 'vst1q_u64' discards 'volatile' qualifier from pointer target type [-Werror=discarded-qualifiers]
593 | #define RTE_CAST_PTR(type, ptr) ((type)(uintptr_t)(ptr))
| ~^~~~~~~~~~~~~~~~~~~~~~~
../drivers/net/intel/i40e/../common/rx_vec_neon.h:86:13: note: in expansion of macro 'RTE_CAST_PTR'
86 | vst1q_u64(RTE_CAST_PTR(volatile uint64_t *, ptr1), dma_addr1);
| ^~~~~~~~~~~~
In file included from ../lib/eal/arm/include/rte_vect.h:11,
from ../drivers/net/intel/i40e/i40e_rxtx_vec_neon.c:11:
/usr/lib/gcc/aarch64-linux-gnu/9/include/arm_neon.h:28066:22: note: expected 'uint64_t *' {aka 'long unsigned int *'} but argument is of type 'volatile uint64_t *' {aka 'volatile long unsigned int *'}
28066 | vst1q_u64 (uint64_t *a, uint64x2_t b)
| ~~~~~~~~~~^
cc1: all warnings being treated as errors
[1893/3668] Compiling C object drivers/libtmp_rte_net_i40e.a.p/net_intel_i40e_rte_pmd_i40e.c.o
[1894/3668] Compiling C object drivers/libtmp_rte_net_i40e.a.p/net_intel_i40e_i40e_ethdev.c.o
[1895/3668] Compiling C object drivers/libtmp_rte_net_iavf.a.p/net_intel_iavf_iavf_ethdev.c.o
ninja: build stopped: subcommand failed.
==== End log output ====
Ubuntu 20.04 ARM SVE
Kernel: Depends on container host
Compiler: gcc (Ubuntu 10.5.0-1ubuntu1~20.04) 10.5.0
Debian 12 (arm)
Kernel: Depends on container host
Compiler: gcc (Debian 12.2.0-14) 12.2.0
CentOS Stream 9 (ARM)
Kernel: Depends on container host
Compiler: gcc 11.5.0 20240719 (Red Hat 11.5.0-2)
CentOS Stream 10 (ARM)
Kernel: Depends on container host
Compiler: gcc 14.2.1 20241104 (Red Hat 14.2.1-6)
Fedora 41 (ARM Clang)
Kernel: Depends on container host
Compiler: clang 19.1.5 (Fedora 19.1.5-1.fc41)
Fedora 40 (ARM)
Kernel: Depends on container host
Compiler: gcc 14.2.1 20240912 (Red Hat 14.2.1-3)
Fedora 40 (ARM Clang)
Kernel: Depends on container host
Compiler: clang 18.1.8 (Fedora 18.1.8-1.fc40)
Fedora 41 (ARM)
Kernel: Depends on container host
Compiler: gcc 14.2.1 20240912 (Red Hat 14.2.1-3)
Ubuntu 24.04 (ARM)
Kernel: Depends on container host
Compiler: gcc (Ubuntu 13.3.0-6ubuntu2~24.04) 13.3.0
Ubuntu 22.04 (ARM)
Kernel: Depends on container host
Compiler: gcc (Ubuntu 11.4.0-1ubuntu1~22.04) 11.4.0
RHEL9 (ARM)
Kernel: Depends on container host
Compiler: gcc 11.5.0 20240719 (Red Hat 11.5.0-2)
Ubuntu 20.04 (ARM)
Kernel: Depends on container host
Compiler: gcc (Ubuntu 9.4.0-1ubuntu1~20.04.2) 9.4.0
To view detailed results, visit:
https://lab.dpdk.org/results/dashboard/patchsets/33122/
UNH-IOL DPDK Community Lab
To manage your email subscriptions, visit:
https://lab.dpdk.org/results/dashboard/preferences/subscriptions/
^ permalink raw reply [flat|nested] 38+ messages in thread
* |PENDING| pw153310-153322 [PATCH] [v1,13/13] net/intel: add common T
[not found] <3925dc733f7a3c4dfcc1a36a5df5d2b14a3c5372.1746538072.git.anatoly.burakov@intel.com>
` (12 preceding siblings ...)
2025-05-07 8:15 ` |WARNING| " dpdklab
@ 2025-05-07 8:18 ` dpdklab
2025-05-07 9:11 ` dpdklab
` (23 subsequent siblings)
37 siblings, 0 replies; 38+ messages in thread
From: dpdklab @ 2025-05-07 8:18 UTC (permalink / raw)
To: Test Report; +Cc: dpdk-test-reports
Test-Label: iol-unit-amd64-testing
Test-Status: PENDING
http://dpdk.org/patch/153322
_Testing pending_
Submitter: Anatoly Burakov <anatoly.burakov@intel.com>
Date: Tuesday, May 06 2025 13:28:02
DPDK git baseline: Repo:dpdk
Branch: master
CommitID:7cf0355db9fdab5648b05fd787356c391c510534
153310-153322 --> testing pending
Upstream job id: Generic-Unit-Test-DPDK#336073
Test environment and result as below:
+-------------------+----------------+
| Environment | dpdk_unit_test |
+===================+================+
| CentOS Stream 10 | PEND |
+-------------------+----------------+
| CentOS Stream 9 | PASS |
+-------------------+----------------+
| Fedora 40 (Clang) | PEND |
+-------------------+----------------+
| Debian 12 | PEND |
+-------------------+----------------+
| Fedora 40 | PEND |
+-------------------+----------------+
| RHEL8 | PEND |
+-------------------+----------------+
| Fedora 41 (Clang) | PEND |
+-------------------+----------------+
| Fedora 41 | PEND |
+-------------------+----------------+
| Ubuntu 22.04 | PEND |
+-------------------+----------------+
| RHEL9 | PEND |
+-------------------+----------------+
| Ubuntu 20.04 | PEND |
+-------------------+----------------+
| Ubuntu 24.04 | PEND |
+-------------------+----------------+
CentOS Stream 10
Kernel: Depends on container host
Compiler: gcc 14.2.1 20241104 (Red Hat 14.2.1-6)
CentOS Stream 9
Kernel: Depends on container host
Compiler: gcc 11.5.0 20240719 (Red Hat 11.5.0-2)
Fedora 40 (Clang)
Kernel: Depends on container host
Compiler: clang 18.1.8 (Fedora 18.1.8-1.fc40)
Debian 12
Kernel: Depends on container host
Compiler: gcc (Debian 12.2.0-14) 12.2.0
Fedora 40
Kernel: Depends on container host
Compiler: gcc 14.2.1 20240912 (Red Hat 14.2.1-3)
RHEL8
Kernel: Depends on container host
Compiler: gcc 8.5.0 20210514 (Red Hat 8.5.0-22)
Fedora 41 (Clang)
Kernel: Depends on container host
Compiler: clang 19.1.5 (Fedora 19.1.5-1.fc41)
Fedora 41
Kernel: Depends on container host
Compiler: gcc 14.2.1 20240912 (Red Hat 14.2.1-3)
Ubuntu 22.04
Kernel: Depends on container host
Compiler: gcc (Ubuntu 11.4.0-1ubuntu1~22.04) 11.4.0
RHEL9
Kernel: Depends on container host
Compiler: gcc 11.5.0 20240719 (Red Hat 11.5.0-2)
Ubuntu 20.04
Kernel: Depends on container host
Compiler: gcc (Ubuntu 9.4.0-1ubuntu1~20.04.2) 9.4.0
Ubuntu 24.04
Kernel: Depends on container host
Compiler: gcc (Ubuntu 13.3.0-6ubuntu2~24.04) 13.3.0
To view detailed results, visit:
https://lab.dpdk.org/results/dashboard/patchsets/33122/
UNH-IOL DPDK Community Lab
To manage your email subscriptions, visit:
https://lab.dpdk.org/results/dashboard/preferences/subscriptions/
^ permalink raw reply [flat|nested] 38+ messages in thread
* |PENDING| pw153310-153322 [PATCH] [v1,13/13] net/intel: add common T
[not found] <3925dc733f7a3c4dfcc1a36a5df5d2b14a3c5372.1746538072.git.anatoly.burakov@intel.com>
` (13 preceding siblings ...)
2025-05-07 8:18 ` |PENDING| " dpdklab
@ 2025-05-07 9:11 ` dpdklab
2025-05-07 9:35 ` |FAILURE| " dpdklab
` (22 subsequent siblings)
37 siblings, 0 replies; 38+ messages in thread
From: dpdklab @ 2025-05-07 9:11 UTC (permalink / raw)
To: Test Report; +Cc: dpdk-test-reports
Test-Label: iol-compile-amd64-testing
Test-Status: PENDING
http://dpdk.org/patch/153322
_Testing pending_
Submitter: Burakov, Anatoly <anatoly.burakov@intel.com>
Date: Tuesday, May 06 2025 13:28:02
DPDK git baseline: Repo:dpdk
Branch: master
CommitID:7cf0355db9fdab5648b05fd787356c391c510534
153310-153322 --> testing pending
Upstream job id: Generic-DPDK-Compile-Meson#385937
Test environment and result as below:
+-------------------+--------------------+-------------------+------------------+
| Environment | dpdk_meson_compile | dpdk_compile_spdk | dpdk_compile_ovs |
+===================+====================+===================+==================+
| Ubuntu 20.04 | PASS | SKIPPED | SKIPPED |
+-------------------+--------------------+-------------------+------------------+
| CentOS Stream 9 | PEND | PEND | SKIPPED |
+-------------------+--------------------+-------------------+------------------+
| Fedora 41 (Clang) | PEND | PEND | PEND |
+-------------------+--------------------+-------------------+------------------+
| openSUSE Leap 15 | PEND | SKIPPED | SKIPPED |
+-------------------+--------------------+-------------------+------------------+
| Fedora 40 | PEND | PEND | SKIPPED |
+-------------------+--------------------+-------------------+------------------+
| Debian 12 | PEND | PEND | SKIPPED |
+-------------------+--------------------+-------------------+------------------+
| Fedora 40 (Clang) | PEND | PEND | SKIPPED |
+-------------------+--------------------+-------------------+------------------+
Ubuntu 20.04
Kernel: Depends on container host
Compiler: gcc (Ubuntu 9.4.0-1ubuntu1~20.04.2) 9.4.0
CentOS Stream 9
Kernel: Depends on container host
Compiler: gcc 11.5.0 20240719 (Red Hat 11.5.0-2)
Fedora 41 (Clang)
Kernel: Depends on container host
Compiler: clang 19.1.5 (Fedora 19.1.5-1.fc41)
openSUSE Leap 15
Kernel: Depends on container host
Compiler: gcc (SUSE Linux) 7.5.0
Fedora 40
Kernel: Depends on container host
Compiler: gcc 14.2.1 20240912 (Red Hat 14.2.1-3)
Debian 12
Kernel: Depends on container host
Compiler: gcc (Debian 12.2.0-14) 12.2.0
Fedora 40 (Clang)
Kernel: Depends on container host
Compiler: clang 18.1.8 (Fedora 18.1.8-1.fc40)
To view detailed results, visit:
https://lab.dpdk.org/results/dashboard/patchsets/33122/
UNH-IOL DPDK Community Lab
To manage your email subscriptions, visit:
https://lab.dpdk.org/results/dashboard/preferences/subscriptions/
^ permalink raw reply [flat|nested] 38+ messages in thread
* |FAILURE| pw153310-153322 [PATCH] [v1,13/13] net/intel: add common T
[not found] <3925dc733f7a3c4dfcc1a36a5df5d2b14a3c5372.1746538072.git.anatoly.burakov@intel.com>
` (14 preceding siblings ...)
2025-05-07 9:11 ` dpdklab
@ 2025-05-07 9:35 ` dpdklab
2025-05-07 9:36 ` dpdklab
` (21 subsequent siblings)
37 siblings, 0 replies; 38+ messages in thread
From: dpdklab @ 2025-05-07 9:35 UTC (permalink / raw)
To: Test Report; +Cc: dpdk-test-reports, Burakov, Anatoly
Test-Label: iol-compile-arm64-testing
Test-Status: FAILURE
http://dpdk.org/patch/153322
_Testing issues_
Submitter: Burakov, Anatoly <anatoly.burakov@intel.com>
Date: Tuesday, May 06 2025 13:28:02
DPDK git baseline: Repo:dpdk
Branch: master
CommitID:7cf0355db9fdab5648b05fd787356c391c510534
153310-153322 --> testing issues
Upstream job id: Generic-DPDK-Compile-Meson#385946
Test environment and result as below:
+------------------------------------+--------------------+
| Environment | dpdk_meson_compile |
+====================================+====================+
| Fedora 40 (ARM) | FAIL |
+------------------------------------+--------------------+
| RHEL9 (ARM) | FAIL |
+------------------------------------+--------------------+
| Fedora 40 (ARM Clang) | PEND |
+------------------------------------+--------------------+
| Debian 12 with MUSDK | FAIL |
+------------------------------------+--------------------+
| Ubuntu 20.04 ARM GCC Cross Compile | PEND |
+------------------------------------+--------------------+
| Ubuntu 20.04 ARM SVE | PASS |
+------------------------------------+--------------------+
| CentOS Stream 9 (ARM) | PEND |
+------------------------------------+--------------------+
==== 20 line log output for Debian 12 with MUSDK (dpdk_meson_compile): ====
| ~^~~~~~~~~~~~~~~~~~~~~~~
../drivers/net/intel/i40e/../common/rx_vec_neon.h:81:27: note: in expansion of macro 'RTE_CAST_PTR'
81 | vst1q_u64(RTE_CAST_PTR(volatile uint64_t *, ptr0), dma_addr0);
| ^~~~~~~~~~~~
In file included from ../lib/eal/arm/include/rte_vect.h:11,
from ../drivers/net/intel/i40e/i40e_rxtx_vec_neon.c:11:
/usr/lib/gcc/aarch64-linux-gnu/12/include/arm_neon.h:24790:22: note: expected 'uint64_t *' {aka 'long unsigned int *'} but argument is of type 'volatile uint64_t *' {aka 'volatile long unsigned int *'}
24790 | vst1q_u64 (uint64_t *__a, uint64x2_t __b)
| ~~~~~~~~~~^~~
../lib/eal/include/rte_common.h:593:34: error: passing argument 1 of 'vst1q_u64' discards 'volatile' qualifier from pointer target type [-Werror=discarded-qualifiers]
593 | #define RTE_CAST_PTR(type, ptr) ((type)(uintptr_t)(ptr))
| ~^~~~~~~~~~~~~~~~~~~~~~~
../drivers/net/intel/i40e/../common/rx_vec_neon.h:86:27: note: in expansion of macro 'RTE_CAST_PTR'
86 | vst1q_u64(RTE_CAST_PTR(volatile uint64_t *, ptr1), dma_addr1);
| ^~~~~~~~~~~~
/usr/lib/gcc/aarch64-linux-gnu/12/include/arm_neon.h:24790:22: note: expected 'uint64_t *' {aka 'long unsigned int *'} but argument is of type 'volatile uint64_t *' {aka 'volatile long unsigned int *'}
24790 | vst1q_u64 (uint64_t *__a, uint64x2_t __b)
| ~~~~~~~~~~^~~
cc1: all warnings being treated as errors
ninja: build stopped: subcommand failed.
==== End log output ====
Fedora 40 (ARM)
Kernel: Depends on container host
Compiler: gcc 14.2.1 20240912 (Red Hat 14.2.1-3)
RHEL9 (ARM)
Kernel: Depends on container host
Compiler: gcc 11.5.0 20240719 (Red Hat 11.5.0-2)
Fedora 40 (ARM Clang)
Kernel: Depends on container host
Compiler: clang 18.1.8 (Fedora 18.1.8-1.fc40)
Debian 12 with MUSDK
Kernel: Depends on container host
Compiler: gcc (Debian 12.2.0-14) 12.2.0
Ubuntu 20.04 ARM GCC Cross Compile
Kernel: Depends on container host
Compiler: aarch64-linux-gnu-gcc (Ubuntu 9.4.0-1ubuntu1~20.04.2) 9.4.0
Ubuntu 20.04 ARM SVE
Kernel: Depends on container host
Compiler: gcc (Ubuntu 10.5.0-1ubuntu1~20.04) 10.5.0
CentOS Stream 9 (ARM)
Kernel: Depends on container host
Compiler: gcc 11.5.0 20240719 (Red Hat 11.5.0-2)
To view detailed results, visit:
https://lab.dpdk.org/results/dashboard/patchsets/33122/
UNH-IOL DPDK Community Lab
To manage your email subscriptions, visit:
https://lab.dpdk.org/results/dashboard/preferences/subscriptions/
^ permalink raw reply [flat|nested] 38+ messages in thread
* |FAILURE| pw153310-153322 [PATCH] [v1,13/13] net/intel: add common T
[not found] <3925dc733f7a3c4dfcc1a36a5df5d2b14a3c5372.1746538072.git.anatoly.burakov@intel.com>
` (15 preceding siblings ...)
2025-05-07 9:35 ` |FAILURE| " dpdklab
@ 2025-05-07 9:36 ` dpdklab
2025-05-07 9:38 ` dpdklab
` (20 subsequent siblings)
37 siblings, 0 replies; 38+ messages in thread
From: dpdklab @ 2025-05-07 9:36 UTC (permalink / raw)
To: Test Report; +Cc: dpdk-test-reports, Burakov, Anatoly
Test-Label: iol-compile-arm64-testing
Test-Status: FAILURE
http://dpdk.org/patch/153322
_Testing issues_
Submitter: Burakov, Anatoly <anatoly.burakov@intel.com>
Date: Tuesday, May 06 2025 13:28:02
DPDK git baseline: Repo:dpdk
Branch: master
CommitID:7cf0355db9fdab5648b05fd787356c391c510534
153310-153322 --> testing issues
Upstream job id: Generic-DPDK-Compile-Meson#385942
Test environment and result as below:
+----------------------------------------+--------------------+
| Environment | dpdk_meson_compile |
+========================================+====================+
| Fedora 40 (ARM) | FAIL |
+----------------------------------------+--------------------+
| RHEL9 (ARM) | FAIL |
+----------------------------------------+--------------------+
| Fedora 40 (ARM Clang) | PEND |
+----------------------------------------+--------------------+
| Debian 12 with MUSDK | FAIL |
+----------------------------------------+--------------------+
| Ubuntu 20.04 ARM GCC Cross Compile | PEND |
+----------------------------------------+--------------------+
| Ubuntu 20.04 ARM SVE | PASS |
+----------------------------------------+--------------------+
| CentOS Stream 9 (ARM) | PEND |
+----------------------------------------+--------------------+
| Ubuntu 20.04 aarch32 GCC Cross Compile | PEND |
+----------------------------------------+--------------------+
==== 20 line log output for Debian 12 with MUSDK (dpdk_meson_compile): ====
| ~^~~~~~~~~~~~~~~~~~~~~~~
../drivers/net/intel/i40e/../common/rx_vec_neon.h:81:27: note: in expansion of macro 'RTE_CAST_PTR'
81 | vst1q_u64(RTE_CAST_PTR(volatile uint64_t *, ptr0), dma_addr0);
| ^~~~~~~~~~~~
In file included from ../lib/eal/arm/include/rte_vect.h:11,
from ../drivers/net/intel/i40e/i40e_rxtx_vec_neon.c:11:
/usr/lib/gcc/aarch64-linux-gnu/12/include/arm_neon.h:24790:22: note: expected 'uint64_t *' {aka 'long unsigned int *'} but argument is of type 'volatile uint64_t *' {aka 'volatile long unsigned int *'}
24790 | vst1q_u64 (uint64_t *__a, uint64x2_t __b)
| ~~~~~~~~~~^~~
../lib/eal/include/rte_common.h:593:34: error: passing argument 1 of 'vst1q_u64' discards 'volatile' qualifier from pointer target type [-Werror=discarded-qualifiers]
593 | #define RTE_CAST_PTR(type, ptr) ((type)(uintptr_t)(ptr))
| ~^~~~~~~~~~~~~~~~~~~~~~~
../drivers/net/intel/i40e/../common/rx_vec_neon.h:86:27: note: in expansion of macro 'RTE_CAST_PTR'
86 | vst1q_u64(RTE_CAST_PTR(volatile uint64_t *, ptr1), dma_addr1);
| ^~~~~~~~~~~~
/usr/lib/gcc/aarch64-linux-gnu/12/include/arm_neon.h:24790:22: note: expected 'uint64_t *' {aka 'long unsigned int *'} but argument is of type 'volatile uint64_t *' {aka 'volatile long unsigned int *'}
24790 | vst1q_u64 (uint64_t *__a, uint64x2_t __b)
| ~~~~~~~~~~^~~
cc1: all warnings being treated as errors
ninja: build stopped: subcommand failed.
==== End log output ====
Fedora 40 (ARM)
Kernel: Depends on container host
Compiler: gcc 14.2.1 20240912 (Red Hat 14.2.1-3)
RHEL9 (ARM)
Kernel: Depends on container host
Compiler: gcc 11.5.0 20240719 (Red Hat 11.5.0-2)
Fedora 40 (ARM Clang)
Kernel: Depends on container host
Compiler: clang 18.1.8 (Fedora 18.1.8-1.fc40)
Debian 12 with MUSDK
Kernel: Depends on container host
Compiler: gcc (Debian 12.2.0-14) 12.2.0
Ubuntu 20.04 ARM GCC Cross Compile
Kernel: Depends on container host
Compiler: aarch64-linux-gnu-gcc (Ubuntu 9.4.0-1ubuntu1~20.04.2) 9.4.0
Ubuntu 20.04 ARM SVE
Kernel: Depends on container host
Compiler: gcc (Ubuntu 10.5.0-1ubuntu1~20.04) 10.5.0
CentOS Stream 9 (ARM)
Kernel: Depends on container host
Compiler: gcc 11.5.0 20240719 (Red Hat 11.5.0-2)
Ubuntu 20.04 aarch32 GCC Cross Compile
Kernel: Depends on container host
Compiler: gcc 9.4.0
To view detailed results, visit:
https://lab.dpdk.org/results/dashboard/patchsets/33122/
UNH-IOL DPDK Community Lab
To manage your email subscriptions, visit:
https://lab.dpdk.org/results/dashboard/preferences/subscriptions/
^ permalink raw reply [flat|nested] 38+ messages in thread
* |FAILURE| pw153310-153322 [PATCH] [v1,13/13] net/intel: add common T
[not found] <3925dc733f7a3c4dfcc1a36a5df5d2b14a3c5372.1746538072.git.anatoly.burakov@intel.com>
` (16 preceding siblings ...)
2025-05-07 9:36 ` dpdklab
@ 2025-05-07 9:38 ` dpdklab
2025-05-07 9:44 ` dpdklab
` (19 subsequent siblings)
37 siblings, 0 replies; 38+ messages in thread
From: dpdklab @ 2025-05-07 9:38 UTC (permalink / raw)
To: Test Report; +Cc: dpdk-test-reports, Burakov, Anatoly
Test-Label: iol-compile-arm64-testing
Test-Status: FAILURE
http://dpdk.org/patch/153322
_Testing issues_
Submitter: Burakov, Anatoly <anatoly.burakov@intel.com>
Date: Tuesday, May 06 2025 13:28:02
DPDK git baseline: Repo:dpdk
Branch: master
CommitID:7cf0355db9fdab5648b05fd787356c391c510534
153310-153322 --> testing issues
Upstream job id: Generic-DPDK-Compile-Meson#385944
Test environment and result as below:
+----------------------------------------+--------------------+
| Environment | dpdk_meson_compile |
+========================================+====================+
| Fedora 40 (ARM) | FAIL |
+----------------------------------------+--------------------+
| RHEL9 (ARM) | FAIL |
+----------------------------------------+--------------------+
| Fedora 40 (ARM Clang) | PEND |
+----------------------------------------+--------------------+
| Debian 12 with MUSDK | FAIL |
+----------------------------------------+--------------------+
| Ubuntu 20.04 ARM GCC Cross Compile | PEND |
+----------------------------------------+--------------------+
| Ubuntu 20.04 ARM SVE | PASS |
+----------------------------------------+--------------------+
| CentOS Stream 9 (ARM) | PEND |
+----------------------------------------+--------------------+
| Ubuntu 20.04 aarch32 GCC Cross Compile | PEND |
+----------------------------------------+--------------------+
| Fedora 41 (ARM Clang) | PEND |
+----------------------------------------+--------------------+
==== 20 line log output for Debian 12 with MUSDK (dpdk_meson_compile): ====
| ~^~~~~~~~~~~~~~~~~~~~~~~
../drivers/net/intel/i40e/../common/rx_vec_neon.h:81:27: note: in expansion of macro 'RTE_CAST_PTR'
81 | vst1q_u64(RTE_CAST_PTR(volatile uint64_t *, ptr0), dma_addr0);
| ^~~~~~~~~~~~
In file included from ../lib/eal/arm/include/rte_vect.h:11,
from ../drivers/net/intel/i40e/i40e_rxtx_vec_neon.c:11:
/usr/lib/gcc/aarch64-linux-gnu/12/include/arm_neon.h:24790:22: note: expected 'uint64_t *' {aka 'long unsigned int *'} but argument is of type 'volatile uint64_t *' {aka 'volatile long unsigned int *'}
24790 | vst1q_u64 (uint64_t *__a, uint64x2_t __b)
| ~~~~~~~~~~^~~
../lib/eal/include/rte_common.h:593:34: error: passing argument 1 of 'vst1q_u64' discards 'volatile' qualifier from pointer target type [-Werror=discarded-qualifiers]
593 | #define RTE_CAST_PTR(type, ptr) ((type)(uintptr_t)(ptr))
| ~^~~~~~~~~~~~~~~~~~~~~~~
../drivers/net/intel/i40e/../common/rx_vec_neon.h:86:27: note: in expansion of macro 'RTE_CAST_PTR'
86 | vst1q_u64(RTE_CAST_PTR(volatile uint64_t *, ptr1), dma_addr1);
| ^~~~~~~~~~~~
/usr/lib/gcc/aarch64-linux-gnu/12/include/arm_neon.h:24790:22: note: expected 'uint64_t *' {aka 'long unsigned int *'} but argument is of type 'volatile uint64_t *' {aka 'volatile long unsigned int *'}
24790 | vst1q_u64 (uint64_t *__a, uint64x2_t __b)
| ~~~~~~~~~~^~~
cc1: all warnings being treated as errors
ninja: build stopped: subcommand failed.
==== End log output ====
Fedora 40 (ARM)
Kernel: Depends on container host
Compiler: gcc 14.2.1 20240912 (Red Hat 14.2.1-3)
RHEL9 (ARM)
Kernel: Depends on container host
Compiler: gcc 11.5.0 20240719 (Red Hat 11.5.0-2)
Fedora 40 (ARM Clang)
Kernel: Depends on container host
Compiler: clang 18.1.8 (Fedora 18.1.8-1.fc40)
Debian 12 with MUSDK
Kernel: Depends on container host
Compiler: gcc (Debian 12.2.0-14) 12.2.0
Ubuntu 20.04 ARM GCC Cross Compile
Kernel: Depends on container host
Compiler: aarch64-linux-gnu-gcc (Ubuntu 9.4.0-1ubuntu1~20.04.2) 9.4.0
Ubuntu 20.04 ARM SVE
Kernel: Depends on container host
Compiler: gcc (Ubuntu 10.5.0-1ubuntu1~20.04) 10.5.0
CentOS Stream 9 (ARM)
Kernel: Depends on container host
Compiler: gcc 11.5.0 20240719 (Red Hat 11.5.0-2)
Ubuntu 20.04 aarch32 GCC Cross Compile
Kernel: Depends on container host
Compiler: gcc 9.4.0
Fedora 41 (ARM Clang)
Kernel: Depends on container host
Compiler: clang 19.1.5 (Fedora 19.1.5-1.fc41)
To view detailed results, visit:
https://lab.dpdk.org/results/dashboard/patchsets/33122/
UNH-IOL DPDK Community Lab
To manage your email subscriptions, visit:
https://lab.dpdk.org/results/dashboard/preferences/subscriptions/
^ permalink raw reply [flat|nested] 38+ messages in thread
* |FAILURE| pw153310-153322 [PATCH] [v1,13/13] net/intel: add common T
[not found] <3925dc733f7a3c4dfcc1a36a5df5d2b14a3c5372.1746538072.git.anatoly.burakov@intel.com>
` (17 preceding siblings ...)
2025-05-07 9:38 ` dpdklab
@ 2025-05-07 9:44 ` dpdklab
2025-05-07 9:52 ` dpdklab
` (18 subsequent siblings)
37 siblings, 0 replies; 38+ messages in thread
From: dpdklab @ 2025-05-07 9:44 UTC (permalink / raw)
To: Test Report; +Cc: dpdk-test-reports, Burakov, Anatoly
Test-Label: iol-compile-arm64-testing
Test-Status: FAILURE
http://dpdk.org/patch/153322
_Testing issues_
Submitter: Burakov, Anatoly <anatoly.burakov@intel.com>
Date: Tuesday, May 06 2025 13:28:02
DPDK git baseline: Repo:dpdk
Branch: master
CommitID:7cf0355db9fdab5648b05fd787356c391c510534
153310-153322 --> testing issues
Upstream job id: Generic-DPDK-Compile-Meson#385953
Test environment and result as below:
+----------------------------------------+--------------------+
| Environment | dpdk_meson_compile |
+========================================+====================+
| Fedora 40 (ARM) | FAIL |
+----------------------------------------+--------------------+
| RHEL9 (ARM) | FAIL |
+----------------------------------------+--------------------+
| Fedora 40 (ARM Clang) | PEND |
+----------------------------------------+--------------------+
| Debian 12 with MUSDK | FAIL |
+----------------------------------------+--------------------+
| Ubuntu 20.04 ARM GCC Cross Compile | PEND |
+----------------------------------------+--------------------+
| Ubuntu 20.04 ARM SVE | PASS |
+----------------------------------------+--------------------+
| CentOS Stream 9 (ARM) | FAIL |
+----------------------------------------+--------------------+
| Ubuntu 20.04 aarch32 GCC Cross Compile | PEND |
+----------------------------------------+--------------------+
| Fedora 41 (ARM Clang) | PEND |
+----------------------------------------+--------------------+
| Ubuntu 20.04 (ARM) | PEND |
+----------------------------------------+--------------------+
| Fedora 41 (ARM) | PEND |
+----------------------------------------+--------------------+
| Ubuntu 24.04 (ARM) | PEND |
+----------------------------------------+--------------------+
| CentOS Stream 10 (ARM) | PEND |
+----------------------------------------+--------------------+
| Debian 12 (arm) | PEND |
+----------------------------------------+--------------------+
==== 20 line log output for CentOS Stream 9 (ARM) (dpdk_meson_compile): ====
from ../drivers/net/intel/i40e/i40e_rxtx_vec_neon.c:11:
/usr/lib/gcc/aarch64-redhat-linux/11/include/arm_neon.h:26560:22: note: expected 'uint64_t *' {aka 'long unsigned int *'} but argument is of type 'volatile uint64_t *' {aka 'volatile long unsigned int *'}
26560 | vst1q_u64 (uint64_t *__a, uint64x2_t __b)
| ~~~~~~~~~~^~~
In file included from ../lib/eal/include/dev_driver.h:8,
from ../lib/ethdev/ethdev_driver.h:19,
from ../drivers/net/intel/i40e/i40e_rxtx_vec_neon.c:8:
../lib/eal/include/rte_common.h:593:34: error: passing argument 1 of 'vst1q_u64' discards 'volatile' qualifier from pointer target type [-Werror=discarded-qualifiers]
593 | #define RTE_CAST_PTR(type, ptr) ((type)(uintptr_t)(ptr))
| ~^~~~~~~~~~~~~~~~~~~~~~~
../drivers/net/intel/i40e/../common/rx_vec_neon.h:86:27: note: in expansion of macro 'RTE_CAST_PTR'
86 | vst1q_u64(RTE_CAST_PTR(volatile uint64_t *, ptr1), dma_addr1);
| ^~~~~~~~~~~~
In file included from ../lib/eal/arm/include/rte_vect.h:11,
from ../drivers/net/intel/i40e/i40e_rxtx_vec_neon.c:11:
/usr/lib/gcc/aarch64-redhat-linux/11/include/arm_neon.h:26560:22: note: expected 'uint64_t *' {aka 'long unsigned int *'} but argument is of type 'volatile uint64_t *' {aka 'volatile long unsigned int *'}
26560 | vst1q_u64 (uint64_t *__a, uint64x2_t __b)
| ~~~~~~~~~~^~~
cc1: all warnings being treated as errors
ninja: build stopped: subcommand failed.
==== End log output ====
Fedora 40 (ARM)
Kernel: Depends on container host
Compiler: gcc 14.2.1 20240912 (Red Hat 14.2.1-3)
RHEL9 (ARM)
Kernel: Depends on container host
Compiler: gcc 11.5.0 20240719 (Red Hat 11.5.0-2)
Fedora 40 (ARM Clang)
Kernel: Depends on container host
Compiler: clang 18.1.8 (Fedora 18.1.8-1.fc40)
Debian 12 with MUSDK
Kernel: Depends on container host
Compiler: gcc (Debian 12.2.0-14) 12.2.0
Ubuntu 20.04 ARM GCC Cross Compile
Kernel: Depends on container host
Compiler: aarch64-linux-gnu-gcc (Ubuntu 9.4.0-1ubuntu1~20.04.2) 9.4.0
Ubuntu 20.04 ARM SVE
Kernel: Depends on container host
Compiler: gcc (Ubuntu 10.5.0-1ubuntu1~20.04) 10.5.0
CentOS Stream 9 (ARM)
Kernel: Depends on container host
Compiler: gcc 11.5.0 20240719 (Red Hat 11.5.0-2)
Ubuntu 20.04 aarch32 GCC Cross Compile
Kernel: Depends on container host
Compiler: gcc 9.4.0
Fedora 41 (ARM Clang)
Kernel: Depends on container host
Compiler: clang 19.1.5 (Fedora 19.1.5-1.fc41)
Ubuntu 20.04 (ARM)
Kernel: Depends on container host
Compiler: gcc (Ubuntu 9.4.0-1ubuntu1~20.04.2) 9.4.0
Fedora 41 (ARM)
Kernel: Depends on container host
Compiler: gcc 14.2.1 20240912 (Red Hat 14.2.1-3)
Ubuntu 24.04 (ARM)
Kernel: Depends on container host
Compiler: gcc (Ubuntu 13.3.0-6ubuntu2~24.04) 13.3.0
CentOS Stream 10 (ARM)
Kernel: Depends on container host
Compiler: gcc 14.2.1 20241104 (Red Hat 14.2.1-6)
Debian 12 (arm)
Kernel: Depends on container host
Compiler: gcc (Debian 12.2.0-14) 12.2.0
To view detailed results, visit:
https://lab.dpdk.org/results/dashboard/patchsets/33122/
UNH-IOL DPDK Community Lab
To manage your email subscriptions, visit:
https://lab.dpdk.org/results/dashboard/preferences/subscriptions/
^ permalink raw reply [flat|nested] 38+ messages in thread
* |FAILURE| pw153310-153322 [PATCH] [v1,13/13] net/intel: add common T
[not found] <3925dc733f7a3c4dfcc1a36a5df5d2b14a3c5372.1746538072.git.anatoly.burakov@intel.com>
` (18 preceding siblings ...)
2025-05-07 9:44 ` dpdklab
@ 2025-05-07 9:52 ` dpdklab
2025-05-07 9:54 ` dpdklab
` (17 subsequent siblings)
37 siblings, 0 replies; 38+ messages in thread
From: dpdklab @ 2025-05-07 9:52 UTC (permalink / raw)
To: Test Report; +Cc: dpdk-test-reports, Anatoly Burakov
Test-Label: iol-compile-arm64-testing
Test-Status: FAILURE
http://dpdk.org/patch/153322
_Testing issues_
Submitter: Anatoly Burakov <anatoly.burakov@intel.com>
Date: Tuesday, May 06 2025 13:28:02
DPDK git baseline: Repo:dpdk
Branch: master
CommitID:7cf0355db9fdab5648b05fd787356c391c510534
153310-153322 --> testing issues
Upstream job id: Generic-DPDK-Compile-Meson#385950
Test environment and result as below:
+----------------------------------------+--------------------+
| Environment | dpdk_meson_compile |
+========================================+====================+
| Fedora 40 (ARM) | FAIL |
+----------------------------------------+--------------------+
| RHEL9 (ARM) | FAIL |
+----------------------------------------+--------------------+
| Fedora 40 (ARM Clang) | PEND |
+----------------------------------------+--------------------+
| Debian 12 with MUSDK | FAIL |
+----------------------------------------+--------------------+
| Ubuntu 20.04 ARM GCC Cross Compile | PEND |
+----------------------------------------+--------------------+
| Ubuntu 20.04 ARM SVE | PASS |
+----------------------------------------+--------------------+
| CentOS Stream 9 (ARM) | FAIL |
+----------------------------------------+--------------------+
| Ubuntu 20.04 aarch32 GCC Cross Compile | PEND |
+----------------------------------------+--------------------+
| Fedora 41 (ARM Clang) | PEND |
+----------------------------------------+--------------------+
| Ubuntu 20.04 (ARM) | FAIL |
+----------------------------------------+--------------------+
| Fedora 41 (ARM) | FAIL |
+----------------------------------------+--------------------+
| Ubuntu 24.04 (ARM) | FAIL |
+----------------------------------------+--------------------+
| CentOS Stream 10 (ARM) | FAIL |
+----------------------------------------+--------------------+
| Debian 12 (arm) | FAIL |
+----------------------------------------+--------------------+
| Ubuntu 20.04 ARM Clang Cross Compile | PEND |
+----------------------------------------+--------------------+
| Ubuntu 22.04 (ARM) | FAIL |
+----------------------------------------+--------------------+
==== 20 line log output for Ubuntu 22.04 (ARM) (dpdk_meson_compile): ====
from ../drivers/net/intel/i40e/i40e_rxtx_vec_neon.c:11:
/usr/lib/gcc/aarch64-linux-gnu/11/include/arm_neon.h:26504:22: note: expected 'uint64_t *' {aka 'long unsigned int *'} but argument is of type 'volatile uint64_t *' {aka 'volatile long unsigned int *'}
26504 | vst1q_u64 (uint64_t *__a, uint64x2_t __b)
| ~~~~~~~~~~^~~
In file included from ../lib/eal/include/dev_driver.h:8,
from ../lib/ethdev/ethdev_driver.h:19,
from ../drivers/net/intel/i40e/i40e_rxtx_vec_neon.c:8:
../lib/eal/include/rte_common.h:593:34: error: passing argument 1 of 'vst1q_u64' discards 'volatile' qualifier from pointer target type [-Werror=discarded-qualifiers]
593 | #define RTE_CAST_PTR(type, ptr) ((type)(uintptr_t)(ptr))
| ~^~~~~~~~~~~~~~~~~~~~~~~
../drivers/net/intel/i40e/../common/rx_vec_neon.h:86:27: note: in expansion of macro 'RTE_CAST_PTR'
86 | vst1q_u64(RTE_CAST_PTR(volatile uint64_t *, ptr1), dma_addr1);
| ^~~~~~~~~~~~
In file included from ../lib/eal/arm/include/rte_vect.h:11,
from ../drivers/net/intel/i40e/i40e_rxtx_vec_neon.c:11:
/usr/lib/gcc/aarch64-linux-gnu/11/include/arm_neon.h:26504:22: note: expected 'uint64_t *' {aka 'long unsigned int *'} but argument is of type 'volatile uint64_t *' {aka 'volatile long unsigned int *'}
26504 | vst1q_u64 (uint64_t *__a, uint64x2_t __b)
| ~~~~~~~~~~^~~
cc1: all warnings being treated as errors
ninja: build stopped: subcommand failed.
==== End log output ====
Fedora 40 (ARM)
Kernel: Depends on container host
Compiler: gcc 14.2.1 20240912 (Red Hat 14.2.1-3)
RHEL9 (ARM)
Kernel: Depends on container host
Compiler: gcc 11.5.0 20240719 (Red Hat 11.5.0-2)
Fedora 40 (ARM Clang)
Kernel: Depends on container host
Compiler: clang 18.1.8 (Fedora 18.1.8-1.fc40)
Debian 12 with MUSDK
Kernel: Depends on container host
Compiler: gcc (Debian 12.2.0-14) 12.2.0
Ubuntu 20.04 ARM GCC Cross Compile
Kernel: Depends on container host
Compiler: aarch64-linux-gnu-gcc (Ubuntu 9.4.0-1ubuntu1~20.04.2) 9.4.0
Ubuntu 20.04 ARM SVE
Kernel: Depends on container host
Compiler: gcc (Ubuntu 10.5.0-1ubuntu1~20.04) 10.5.0
CentOS Stream 9 (ARM)
Kernel: Depends on container host
Compiler: gcc 11.5.0 20240719 (Red Hat 11.5.0-2)
Ubuntu 20.04 aarch32 GCC Cross Compile
Kernel: Depends on container host
Compiler: gcc 9.4.0
Fedora 41 (ARM Clang)
Kernel: Depends on container host
Compiler: clang 19.1.5 (Fedora 19.1.5-1.fc41)
Ubuntu 20.04 (ARM)
Kernel: Depends on container host
Compiler: gcc (Ubuntu 9.4.0-1ubuntu1~20.04.2) 9.4.0
Fedora 41 (ARM)
Kernel: Depends on container host
Compiler: gcc 14.2.1 20240912 (Red Hat 14.2.1-3)
Ubuntu 24.04 (ARM)
Kernel: Depends on container host
Compiler: gcc (Ubuntu 13.3.0-6ubuntu2~24.04) 13.3.0
CentOS Stream 10 (ARM)
Kernel: Depends on container host
Compiler: gcc 14.2.1 20241104 (Red Hat 14.2.1-6)
Debian 12 (arm)
Kernel: Depends on container host
Compiler: gcc (Debian 12.2.0-14) 12.2.0
Ubuntu 20.04 ARM Clang Cross Compile
Kernel: Depends on container host
Compiler: clang 10.0.0-4ubuntu1
Ubuntu 22.04 (ARM)
Kernel: Depends on container host
Compiler: gcc (Ubuntu 11.4.0-1ubuntu1~22.04) 11.4.0
To view detailed results, visit:
https://lab.dpdk.org/results/dashboard/patchsets/33122/
UNH-IOL DPDK Community Lab
To manage your email subscriptions, visit:
https://lab.dpdk.org/results/dashboard/preferences/subscriptions/
^ permalink raw reply [flat|nested] 38+ messages in thread
* |FAILURE| pw153310-153322 [PATCH] [v1,13/13] net/intel: add common T
[not found] <3925dc733f7a3c4dfcc1a36a5df5d2b14a3c5372.1746538072.git.anatoly.burakov@intel.com>
` (19 preceding siblings ...)
2025-05-07 9:52 ` dpdklab
@ 2025-05-07 9:54 ` dpdklab
2025-05-07 9:55 ` dpdklab
` (16 subsequent siblings)
37 siblings, 0 replies; 38+ messages in thread
From: dpdklab @ 2025-05-07 9:54 UTC (permalink / raw)
To: Test Report; +Cc: dpdk-test-reports, Burakov, Anatoly
Test-Label: iol-compile-arm64-testing
Test-Status: FAILURE
http://dpdk.org/patch/153322
_Testing issues_
Submitter: Burakov, Anatoly <anatoly.burakov@intel.com>
Date: Tuesday, May 06 2025 13:28:02
DPDK git baseline: Repo:dpdk
Branch: master
CommitID:7cf0355db9fdab5648b05fd787356c391c510534
153310-153322 --> testing issues
Upstream job id: Generic-DPDK-Compile-Meson#385948
Test environment and result as below:
+----------------------------------------+--------------------+
| Environment | dpdk_meson_compile |
+========================================+====================+
| Fedora 40 (ARM) | FAIL |
+----------------------------------------+--------------------+
| RHEL9 (ARM) | FAIL |
+----------------------------------------+--------------------+
| Fedora 40 (ARM Clang) | PEND |
+----------------------------------------+--------------------+
| Debian 12 with MUSDK | FAIL |
+----------------------------------------+--------------------+
| Ubuntu 20.04 ARM GCC Cross Compile | PEND |
+----------------------------------------+--------------------+
| Ubuntu 20.04 ARM SVE | PASS |
+----------------------------------------+--------------------+
| CentOS Stream 9 (ARM) | FAIL |
+----------------------------------------+--------------------+
| Ubuntu 20.04 aarch32 GCC Cross Compile | PEND |
+----------------------------------------+--------------------+
| Fedora 41 (ARM Clang) | PEND |
+----------------------------------------+--------------------+
| Ubuntu 20.04 (ARM) | FAIL |
+----------------------------------------+--------------------+
| Fedora 41 (ARM) | FAIL |
+----------------------------------------+--------------------+
| Ubuntu 24.04 (ARM) | FAIL |
+----------------------------------------+--------------------+
| CentOS Stream 10 (ARM) | FAIL |
+----------------------------------------+--------------------+
| Debian 12 (arm) | FAIL |
+----------------------------------------+--------------------+
| Ubuntu 20.04 ARM Clang Cross Compile | PEND |
+----------------------------------------+--------------------+
| Ubuntu 22.04 (ARM) | FAIL |
+----------------------------------------+--------------------+
==== 20 line log output for Ubuntu 22.04 (ARM) (dpdk_meson_compile): ====
from ../drivers/net/intel/i40e/i40e_rxtx_vec_neon.c:11:
/usr/lib/gcc/aarch64-linux-gnu/11/include/arm_neon.h:26504:22: note: expected 'uint64_t *' {aka 'long unsigned int *'} but argument is of type 'volatile uint64_t *' {aka 'volatile long unsigned int *'}
26504 | vst1q_u64 (uint64_t *__a, uint64x2_t __b)
| ~~~~~~~~~~^~~
In file included from ../lib/eal/include/dev_driver.h:8,
from ../lib/ethdev/ethdev_driver.h:19,
from ../drivers/net/intel/i40e/i40e_rxtx_vec_neon.c:8:
../lib/eal/include/rte_common.h:593:34: error: passing argument 1 of 'vst1q_u64' discards 'volatile' qualifier from pointer target type [-Werror=discarded-qualifiers]
593 | #define RTE_CAST_PTR(type, ptr) ((type)(uintptr_t)(ptr))
| ~^~~~~~~~~~~~~~~~~~~~~~~
../drivers/net/intel/i40e/../common/rx_vec_neon.h:86:27: note: in expansion of macro 'RTE_CAST_PTR'
86 | vst1q_u64(RTE_CAST_PTR(volatile uint64_t *, ptr1), dma_addr1);
| ^~~~~~~~~~~~
In file included from ../lib/eal/arm/include/rte_vect.h:11,
from ../drivers/net/intel/i40e/i40e_rxtx_vec_neon.c:11:
/usr/lib/gcc/aarch64-linux-gnu/11/include/arm_neon.h:26504:22: note: expected 'uint64_t *' {aka 'long unsigned int *'} but argument is of type 'volatile uint64_t *' {aka 'volatile long unsigned int *'}
26504 | vst1q_u64 (uint64_t *__a, uint64x2_t __b)
| ~~~~~~~~~~^~~
cc1: all warnings being treated as errors
ninja: build stopped: subcommand failed.
==== End log output ====
Fedora 40 (ARM)
Kernel: Depends on container host
Compiler: gcc 14.2.1 20240912 (Red Hat 14.2.1-3)
RHEL9 (ARM)
Kernel: Depends on container host
Compiler: gcc 11.5.0 20240719 (Red Hat 11.5.0-2)
Fedora 40 (ARM Clang)
Kernel: Depends on container host
Compiler: clang 18.1.8 (Fedora 18.1.8-1.fc40)
Debian 12 with MUSDK
Kernel: Depends on container host
Compiler: gcc (Debian 12.2.0-14) 12.2.0
Ubuntu 20.04 ARM GCC Cross Compile
Kernel: Depends on container host
Compiler: aarch64-linux-gnu-gcc (Ubuntu 9.4.0-1ubuntu1~20.04.2) 9.4.0
Ubuntu 20.04 ARM SVE
Kernel: Depends on container host
Compiler: gcc (Ubuntu 10.5.0-1ubuntu1~20.04) 10.5.0
CentOS Stream 9 (ARM)
Kernel: Depends on container host
Compiler: gcc 11.5.0 20240719 (Red Hat 11.5.0-2)
Ubuntu 20.04 aarch32 GCC Cross Compile
Kernel: Depends on container host
Compiler: gcc 9.4.0
Fedora 41 (ARM Clang)
Kernel: Depends on container host
Compiler: clang 19.1.5 (Fedora 19.1.5-1.fc41)
Ubuntu 20.04 (ARM)
Kernel: Depends on container host
Compiler: gcc (Ubuntu 9.4.0-1ubuntu1~20.04.2) 9.4.0
Fedora 41 (ARM)
Kernel: Depends on container host
Compiler: gcc 14.2.1 20240912 (Red Hat 14.2.1-3)
Ubuntu 24.04 (ARM)
Kernel: Depends on container host
Compiler: gcc (Ubuntu 13.3.0-6ubuntu2~24.04) 13.3.0
CentOS Stream 10 (ARM)
Kernel: Depends on container host
Compiler: gcc 14.2.1 20241104 (Red Hat 14.2.1-6)
Debian 12 (arm)
Kernel: Depends on container host
Compiler: gcc (Debian 12.2.0-14) 12.2.0
Ubuntu 20.04 ARM Clang Cross Compile
Kernel: Depends on container host
Compiler: clang 10.0.0-4ubuntu1
Ubuntu 22.04 (ARM)
Kernel: Depends on container host
Compiler: gcc (Ubuntu 11.4.0-1ubuntu1~22.04) 11.4.0
To view detailed results, visit:
https://lab.dpdk.org/results/dashboard/patchsets/33122/
UNH-IOL DPDK Community Lab
To manage your email subscriptions, visit:
https://lab.dpdk.org/results/dashboard/preferences/subscriptions/
^ permalink raw reply [flat|nested] 38+ messages in thread
* |FAILURE| pw153310-153322 [PATCH] [v1,13/13] net/intel: add common T
[not found] <3925dc733f7a3c4dfcc1a36a5df5d2b14a3c5372.1746538072.git.anatoly.burakov@intel.com>
` (20 preceding siblings ...)
2025-05-07 9:54 ` dpdklab
@ 2025-05-07 9:55 ` dpdklab
2025-05-07 9:56 ` dpdklab
` (15 subsequent siblings)
37 siblings, 0 replies; 38+ messages in thread
From: dpdklab @ 2025-05-07 9:55 UTC (permalink / raw)
To: Test Report; +Cc: dpdk-test-reports, Burakov, Anatoly
Test-Label: iol-compile-arm64-testing
Test-Status: FAILURE
http://dpdk.org/patch/153322
_Testing issues_
Submitter: Burakov, Anatoly <anatoly.burakov@intel.com>
Date: Tuesday, May 06 2025 13:28:02
DPDK git baseline: Repo:dpdk
Branch: master
CommitID:7cf0355db9fdab5648b05fd787356c391c510534
153310-153322 --> testing issues
Upstream job id: Generic-DPDK-Compile-Meson#385952
Test environment and result as below:
+----------------------------------------+--------------------+
| Environment | dpdk_meson_compile |
+========================================+====================+
| Fedora 40 (ARM) | FAIL |
+----------------------------------------+--------------------+
| RHEL9 (ARM) | FAIL |
+----------------------------------------+--------------------+
| Fedora 40 (ARM Clang) | PEND |
+----------------------------------------+--------------------+
| Debian 12 with MUSDK | FAIL |
+----------------------------------------+--------------------+
| Ubuntu 20.04 ARM GCC Cross Compile | PEND |
+----------------------------------------+--------------------+
| Ubuntu 20.04 ARM SVE | PASS |
+----------------------------------------+--------------------+
| CentOS Stream 9 (ARM) | FAIL |
+----------------------------------------+--------------------+
| Ubuntu 20.04 aarch32 GCC Cross Compile | PEND |
+----------------------------------------+--------------------+
| Fedora 41 (ARM Clang) | PEND |
+----------------------------------------+--------------------+
| Ubuntu 20.04 (ARM) | FAIL |
+----------------------------------------+--------------------+
| Fedora 41 (ARM) | FAIL |
+----------------------------------------+--------------------+
| Ubuntu 24.04 (ARM) | FAIL |
+----------------------------------------+--------------------+
| CentOS Stream 10 (ARM) | FAIL |
+----------------------------------------+--------------------+
| Debian 12 (arm) | FAIL |
+----------------------------------------+--------------------+
| Ubuntu 20.04 ARM Clang Cross Compile | PEND |
+----------------------------------------+--------------------+
| Ubuntu 22.04 (ARM) | FAIL |
+----------------------------------------+--------------------+
==== 20 line log output for Ubuntu 22.04 (ARM) (dpdk_meson_compile): ====
from ../drivers/net/intel/i40e/i40e_rxtx_vec_neon.c:11:
/usr/lib/gcc/aarch64-linux-gnu/11/include/arm_neon.h:26504:22: note: expected 'uint64_t *' {aka 'long unsigned int *'} but argument is of type 'volatile uint64_t *' {aka 'volatile long unsigned int *'}
26504 | vst1q_u64 (uint64_t *__a, uint64x2_t __b)
| ~~~~~~~~~~^~~
In file included from ../lib/eal/include/dev_driver.h:8,
from ../lib/ethdev/ethdev_driver.h:19,
from ../drivers/net/intel/i40e/i40e_rxtx_vec_neon.c:8:
../lib/eal/include/rte_common.h:593:34: error: passing argument 1 of 'vst1q_u64' discards 'volatile' qualifier from pointer target type [-Werror=discarded-qualifiers]
593 | #define RTE_CAST_PTR(type, ptr) ((type)(uintptr_t)(ptr))
| ~^~~~~~~~~~~~~~~~~~~~~~~
../drivers/net/intel/i40e/../common/rx_vec_neon.h:86:27: note: in expansion of macro 'RTE_CAST_PTR'
86 | vst1q_u64(RTE_CAST_PTR(volatile uint64_t *, ptr1), dma_addr1);
| ^~~~~~~~~~~~
In file included from ../lib/eal/arm/include/rte_vect.h:11,
from ../drivers/net/intel/i40e/i40e_rxtx_vec_neon.c:11:
/usr/lib/gcc/aarch64-linux-gnu/11/include/arm_neon.h:26504:22: note: expected 'uint64_t *' {aka 'long unsigned int *'} but argument is of type 'volatile uint64_t *' {aka 'volatile long unsigned int *'}
26504 | vst1q_u64 (uint64_t *__a, uint64x2_t __b)
| ~~~~~~~~~~^~~
cc1: all warnings being treated as errors
ninja: build stopped: subcommand failed.
==== End log output ====
Fedora 40 (ARM)
Kernel: Depends on container host
Compiler: gcc 14.2.1 20240912 (Red Hat 14.2.1-3)
RHEL9 (ARM)
Kernel: Depends on container host
Compiler: gcc 11.5.0 20240719 (Red Hat 11.5.0-2)
Fedora 40 (ARM Clang)
Kernel: Depends on container host
Compiler: clang 18.1.8 (Fedora 18.1.8-1.fc40)
Debian 12 with MUSDK
Kernel: Depends on container host
Compiler: gcc (Debian 12.2.0-14) 12.2.0
Ubuntu 20.04 ARM GCC Cross Compile
Kernel: Depends on container host
Compiler: aarch64-linux-gnu-gcc (Ubuntu 9.4.0-1ubuntu1~20.04.2) 9.4.0
Ubuntu 20.04 ARM SVE
Kernel: Depends on container host
Compiler: gcc (Ubuntu 10.5.0-1ubuntu1~20.04) 10.5.0
CentOS Stream 9 (ARM)
Kernel: Depends on container host
Compiler: gcc 11.5.0 20240719 (Red Hat 11.5.0-2)
Ubuntu 20.04 aarch32 GCC Cross Compile
Kernel: Depends on container host
Compiler: gcc 9.4.0
Fedora 41 (ARM Clang)
Kernel: Depends on container host
Compiler: clang 19.1.5 (Fedora 19.1.5-1.fc41)
Ubuntu 20.04 (ARM)
Kernel: Depends on container host
Compiler: gcc (Ubuntu 9.4.0-1ubuntu1~20.04.2) 9.4.0
Fedora 41 (ARM)
Kernel: Depends on container host
Compiler: gcc 14.2.1 20240912 (Red Hat 14.2.1-3)
Ubuntu 24.04 (ARM)
Kernel: Depends on container host
Compiler: gcc (Ubuntu 13.3.0-6ubuntu2~24.04) 13.3.0
CentOS Stream 10 (ARM)
Kernel: Depends on container host
Compiler: gcc 14.2.1 20241104 (Red Hat 14.2.1-6)
Debian 12 (arm)
Kernel: Depends on container host
Compiler: gcc (Debian 12.2.0-14) 12.2.0
Ubuntu 20.04 ARM Clang Cross Compile
Kernel: Depends on container host
Compiler: clang 10.0.0-4ubuntu1
Ubuntu 22.04 (ARM)
Kernel: Depends on container host
Compiler: gcc (Ubuntu 11.4.0-1ubuntu1~22.04) 11.4.0
To view detailed results, visit:
https://lab.dpdk.org/results/dashboard/patchsets/33122/
UNH-IOL DPDK Community Lab
To manage your email subscriptions, visit:
https://lab.dpdk.org/results/dashboard/preferences/subscriptions/
^ permalink raw reply [flat|nested] 38+ messages in thread
* |FAILURE| pw153310-153322 [PATCH] [v1,13/13] net/intel: add common T
[not found] <3925dc733f7a3c4dfcc1a36a5df5d2b14a3c5372.1746538072.git.anatoly.burakov@intel.com>
` (21 preceding siblings ...)
2025-05-07 9:55 ` dpdklab
@ 2025-05-07 9:56 ` dpdklab
2025-05-07 9:56 ` dpdklab
` (14 subsequent siblings)
37 siblings, 0 replies; 38+ messages in thread
From: dpdklab @ 2025-05-07 9:56 UTC (permalink / raw)
To: Test Report; +Cc: dpdk-test-reports, Burakov, Anatoly
Test-Label: iol-compile-arm64-testing
Test-Status: FAILURE
http://dpdk.org/patch/153322
_Testing issues_
Submitter: Burakov, Anatoly <anatoly.burakov@intel.com>
Date: Tuesday, May 06 2025 13:28:02
DPDK git baseline: Repo:dpdk
Branch: master
CommitID:7cf0355db9fdab5648b05fd787356c391c510534
153310-153322 --> testing issues
Upstream job id: Generic-DPDK-Compile-Meson#385954
Test environment and result as below:
+----------------------------------------+--------------------+
| Environment | dpdk_meson_compile |
+========================================+====================+
| Fedora 40 (ARM) | FAIL |
+----------------------------------------+--------------------+
| RHEL9 (ARM) | FAIL |
+----------------------------------------+--------------------+
| Fedora 40 (ARM Clang) | PEND |
+----------------------------------------+--------------------+
| Debian 12 with MUSDK | FAIL |
+----------------------------------------+--------------------+
| Ubuntu 20.04 ARM GCC Cross Compile | PEND |
+----------------------------------------+--------------------+
| Ubuntu 20.04 ARM SVE | PASS |
+----------------------------------------+--------------------+
| CentOS Stream 9 (ARM) | FAIL |
+----------------------------------------+--------------------+
| Ubuntu 20.04 aarch32 GCC Cross Compile | PEND |
+----------------------------------------+--------------------+
| Fedora 41 (ARM Clang) | PEND |
+----------------------------------------+--------------------+
| Ubuntu 20.04 (ARM) | FAIL |
+----------------------------------------+--------------------+
| Fedora 41 (ARM) | FAIL |
+----------------------------------------+--------------------+
| Ubuntu 24.04 (ARM) | FAIL |
+----------------------------------------+--------------------+
| CentOS Stream 10 (ARM) | FAIL |
+----------------------------------------+--------------------+
| Debian 12 (arm) | FAIL |
+----------------------------------------+--------------------+
| Ubuntu 20.04 ARM Clang Cross Compile | PEND |
+----------------------------------------+--------------------+
| Ubuntu 22.04 (ARM) | FAIL |
+----------------------------------------+--------------------+
==== 20 line log output for Ubuntu 22.04 (ARM) (dpdk_meson_compile): ====
from ../drivers/net/intel/i40e/i40e_rxtx_vec_neon.c:11:
/usr/lib/gcc/aarch64-linux-gnu/11/include/arm_neon.h:26504:22: note: expected 'uint64_t *' {aka 'long unsigned int *'} but argument is of type 'volatile uint64_t *' {aka 'volatile long unsigned int *'}
26504 | vst1q_u64 (uint64_t *__a, uint64x2_t __b)
| ~~~~~~~~~~^~~
In file included from ../lib/eal/include/dev_driver.h:8,
from ../lib/ethdev/ethdev_driver.h:19,
from ../drivers/net/intel/i40e/i40e_rxtx_vec_neon.c:8:
../lib/eal/include/rte_common.h:593:34: error: passing argument 1 of 'vst1q_u64' discards 'volatile' qualifier from pointer target type [-Werror=discarded-qualifiers]
593 | #define RTE_CAST_PTR(type, ptr) ((type)(uintptr_t)(ptr))
| ~^~~~~~~~~~~~~~~~~~~~~~~
../drivers/net/intel/i40e/../common/rx_vec_neon.h:86:27: note: in expansion of macro 'RTE_CAST_PTR'
86 | vst1q_u64(RTE_CAST_PTR(volatile uint64_t *, ptr1), dma_addr1);
| ^~~~~~~~~~~~
In file included from ../lib/eal/arm/include/rte_vect.h:11,
from ../drivers/net/intel/i40e/i40e_rxtx_vec_neon.c:11:
/usr/lib/gcc/aarch64-linux-gnu/11/include/arm_neon.h:26504:22: note: expected 'uint64_t *' {aka 'long unsigned int *'} but argument is of type 'volatile uint64_t *' {aka 'volatile long unsigned int *'}
26504 | vst1q_u64 (uint64_t *__a, uint64x2_t __b)
| ~~~~~~~~~~^~~
cc1: all warnings being treated as errors
ninja: build stopped: subcommand failed.
==== End log output ====
Fedora 40 (ARM)
Kernel: Depends on container host
Compiler: gcc 14.2.1 20240912 (Red Hat 14.2.1-3)
RHEL9 (ARM)
Kernel: Depends on container host
Compiler: gcc 11.5.0 20240719 (Red Hat 11.5.0-2)
Fedora 40 (ARM Clang)
Kernel: Depends on container host
Compiler: clang 18.1.8 (Fedora 18.1.8-1.fc40)
Debian 12 with MUSDK
Kernel: Depends on container host
Compiler: gcc (Debian 12.2.0-14) 12.2.0
Ubuntu 20.04 ARM GCC Cross Compile
Kernel: Depends on container host
Compiler: aarch64-linux-gnu-gcc (Ubuntu 9.4.0-1ubuntu1~20.04.2) 9.4.0
Ubuntu 20.04 ARM SVE
Kernel: Depends on container host
Compiler: gcc (Ubuntu 10.5.0-1ubuntu1~20.04) 10.5.0
CentOS Stream 9 (ARM)
Kernel: Depends on container host
Compiler: gcc 11.5.0 20240719 (Red Hat 11.5.0-2)
Ubuntu 20.04 aarch32 GCC Cross Compile
Kernel: Depends on container host
Compiler: gcc 9.4.0
Fedora 41 (ARM Clang)
Kernel: Depends on container host
Compiler: clang 19.1.5 (Fedora 19.1.5-1.fc41)
Ubuntu 20.04 (ARM)
Kernel: Depends on container host
Compiler: gcc (Ubuntu 9.4.0-1ubuntu1~20.04.2) 9.4.0
Fedora 41 (ARM)
Kernel: Depends on container host
Compiler: gcc 14.2.1 20240912 (Red Hat 14.2.1-3)
Ubuntu 24.04 (ARM)
Kernel: Depends on container host
Compiler: gcc (Ubuntu 13.3.0-6ubuntu2~24.04) 13.3.0
CentOS Stream 10 (ARM)
Kernel: Depends on container host
Compiler: gcc 14.2.1 20241104 (Red Hat 14.2.1-6)
Debian 12 (arm)
Kernel: Depends on container host
Compiler: gcc (Debian 12.2.0-14) 12.2.0
Ubuntu 20.04 ARM Clang Cross Compile
Kernel: Depends on container host
Compiler: clang 10.0.0-4ubuntu1
Ubuntu 22.04 (ARM)
Kernel: Depends on container host
Compiler: gcc (Ubuntu 11.4.0-1ubuntu1~22.04) 11.4.0
To view detailed results, visit:
https://lab.dpdk.org/results/dashboard/patchsets/33122/
UNH-IOL DPDK Community Lab
To manage your email subscriptions, visit:
https://lab.dpdk.org/results/dashboard/preferences/subscriptions/
^ permalink raw reply [flat|nested] 38+ messages in thread
* |FAILURE| pw153310-153322 [PATCH] [v1,13/13] net/intel: add common T
[not found] <3925dc733f7a3c4dfcc1a36a5df5d2b14a3c5372.1746538072.git.anatoly.burakov@intel.com>
` (22 preceding siblings ...)
2025-05-07 9:56 ` dpdklab
@ 2025-05-07 9:56 ` dpdklab
2025-05-07 9:57 ` dpdklab
` (13 subsequent siblings)
37 siblings, 0 replies; 38+ messages in thread
From: dpdklab @ 2025-05-07 9:56 UTC (permalink / raw)
To: Test Report; +Cc: dpdk-test-reports, Burakov, Anatoly
Test-Label: iol-compile-arm64-testing
Test-Status: FAILURE
http://dpdk.org/patch/153322
_Testing issues_
Submitter: Burakov, Anatoly <anatoly.burakov@intel.com>
Date: Tuesday, May 06 2025 13:28:02
DPDK git baseline: Repo:dpdk
Branch: master
CommitID:7cf0355db9fdab5648b05fd787356c391c510534
153310-153322 --> testing issues
Upstream job id: Generic-DPDK-Compile-Meson#385955
Test environment and result as below:
+----------------------------------------+--------------------+
| Environment | dpdk_meson_compile |
+========================================+====================+
| Fedora 40 (ARM) | FAIL |
+----------------------------------------+--------------------+
| RHEL9 (ARM) | FAIL |
+----------------------------------------+--------------------+
| Fedora 40 (ARM Clang) | PEND |
+----------------------------------------+--------------------+
| Debian 12 with MUSDK | FAIL |
+----------------------------------------+--------------------+
| Ubuntu 20.04 ARM GCC Cross Compile | PEND |
+----------------------------------------+--------------------+
| Ubuntu 20.04 ARM SVE | PASS |
+----------------------------------------+--------------------+
| CentOS Stream 9 (ARM) | FAIL |
+----------------------------------------+--------------------+
| Ubuntu 20.04 aarch32 GCC Cross Compile | PEND |
+----------------------------------------+--------------------+
| Fedora 41 (ARM Clang) | PEND |
+----------------------------------------+--------------------+
| Ubuntu 20.04 (ARM) | FAIL |
+----------------------------------------+--------------------+
| Fedora 41 (ARM) | FAIL |
+----------------------------------------+--------------------+
| Ubuntu 24.04 (ARM) | FAIL |
+----------------------------------------+--------------------+
| CentOS Stream 10 (ARM) | FAIL |
+----------------------------------------+--------------------+
| Debian 12 (arm) | FAIL |
+----------------------------------------+--------------------+
| Ubuntu 20.04 ARM Clang Cross Compile | PEND |
+----------------------------------------+--------------------+
| Ubuntu 22.04 (ARM) | FAIL |
+----------------------------------------+--------------------+
==== 20 line log output for Ubuntu 22.04 (ARM) (dpdk_meson_compile): ====
from ../drivers/net/intel/i40e/i40e_rxtx_vec_neon.c:11:
/usr/lib/gcc/aarch64-linux-gnu/11/include/arm_neon.h:26504:22: note: expected 'uint64_t *' {aka 'long unsigned int *'} but argument is of type 'volatile uint64_t *' {aka 'volatile long unsigned int *'}
26504 | vst1q_u64 (uint64_t *__a, uint64x2_t __b)
| ~~~~~~~~~~^~~
In file included from ../lib/eal/include/dev_driver.h:8,
from ../lib/ethdev/ethdev_driver.h:19,
from ../drivers/net/intel/i40e/i40e_rxtx_vec_neon.c:8:
../lib/eal/include/rte_common.h:593:34: error: passing argument 1 of 'vst1q_u64' discards 'volatile' qualifier from pointer target type [-Werror=discarded-qualifiers]
593 | #define RTE_CAST_PTR(type, ptr) ((type)(uintptr_t)(ptr))
| ~^~~~~~~~~~~~~~~~~~~~~~~
../drivers/net/intel/i40e/../common/rx_vec_neon.h:86:27: note: in expansion of macro 'RTE_CAST_PTR'
86 | vst1q_u64(RTE_CAST_PTR(volatile uint64_t *, ptr1), dma_addr1);
| ^~~~~~~~~~~~
In file included from ../lib/eal/arm/include/rte_vect.h:11,
from ../drivers/net/intel/i40e/i40e_rxtx_vec_neon.c:11:
/usr/lib/gcc/aarch64-linux-gnu/11/include/arm_neon.h:26504:22: note: expected 'uint64_t *' {aka 'long unsigned int *'} but argument is of type 'volatile uint64_t *' {aka 'volatile long unsigned int *'}
26504 | vst1q_u64 (uint64_t *__a, uint64x2_t __b)
| ~~~~~~~~~~^~~
cc1: all warnings being treated as errors
ninja: build stopped: subcommand failed.
==== End log output ====
Fedora 40 (ARM)
Kernel: Depends on container host
Compiler: gcc 14.2.1 20240912 (Red Hat 14.2.1-3)
RHEL9 (ARM)
Kernel: Depends on container host
Compiler: gcc 11.5.0 20240719 (Red Hat 11.5.0-2)
Fedora 40 (ARM Clang)
Kernel: Depends on container host
Compiler: clang 18.1.8 (Fedora 18.1.8-1.fc40)
Debian 12 with MUSDK
Kernel: Depends on container host
Compiler: gcc (Debian 12.2.0-14) 12.2.0
Ubuntu 20.04 ARM GCC Cross Compile
Kernel: Depends on container host
Compiler: aarch64-linux-gnu-gcc (Ubuntu 9.4.0-1ubuntu1~20.04.2) 9.4.0
Ubuntu 20.04 ARM SVE
Kernel: Depends on container host
Compiler: gcc (Ubuntu 10.5.0-1ubuntu1~20.04) 10.5.0
CentOS Stream 9 (ARM)
Kernel: Depends on container host
Compiler: gcc 11.5.0 20240719 (Red Hat 11.5.0-2)
Ubuntu 20.04 aarch32 GCC Cross Compile
Kernel: Depends on container host
Compiler: gcc 9.4.0
Fedora 41 (ARM Clang)
Kernel: Depends on container host
Compiler: clang 19.1.5 (Fedora 19.1.5-1.fc41)
Ubuntu 20.04 (ARM)
Kernel: Depends on container host
Compiler: gcc (Ubuntu 9.4.0-1ubuntu1~20.04.2) 9.4.0
Fedora 41 (ARM)
Kernel: Depends on container host
Compiler: gcc 14.2.1 20240912 (Red Hat 14.2.1-3)
Ubuntu 24.04 (ARM)
Kernel: Depends on container host
Compiler: gcc (Ubuntu 13.3.0-6ubuntu2~24.04) 13.3.0
CentOS Stream 10 (ARM)
Kernel: Depends on container host
Compiler: gcc 14.2.1 20241104 (Red Hat 14.2.1-6)
Debian 12 (arm)
Kernel: Depends on container host
Compiler: gcc (Debian 12.2.0-14) 12.2.0
Ubuntu 20.04 ARM Clang Cross Compile
Kernel: Depends on container host
Compiler: clang 10.0.0-4ubuntu1
Ubuntu 22.04 (ARM)
Kernel: Depends on container host
Compiler: gcc (Ubuntu 11.4.0-1ubuntu1~22.04) 11.4.0
To view detailed results, visit:
https://lab.dpdk.org/results/dashboard/patchsets/33122/
UNH-IOL DPDK Community Lab
To manage your email subscriptions, visit:
https://lab.dpdk.org/results/dashboard/preferences/subscriptions/
^ permalink raw reply [flat|nested] 38+ messages in thread
* |FAILURE| pw153310-153322 [PATCH] [v1,13/13] net/intel: add common T
[not found] <3925dc733f7a3c4dfcc1a36a5df5d2b14a3c5372.1746538072.git.anatoly.burakov@intel.com>
` (23 preceding siblings ...)
2025-05-07 9:56 ` dpdklab
@ 2025-05-07 9:57 ` dpdklab
2025-05-07 10:05 ` dpdklab
` (12 subsequent siblings)
37 siblings, 0 replies; 38+ messages in thread
From: dpdklab @ 2025-05-07 9:57 UTC (permalink / raw)
To: Test Report; +Cc: dpdk-test-reports, Burakov, Anatoly
Test-Label: iol-compile-arm64-testing
Test-Status: FAILURE
http://dpdk.org/patch/153322
_Testing issues_
Submitter: Burakov, Anatoly <anatoly.burakov@intel.com>
Date: Tuesday, May 06 2025 13:28:02
DPDK git baseline: Repo:dpdk
Branch: master
CommitID:7cf0355db9fdab5648b05fd787356c391c510534
153310-153322 --> testing issues
Upstream job id: Generic-DPDK-Compile-Meson#385951
Test environment and result as below:
+----------------------------------------+--------------------+
| Environment | dpdk_meson_compile |
+========================================+====================+
| Fedora 40 (ARM) | FAIL |
+----------------------------------------+--------------------+
| RHEL9 (ARM) | FAIL |
+----------------------------------------+--------------------+
| Fedora 40 (ARM Clang) | PEND |
+----------------------------------------+--------------------+
| Debian 12 with MUSDK | FAIL |
+----------------------------------------+--------------------+
| Ubuntu 20.04 ARM GCC Cross Compile | PEND |
+----------------------------------------+--------------------+
| Ubuntu 20.04 ARM SVE | PASS |
+----------------------------------------+--------------------+
| CentOS Stream 9 (ARM) | FAIL |
+----------------------------------------+--------------------+
| Ubuntu 20.04 aarch32 GCC Cross Compile | PEND |
+----------------------------------------+--------------------+
| Fedora 41 (ARM Clang) | PEND |
+----------------------------------------+--------------------+
| Ubuntu 20.04 (ARM) | FAIL |
+----------------------------------------+--------------------+
| Fedora 41 (ARM) | FAIL |
+----------------------------------------+--------------------+
| Ubuntu 24.04 (ARM) | FAIL |
+----------------------------------------+--------------------+
| CentOS Stream 10 (ARM) | FAIL |
+----------------------------------------+--------------------+
| Debian 12 (arm) | FAIL |
+----------------------------------------+--------------------+
| Ubuntu 20.04 ARM Clang Cross Compile | PEND |
+----------------------------------------+--------------------+
| Ubuntu 22.04 (ARM) | FAIL |
+----------------------------------------+--------------------+
==== 20 line log output for Ubuntu 22.04 (ARM) (dpdk_meson_compile): ====
from ../drivers/net/intel/i40e/i40e_rxtx_vec_neon.c:11:
/usr/lib/gcc/aarch64-linux-gnu/11/include/arm_neon.h:26504:22: note: expected 'uint64_t *' {aka 'long unsigned int *'} but argument is of type 'volatile uint64_t *' {aka 'volatile long unsigned int *'}
26504 | vst1q_u64 (uint64_t *__a, uint64x2_t __b)
| ~~~~~~~~~~^~~
In file included from ../lib/eal/include/dev_driver.h:8,
from ../lib/ethdev/ethdev_driver.h:19,
from ../drivers/net/intel/i40e/i40e_rxtx_vec_neon.c:8:
../lib/eal/include/rte_common.h:593:34: error: passing argument 1 of 'vst1q_u64' discards 'volatile' qualifier from pointer target type [-Werror=discarded-qualifiers]
593 | #define RTE_CAST_PTR(type, ptr) ((type)(uintptr_t)(ptr))
| ~^~~~~~~~~~~~~~~~~~~~~~~
../drivers/net/intel/i40e/../common/rx_vec_neon.h:86:27: note: in expansion of macro 'RTE_CAST_PTR'
86 | vst1q_u64(RTE_CAST_PTR(volatile uint64_t *, ptr1), dma_addr1);
| ^~~~~~~~~~~~
In file included from ../lib/eal/arm/include/rte_vect.h:11,
from ../drivers/net/intel/i40e/i40e_rxtx_vec_neon.c:11:
/usr/lib/gcc/aarch64-linux-gnu/11/include/arm_neon.h:26504:22: note: expected 'uint64_t *' {aka 'long unsigned int *'} but argument is of type 'volatile uint64_t *' {aka 'volatile long unsigned int *'}
26504 | vst1q_u64 (uint64_t *__a, uint64x2_t __b)
| ~~~~~~~~~~^~~
cc1: all warnings being treated as errors
ninja: build stopped: subcommand failed.
==== End log output ====
Fedora 40 (ARM)
Kernel: Depends on container host
Compiler: gcc 14.2.1 20240912 (Red Hat 14.2.1-3)
RHEL9 (ARM)
Kernel: Depends on container host
Compiler: gcc 11.5.0 20240719 (Red Hat 11.5.0-2)
Fedora 40 (ARM Clang)
Kernel: Depends on container host
Compiler: clang 18.1.8 (Fedora 18.1.8-1.fc40)
Debian 12 with MUSDK
Kernel: Depends on container host
Compiler: gcc (Debian 12.2.0-14) 12.2.0
Ubuntu 20.04 ARM GCC Cross Compile
Kernel: Depends on container host
Compiler: aarch64-linux-gnu-gcc (Ubuntu 9.4.0-1ubuntu1~20.04.2) 9.4.0
Ubuntu 20.04 ARM SVE
Kernel: Depends on container host
Compiler: gcc (Ubuntu 10.5.0-1ubuntu1~20.04) 10.5.0
CentOS Stream 9 (ARM)
Kernel: Depends on container host
Compiler: gcc 11.5.0 20240719 (Red Hat 11.5.0-2)
Ubuntu 20.04 aarch32 GCC Cross Compile
Kernel: Depends on container host
Compiler: gcc 9.4.0
Fedora 41 (ARM Clang)
Kernel: Depends on container host
Compiler: clang 19.1.5 (Fedora 19.1.5-1.fc41)
Ubuntu 20.04 (ARM)
Kernel: Depends on container host
Compiler: gcc (Ubuntu 9.4.0-1ubuntu1~20.04.2) 9.4.0
Fedora 41 (ARM)
Kernel: Depends on container host
Compiler: gcc 14.2.1 20240912 (Red Hat 14.2.1-3)
Ubuntu 24.04 (ARM)
Kernel: Depends on container host
Compiler: gcc (Ubuntu 13.3.0-6ubuntu2~24.04) 13.3.0
CentOS Stream 10 (ARM)
Kernel: Depends on container host
Compiler: gcc 14.2.1 20241104 (Red Hat 14.2.1-6)
Debian 12 (arm)
Kernel: Depends on container host
Compiler: gcc (Debian 12.2.0-14) 12.2.0
Ubuntu 20.04 ARM Clang Cross Compile
Kernel: Depends on container host
Compiler: clang 10.0.0-4ubuntu1
Ubuntu 22.04 (ARM)
Kernel: Depends on container host
Compiler: gcc (Ubuntu 11.4.0-1ubuntu1~22.04) 11.4.0
To view detailed results, visit:
https://lab.dpdk.org/results/dashboard/patchsets/33122/
UNH-IOL DPDK Community Lab
To manage your email subscriptions, visit:
https://lab.dpdk.org/results/dashboard/preferences/subscriptions/
^ permalink raw reply [flat|nested] 38+ messages in thread
* |FAILURE| pw153310-153322 [PATCH] [v1,13/13] net/intel: add common T
[not found] <3925dc733f7a3c4dfcc1a36a5df5d2b14a3c5372.1746538072.git.anatoly.burakov@intel.com>
` (24 preceding siblings ...)
2025-05-07 9:57 ` dpdklab
@ 2025-05-07 10:05 ` dpdklab
2025-05-07 10:06 ` dpdklab
` (11 subsequent siblings)
37 siblings, 0 replies; 38+ messages in thread
From: dpdklab @ 2025-05-07 10:05 UTC (permalink / raw)
To: Test Report; +Cc: dpdk-test-reports, Anatoly Burakov
Test-Label: iol-compile-arm64-testing
Test-Status: FAILURE
http://dpdk.org/patch/153322
_Testing issues_
Submitter: Anatoly Burakov <anatoly.burakov@intel.com>
Date: Tuesday, May 06 2025 13:28:02
DPDK git baseline: Repo:dpdk
Branch: master
CommitID:7cf0355db9fdab5648b05fd787356c391c510534
153310-153322 --> testing issues
Upstream job id: Generic-DPDK-Compile-Meson#385957
Test environment and result as below:
+----------------------------------------+--------------------+
| Environment | dpdk_meson_compile |
+========================================+====================+
| Fedora 40 (ARM) | FAIL |
+----------------------------------------+--------------------+
| RHEL9 (ARM) | FAIL |
+----------------------------------------+--------------------+
| Fedora 40 (ARM Clang) | FAIL |
+----------------------------------------+--------------------+
| Debian 12 with MUSDK | FAIL |
+----------------------------------------+--------------------+
| Ubuntu 20.04 ARM GCC Cross Compile | PEND |
+----------------------------------------+--------------------+
| Ubuntu 20.04 ARM SVE | PASS |
+----------------------------------------+--------------------+
| CentOS Stream 9 (ARM) | FAIL |
+----------------------------------------+--------------------+
| Ubuntu 20.04 aarch32 GCC Cross Compile | FAIL |
+----------------------------------------+--------------------+
| Fedora 41 (ARM Clang) | PEND |
+----------------------------------------+--------------------+
| Ubuntu 20.04 (ARM) | FAIL |
+----------------------------------------+--------------------+
| Fedora 41 (ARM) | FAIL |
+----------------------------------------+--------------------+
| Ubuntu 24.04 (ARM) | FAIL |
+----------------------------------------+--------------------+
| CentOS Stream 10 (ARM) | FAIL |
+----------------------------------------+--------------------+
| Debian 12 (arm) | FAIL |
+----------------------------------------+--------------------+
| Ubuntu 20.04 ARM Clang Cross Compile | PEND |
+----------------------------------------+--------------------+
| Ubuntu 22.04 (ARM) | FAIL |
+----------------------------------------+--------------------+
==== 20 line log output for Ubuntu 22.04 (ARM) (dpdk_meson_compile): ====
from ../drivers/net/intel/i40e/i40e_rxtx_vec_neon.c:11:
/usr/lib/gcc/aarch64-linux-gnu/11/include/arm_neon.h:26504:22: note: expected 'uint64_t *' {aka 'long unsigned int *'} but argument is of type 'volatile uint64_t *' {aka 'volatile long unsigned int *'}
26504 | vst1q_u64 (uint64_t *__a, uint64x2_t __b)
| ~~~~~~~~~~^~~
In file included from ../lib/eal/include/dev_driver.h:8,
from ../lib/ethdev/ethdev_driver.h:19,
from ../drivers/net/intel/i40e/i40e_rxtx_vec_neon.c:8:
../lib/eal/include/rte_common.h:593:34: error: passing argument 1 of 'vst1q_u64' discards 'volatile' qualifier from pointer target type [-Werror=discarded-qualifiers]
593 | #define RTE_CAST_PTR(type, ptr) ((type)(uintptr_t)(ptr))
| ~^~~~~~~~~~~~~~~~~~~~~~~
../drivers/net/intel/i40e/../common/rx_vec_neon.h:86:27: note: in expansion of macro 'RTE_CAST_PTR'
86 | vst1q_u64(RTE_CAST_PTR(volatile uint64_t *, ptr1), dma_addr1);
| ^~~~~~~~~~~~
In file included from ../lib/eal/arm/include/rte_vect.h:11,
from ../drivers/net/intel/i40e/i40e_rxtx_vec_neon.c:11:
/usr/lib/gcc/aarch64-linux-gnu/11/include/arm_neon.h:26504:22: note: expected 'uint64_t *' {aka 'long unsigned int *'} but argument is of type 'volatile uint64_t *' {aka 'volatile long unsigned int *'}
26504 | vst1q_u64 (uint64_t *__a, uint64x2_t __b)
| ~~~~~~~~~~^~~
cc1: all warnings being treated as errors
ninja: build stopped: subcommand failed.
==== End log output ====
Fedora 40 (ARM)
Kernel: Depends on container host
Compiler: gcc 14.2.1 20240912 (Red Hat 14.2.1-3)
RHEL9 (ARM)
Kernel: Depends on container host
Compiler: gcc 11.5.0 20240719 (Red Hat 11.5.0-2)
Fedora 40 (ARM Clang)
Kernel: Depends on container host
Compiler: clang 18.1.8 (Fedora 18.1.8-1.fc40)
Debian 12 with MUSDK
Kernel: Depends on container host
Compiler: gcc (Debian 12.2.0-14) 12.2.0
Ubuntu 20.04 ARM GCC Cross Compile
Kernel: Depends on container host
Compiler: aarch64-linux-gnu-gcc (Ubuntu 9.4.0-1ubuntu1~20.04.2) 9.4.0
Ubuntu 20.04 ARM SVE
Kernel: Depends on container host
Compiler: gcc (Ubuntu 10.5.0-1ubuntu1~20.04) 10.5.0
CentOS Stream 9 (ARM)
Kernel: Depends on container host
Compiler: gcc 11.5.0 20240719 (Red Hat 11.5.0-2)
Ubuntu 20.04 aarch32 GCC Cross Compile
Kernel: Depends on container host
Compiler: gcc 9.4.0
Fedora 41 (ARM Clang)
Kernel: Depends on container host
Compiler: clang 19.1.5 (Fedora 19.1.5-1.fc41)
Ubuntu 20.04 (ARM)
Kernel: Depends on container host
Compiler: gcc (Ubuntu 9.4.0-1ubuntu1~20.04.2) 9.4.0
Fedora 41 (ARM)
Kernel: Depends on container host
Compiler: gcc 14.2.1 20240912 (Red Hat 14.2.1-3)
Ubuntu 24.04 (ARM)
Kernel: Depends on container host
Compiler: gcc (Ubuntu 13.3.0-6ubuntu2~24.04) 13.3.0
CentOS Stream 10 (ARM)
Kernel: Depends on container host
Compiler: gcc 14.2.1 20241104 (Red Hat 14.2.1-6)
Debian 12 (arm)
Kernel: Depends on container host
Compiler: gcc (Debian 12.2.0-14) 12.2.0
Ubuntu 20.04 ARM Clang Cross Compile
Kernel: Depends on container host
Compiler: clang 10.0.0-4ubuntu1
Ubuntu 22.04 (ARM)
Kernel: Depends on container host
Compiler: gcc (Ubuntu 11.4.0-1ubuntu1~22.04) 11.4.0
To view detailed results, visit:
https://lab.dpdk.org/results/dashboard/patchsets/33122/
UNH-IOL DPDK Community Lab
To manage your email subscriptions, visit:
https://lab.dpdk.org/results/dashboard/preferences/subscriptions/
^ permalink raw reply [flat|nested] 38+ messages in thread
* |FAILURE| pw153310-153322 [PATCH] [v1,13/13] net/intel: add common T
[not found] <3925dc733f7a3c4dfcc1a36a5df5d2b14a3c5372.1746538072.git.anatoly.burakov@intel.com>
` (25 preceding siblings ...)
2025-05-07 10:05 ` dpdklab
@ 2025-05-07 10:06 ` dpdklab
2025-05-07 10:13 ` |SUCCESS| " dpdklab
` (10 subsequent siblings)
37 siblings, 0 replies; 38+ messages in thread
From: dpdklab @ 2025-05-07 10:06 UTC (permalink / raw)
To: Test Report; +Cc: dpdk-test-reports, Anatoly Burakov
Test-Label: iol-compile-arm64-testing
Test-Status: FAILURE
http://dpdk.org/patch/153322
_Testing issues_
Submitter: Anatoly Burakov <anatoly.burakov@intel.com>
Date: Tuesday, May 06 2025 13:28:02
DPDK git baseline: Repo:dpdk
Branch: master
CommitID:7cf0355db9fdab5648b05fd787356c391c510534
153310-153322 --> testing issues
Upstream job id: Generic-DPDK-Compile-Meson#385947
Test environment and result as below:
+----------------------------------------+--------------------+
| Environment | dpdk_meson_compile |
+========================================+====================+
| Fedora 40 (ARM) | FAIL |
+----------------------------------------+--------------------+
| RHEL9 (ARM) | FAIL |
+----------------------------------------+--------------------+
| Fedora 40 (ARM Clang) | FAIL |
+----------------------------------------+--------------------+
| Debian 12 with MUSDK | FAIL |
+----------------------------------------+--------------------+
| Ubuntu 20.04 ARM GCC Cross Compile | PEND |
+----------------------------------------+--------------------+
| Ubuntu 20.04 ARM SVE | PASS |
+----------------------------------------+--------------------+
| CentOS Stream 9 (ARM) | FAIL |
+----------------------------------------+--------------------+
| Ubuntu 20.04 aarch32 GCC Cross Compile | FAIL |
+----------------------------------------+--------------------+
| Fedora 41 (ARM Clang) | PEND |
+----------------------------------------+--------------------+
| Ubuntu 20.04 (ARM) | FAIL |
+----------------------------------------+--------------------+
| Fedora 41 (ARM) | FAIL |
+----------------------------------------+--------------------+
| Ubuntu 24.04 (ARM) | FAIL |
+----------------------------------------+--------------------+
| CentOS Stream 10 (ARM) | FAIL |
+----------------------------------------+--------------------+
| Debian 12 (arm) | FAIL |
+----------------------------------------+--------------------+
| Ubuntu 20.04 ARM Clang Cross Compile | PEND |
+----------------------------------------+--------------------+
| Ubuntu 22.04 (ARM) | FAIL |
+----------------------------------------+--------------------+
==== 20 line log output for Ubuntu 22.04 (ARM) (dpdk_meson_compile): ====
from ../drivers/net/intel/i40e/i40e_rxtx_vec_neon.c:11:
/usr/lib/gcc/aarch64-linux-gnu/11/include/arm_neon.h:26504:22: note: expected 'uint64_t *' {aka 'long unsigned int *'} but argument is of type 'volatile uint64_t *' {aka 'volatile long unsigned int *'}
26504 | vst1q_u64 (uint64_t *__a, uint64x2_t __b)
| ~~~~~~~~~~^~~
In file included from ../lib/eal/include/dev_driver.h:8,
from ../lib/ethdev/ethdev_driver.h:19,
from ../drivers/net/intel/i40e/i40e_rxtx_vec_neon.c:8:
../lib/eal/include/rte_common.h:593:34: error: passing argument 1 of 'vst1q_u64' discards 'volatile' qualifier from pointer target type [-Werror=discarded-qualifiers]
593 | #define RTE_CAST_PTR(type, ptr) ((type)(uintptr_t)(ptr))
| ~^~~~~~~~~~~~~~~~~~~~~~~
../drivers/net/intel/i40e/../common/rx_vec_neon.h:86:27: note: in expansion of macro 'RTE_CAST_PTR'
86 | vst1q_u64(RTE_CAST_PTR(volatile uint64_t *, ptr1), dma_addr1);
| ^~~~~~~~~~~~
In file included from ../lib/eal/arm/include/rte_vect.h:11,
from ../drivers/net/intel/i40e/i40e_rxtx_vec_neon.c:11:
/usr/lib/gcc/aarch64-linux-gnu/11/include/arm_neon.h:26504:22: note: expected 'uint64_t *' {aka 'long unsigned int *'} but argument is of type 'volatile uint64_t *' {aka 'volatile long unsigned int *'}
26504 | vst1q_u64 (uint64_t *__a, uint64x2_t __b)
| ~~~~~~~~~~^~~
cc1: all warnings being treated as errors
ninja: build stopped: subcommand failed.
==== End log output ====
Fedora 40 (ARM)
Kernel: Depends on container host
Compiler: gcc 14.2.1 20240912 (Red Hat 14.2.1-3)
RHEL9 (ARM)
Kernel: Depends on container host
Compiler: gcc 11.5.0 20240719 (Red Hat 11.5.0-2)
Fedora 40 (ARM Clang)
Kernel: Depends on container host
Compiler: clang 18.1.8 (Fedora 18.1.8-1.fc40)
Debian 12 with MUSDK
Kernel: Depends on container host
Compiler: gcc (Debian 12.2.0-14) 12.2.0
Ubuntu 20.04 ARM GCC Cross Compile
Kernel: Depends on container host
Compiler: aarch64-linux-gnu-gcc (Ubuntu 9.4.0-1ubuntu1~20.04.2) 9.4.0
Ubuntu 20.04 ARM SVE
Kernel: Depends on container host
Compiler: gcc (Ubuntu 10.5.0-1ubuntu1~20.04) 10.5.0
CentOS Stream 9 (ARM)
Kernel: Depends on container host
Compiler: gcc 11.5.0 20240719 (Red Hat 11.5.0-2)
Ubuntu 20.04 aarch32 GCC Cross Compile
Kernel: Depends on container host
Compiler: gcc 9.4.0
Fedora 41 (ARM Clang)
Kernel: Depends on container host
Compiler: clang 19.1.5 (Fedora 19.1.5-1.fc41)
Ubuntu 20.04 (ARM)
Kernel: Depends on container host
Compiler: gcc (Ubuntu 9.4.0-1ubuntu1~20.04.2) 9.4.0
Fedora 41 (ARM)
Kernel: Depends on container host
Compiler: gcc 14.2.1 20240912 (Red Hat 14.2.1-3)
Ubuntu 24.04 (ARM)
Kernel: Depends on container host
Compiler: gcc (Ubuntu 13.3.0-6ubuntu2~24.04) 13.3.0
CentOS Stream 10 (ARM)
Kernel: Depends on container host
Compiler: gcc 14.2.1 20241104 (Red Hat 14.2.1-6)
Debian 12 (arm)
Kernel: Depends on container host
Compiler: gcc (Debian 12.2.0-14) 12.2.0
Ubuntu 20.04 ARM Clang Cross Compile
Kernel: Depends on container host
Compiler: clang 10.0.0-4ubuntu1
Ubuntu 22.04 (ARM)
Kernel: Depends on container host
Compiler: gcc (Ubuntu 11.4.0-1ubuntu1~22.04) 11.4.0
To view detailed results, visit:
https://lab.dpdk.org/results/dashboard/patchsets/33122/
UNH-IOL DPDK Community Lab
To manage your email subscriptions, visit:
https://lab.dpdk.org/results/dashboard/preferences/subscriptions/
^ permalink raw reply [flat|nested] 38+ messages in thread
* |SUCCESS| pw153310-153322 [PATCH] [v1,13/13] net/intel: add common T
[not found] <3925dc733f7a3c4dfcc1a36a5df5d2b14a3c5372.1746538072.git.anatoly.burakov@intel.com>
` (26 preceding siblings ...)
2025-05-07 10:06 ` dpdklab
@ 2025-05-07 10:13 ` dpdklab
2025-05-07 10:17 ` |FAILURE| " dpdklab
` (9 subsequent siblings)
37 siblings, 0 replies; 38+ messages in thread
From: dpdklab @ 2025-05-07 10:13 UTC (permalink / raw)
To: Test Report; +Cc: dpdk-test-reports
Test-Label: iol-unit-amd64-testing
Test-Status: SUCCESS
http://dpdk.org/patch/153322
_Testing PASS_
Submitter: Anatoly Burakov <anatoly.burakov@intel.com>
Date: Tuesday, May 06 2025 13:28:02
DPDK git baseline: Repo:dpdk
Branch: master
CommitID:7cf0355db9fdab5648b05fd787356c391c510534
153310-153322 --> testing pass
Upstream job id: Generic-Unit-Test-DPDK#336094
Test environment and result as below:
+-------------------+----------------+
| Environment | dpdk_unit_test |
+===================+================+
| CentOS Stream 10 | PASS |
+-------------------+----------------+
| CentOS Stream 9 | PASS |
+-------------------+----------------+
| Fedora 40 (Clang) | PASS |
+-------------------+----------------+
| Debian 12 | PASS |
+-------------------+----------------+
| Fedora 40 | PASS |
+-------------------+----------------+
| RHEL8 | PASS |
+-------------------+----------------+
| Fedora 41 (Clang) | PASS |
+-------------------+----------------+
| Fedora 41 | PASS |
+-------------------+----------------+
| Ubuntu 22.04 | PASS |
+-------------------+----------------+
| RHEL9 | PASS |
+-------------------+----------------+
| Ubuntu 20.04 | PASS |
+-------------------+----------------+
| Ubuntu 24.04 | PASS |
+-------------------+----------------+
CentOS Stream 10
Kernel: Depends on container host
Compiler: gcc 14.2.1 20241104 (Red Hat 14.2.1-6)
CentOS Stream 9
Kernel: Depends on container host
Compiler: gcc 11.5.0 20240719 (Red Hat 11.5.0-2)
Fedora 40 (Clang)
Kernel: Depends on container host
Compiler: clang 18.1.8 (Fedora 18.1.8-1.fc40)
Debian 12
Kernel: Depends on container host
Compiler: gcc (Debian 12.2.0-14) 12.2.0
Fedora 40
Kernel: Depends on container host
Compiler: gcc 14.2.1 20240912 (Red Hat 14.2.1-3)
RHEL8
Kernel: Depends on container host
Compiler: gcc 8.5.0 20210514 (Red Hat 8.5.0-22)
Fedora 41 (Clang)
Kernel: Depends on container host
Compiler: clang 19.1.5 (Fedora 19.1.5-1.fc41)
Fedora 41
Kernel: Depends on container host
Compiler: gcc 14.2.1 20240912 (Red Hat 14.2.1-3)
Ubuntu 22.04
Kernel: Depends on container host
Compiler: gcc (Ubuntu 11.4.0-1ubuntu1~22.04) 11.4.0
RHEL9
Kernel: Depends on container host
Compiler: gcc 11.5.0 20240719 (Red Hat 11.5.0-2)
Ubuntu 20.04
Kernel: Depends on container host
Compiler: gcc (Ubuntu 9.4.0-1ubuntu1~20.04.2) 9.4.0
Ubuntu 24.04
Kernel: Depends on container host
Compiler: gcc (Ubuntu 13.3.0-6ubuntu2~24.04) 13.3.0
To view detailed results, visit:
https://lab.dpdk.org/results/dashboard/patchsets/33122/
UNH-IOL DPDK Community Lab
To manage your email subscriptions, visit:
https://lab.dpdk.org/results/dashboard/preferences/subscriptions/
^ permalink raw reply [flat|nested] 38+ messages in thread
* |FAILURE| pw153310-153322 [PATCH] [v1,13/13] net/intel: add common T
[not found] <3925dc733f7a3c4dfcc1a36a5df5d2b14a3c5372.1746538072.git.anatoly.burakov@intel.com>
` (27 preceding siblings ...)
2025-05-07 10:13 ` |SUCCESS| " dpdklab
@ 2025-05-07 10:17 ` dpdklab
2025-05-07 10:19 ` dpdklab
` (8 subsequent siblings)
37 siblings, 0 replies; 38+ messages in thread
From: dpdklab @ 2025-05-07 10:17 UTC (permalink / raw)
To: Test Report; +Cc: dpdk-test-reports, Anatoly Burakov
Test-Label: iol-compile-arm64-testing
Test-Status: FAILURE
http://dpdk.org/patch/153322
_Testing issues_
Submitter: Anatoly Burakov <anatoly.burakov@intel.com>
Date: Tuesday, May 06 2025 13:28:02
DPDK git baseline: Repo:dpdk
Branch: master
CommitID:7cf0355db9fdab5648b05fd787356c391c510534
153310-153322 --> testing issues
Upstream job id: Generic-DPDK-Compile-Meson#385949
Test environment and result as below:
+----------------------------------------+--------------------+
| Environment | dpdk_meson_compile |
+========================================+====================+
| Fedora 40 (ARM) | FAIL |
+----------------------------------------+--------------------+
| RHEL9 (ARM) | FAIL |
+----------------------------------------+--------------------+
| Fedora 40 (ARM Clang) | FAIL |
+----------------------------------------+--------------------+
| Debian 12 with MUSDK | FAIL |
+----------------------------------------+--------------------+
| Ubuntu 20.04 ARM GCC Cross Compile | FAIL |
+----------------------------------------+--------------------+
| Ubuntu 20.04 ARM SVE | PASS |
+----------------------------------------+--------------------+
| CentOS Stream 9 (ARM) | FAIL |
+----------------------------------------+--------------------+
| Ubuntu 20.04 aarch32 GCC Cross Compile | FAIL |
+----------------------------------------+--------------------+
| Fedora 41 (ARM Clang) | FAIL |
+----------------------------------------+--------------------+
| Ubuntu 20.04 (ARM) | FAIL |
+----------------------------------------+--------------------+
| Fedora 41 (ARM) | FAIL |
+----------------------------------------+--------------------+
| Ubuntu 24.04 (ARM) | FAIL |
+----------------------------------------+--------------------+
| CentOS Stream 10 (ARM) | FAIL |
+----------------------------------------+--------------------+
| Debian 12 (arm) | FAIL |
+----------------------------------------+--------------------+
| Ubuntu 20.04 ARM Clang Cross Compile | PEND |
+----------------------------------------+--------------------+
| Ubuntu 22.04 (ARM) | FAIL |
+----------------------------------------+--------------------+
==== 20 line log output for Ubuntu 22.04 (ARM) (dpdk_meson_compile): ====
from ../drivers/net/intel/i40e/i40e_rxtx_vec_neon.c:11:
/usr/lib/gcc/aarch64-linux-gnu/11/include/arm_neon.h:26504:22: note: expected 'uint64_t *' {aka 'long unsigned int *'} but argument is of type 'volatile uint64_t *' {aka 'volatile long unsigned int *'}
26504 | vst1q_u64 (uint64_t *__a, uint64x2_t __b)
| ~~~~~~~~~~^~~
In file included from ../lib/eal/include/dev_driver.h:8,
from ../lib/ethdev/ethdev_driver.h:19,
from ../drivers/net/intel/i40e/i40e_rxtx_vec_neon.c:8:
../lib/eal/include/rte_common.h:593:34: error: passing argument 1 of 'vst1q_u64' discards 'volatile' qualifier from pointer target type [-Werror=discarded-qualifiers]
593 | #define RTE_CAST_PTR(type, ptr) ((type)(uintptr_t)(ptr))
| ~^~~~~~~~~~~~~~~~~~~~~~~
../drivers/net/intel/i40e/../common/rx_vec_neon.h:86:27: note: in expansion of macro 'RTE_CAST_PTR'
86 | vst1q_u64(RTE_CAST_PTR(volatile uint64_t *, ptr1), dma_addr1);
| ^~~~~~~~~~~~
In file included from ../lib/eal/arm/include/rte_vect.h:11,
from ../drivers/net/intel/i40e/i40e_rxtx_vec_neon.c:11:
/usr/lib/gcc/aarch64-linux-gnu/11/include/arm_neon.h:26504:22: note: expected 'uint64_t *' {aka 'long unsigned int *'} but argument is of type 'volatile uint64_t *' {aka 'volatile long unsigned int *'}
26504 | vst1q_u64 (uint64_t *__a, uint64x2_t __b)
| ~~~~~~~~~~^~~
cc1: all warnings being treated as errors
ninja: build stopped: subcommand failed.
==== End log output ====
Fedora 40 (ARM)
Kernel: Depends on container host
Compiler: gcc 14.2.1 20240912 (Red Hat 14.2.1-3)
RHEL9 (ARM)
Kernel: Depends on container host
Compiler: gcc 11.5.0 20240719 (Red Hat 11.5.0-2)
Fedora 40 (ARM Clang)
Kernel: Depends on container host
Compiler: clang 18.1.8 (Fedora 18.1.8-1.fc40)
Debian 12 with MUSDK
Kernel: Depends on container host
Compiler: gcc (Debian 12.2.0-14) 12.2.0
Ubuntu 20.04 ARM GCC Cross Compile
Kernel: Depends on container host
Compiler: aarch64-linux-gnu-gcc (Ubuntu 9.4.0-1ubuntu1~20.04.2) 9.4.0
Ubuntu 20.04 ARM SVE
Kernel: Depends on container host
Compiler: gcc (Ubuntu 10.5.0-1ubuntu1~20.04) 10.5.0
CentOS Stream 9 (ARM)
Kernel: Depends on container host
Compiler: gcc 11.5.0 20240719 (Red Hat 11.5.0-2)
Ubuntu 20.04 aarch32 GCC Cross Compile
Kernel: Depends on container host
Compiler: gcc 9.4.0
Fedora 41 (ARM Clang)
Kernel: Depends on container host
Compiler: clang 19.1.5 (Fedora 19.1.5-1.fc41)
Ubuntu 20.04 (ARM)
Kernel: Depends on container host
Compiler: gcc (Ubuntu 9.4.0-1ubuntu1~20.04.2) 9.4.0
Fedora 41 (ARM)
Kernel: Depends on container host
Compiler: gcc 14.2.1 20240912 (Red Hat 14.2.1-3)
Ubuntu 24.04 (ARM)
Kernel: Depends on container host
Compiler: gcc (Ubuntu 13.3.0-6ubuntu2~24.04) 13.3.0
CentOS Stream 10 (ARM)
Kernel: Depends on container host
Compiler: gcc 14.2.1 20241104 (Red Hat 14.2.1-6)
Debian 12 (arm)
Kernel: Depends on container host
Compiler: gcc (Debian 12.2.0-14) 12.2.0
Ubuntu 20.04 ARM Clang Cross Compile
Kernel: Depends on container host
Compiler: clang 10.0.0-4ubuntu1
Ubuntu 22.04 (ARM)
Kernel: Depends on container host
Compiler: gcc (Ubuntu 11.4.0-1ubuntu1~22.04) 11.4.0
To view detailed results, visit:
https://lab.dpdk.org/results/dashboard/patchsets/33122/
UNH-IOL DPDK Community Lab
To manage your email subscriptions, visit:
https://lab.dpdk.org/results/dashboard/preferences/subscriptions/
^ permalink raw reply [flat|nested] 38+ messages in thread
* |FAILURE| pw153310-153322 [PATCH] [v1,13/13] net/intel: add common T
[not found] <3925dc733f7a3c4dfcc1a36a5df5d2b14a3c5372.1746538072.git.anatoly.burakov@intel.com>
` (28 preceding siblings ...)
2025-05-07 10:17 ` |FAILURE| " dpdklab
@ 2025-05-07 10:19 ` dpdklab
2025-05-07 10:23 ` dpdklab
` (7 subsequent siblings)
37 siblings, 0 replies; 38+ messages in thread
From: dpdklab @ 2025-05-07 10:19 UTC (permalink / raw)
To: Test Report; +Cc: dpdk-test-reports, Anatoly Burakov
Test-Label: iol-compile-arm64-testing
Test-Status: FAILURE
http://dpdk.org/patch/153322
_Testing issues_
Submitter: Anatoly Burakov <anatoly.burakov@intel.com>
Date: Tuesday, May 06 2025 13:28:02
DPDK git baseline: Repo:dpdk
Branch: master
CommitID:7cf0355db9fdab5648b05fd787356c391c510534
153310-153322 --> testing issues
Upstream job id: Generic-DPDK-Compile-Meson#385943
Test environment and result as below:
+----------------------------------------+--------------------+
| Environment | dpdk_meson_compile |
+========================================+====================+
| Fedora 40 (ARM) | FAIL |
+----------------------------------------+--------------------+
| RHEL9 (ARM) | FAIL |
+----------------------------------------+--------------------+
| Fedora 40 (ARM Clang) | FAIL |
+----------------------------------------+--------------------+
| Debian 12 with MUSDK | FAIL |
+----------------------------------------+--------------------+
| Ubuntu 20.04 ARM GCC Cross Compile | FAIL |
+----------------------------------------+--------------------+
| Ubuntu 20.04 ARM SVE | PASS |
+----------------------------------------+--------------------+
| CentOS Stream 9 (ARM) | FAIL |
+----------------------------------------+--------------------+
| Ubuntu 20.04 aarch32 GCC Cross Compile | FAIL |
+----------------------------------------+--------------------+
| Fedora 41 (ARM Clang) | FAIL |
+----------------------------------------+--------------------+
| Ubuntu 20.04 (ARM) | FAIL |
+----------------------------------------+--------------------+
| Fedora 41 (ARM) | FAIL |
+----------------------------------------+--------------------+
| Ubuntu 24.04 (ARM) | FAIL |
+----------------------------------------+--------------------+
| CentOS Stream 10 (ARM) | FAIL |
+----------------------------------------+--------------------+
| Debian 12 (arm) | FAIL |
+----------------------------------------+--------------------+
| Ubuntu 20.04 ARM Clang Cross Compile | PEND |
+----------------------------------------+--------------------+
| Ubuntu 22.04 (ARM) | FAIL |
+----------------------------------------+--------------------+
==== 20 line log output for Ubuntu 22.04 (ARM) (dpdk_meson_compile): ====
from ../drivers/net/intel/i40e/i40e_rxtx_vec_neon.c:11:
/usr/lib/gcc/aarch64-linux-gnu/11/include/arm_neon.h:26504:22: note: expected 'uint64_t *' {aka 'long unsigned int *'} but argument is of type 'volatile uint64_t *' {aka 'volatile long unsigned int *'}
26504 | vst1q_u64 (uint64_t *__a, uint64x2_t __b)
| ~~~~~~~~~~^~~
In file included from ../lib/eal/include/dev_driver.h:8,
from ../lib/ethdev/ethdev_driver.h:19,
from ../drivers/net/intel/i40e/i40e_rxtx_vec_neon.c:8:
../lib/eal/include/rte_common.h:593:34: error: passing argument 1 of 'vst1q_u64' discards 'volatile' qualifier from pointer target type [-Werror=discarded-qualifiers]
593 | #define RTE_CAST_PTR(type, ptr) ((type)(uintptr_t)(ptr))
| ~^~~~~~~~~~~~~~~~~~~~~~~
../drivers/net/intel/i40e/../common/rx_vec_neon.h:86:27: note: in expansion of macro 'RTE_CAST_PTR'
86 | vst1q_u64(RTE_CAST_PTR(volatile uint64_t *, ptr1), dma_addr1);
| ^~~~~~~~~~~~
In file included from ../lib/eal/arm/include/rte_vect.h:11,
from ../drivers/net/intel/i40e/i40e_rxtx_vec_neon.c:11:
/usr/lib/gcc/aarch64-linux-gnu/11/include/arm_neon.h:26504:22: note: expected 'uint64_t *' {aka 'long unsigned int *'} but argument is of type 'volatile uint64_t *' {aka 'volatile long unsigned int *'}
26504 | vst1q_u64 (uint64_t *__a, uint64x2_t __b)
| ~~~~~~~~~~^~~
cc1: all warnings being treated as errors
ninja: build stopped: subcommand failed.
==== End log output ====
Fedora 40 (ARM)
Kernel: Depends on container host
Compiler: gcc 14.2.1 20240912 (Red Hat 14.2.1-3)
RHEL9 (ARM)
Kernel: Depends on container host
Compiler: gcc 11.5.0 20240719 (Red Hat 11.5.0-2)
Fedora 40 (ARM Clang)
Kernel: Depends on container host
Compiler: clang 18.1.8 (Fedora 18.1.8-1.fc40)
Debian 12 with MUSDK
Kernel: Depends on container host
Compiler: gcc (Debian 12.2.0-14) 12.2.0
Ubuntu 20.04 ARM GCC Cross Compile
Kernel: Depends on container host
Compiler: aarch64-linux-gnu-gcc (Ubuntu 9.4.0-1ubuntu1~20.04.2) 9.4.0
Ubuntu 20.04 ARM SVE
Kernel: Depends on container host
Compiler: gcc (Ubuntu 10.5.0-1ubuntu1~20.04) 10.5.0
CentOS Stream 9 (ARM)
Kernel: Depends on container host
Compiler: gcc 11.5.0 20240719 (Red Hat 11.5.0-2)
Ubuntu 20.04 aarch32 GCC Cross Compile
Kernel: Depends on container host
Compiler: gcc 9.4.0
Fedora 41 (ARM Clang)
Kernel: Depends on container host
Compiler: clang 19.1.5 (Fedora 19.1.5-1.fc41)
Ubuntu 20.04 (ARM)
Kernel: Depends on container host
Compiler: gcc (Ubuntu 9.4.0-1ubuntu1~20.04.2) 9.4.0
Fedora 41 (ARM)
Kernel: Depends on container host
Compiler: gcc 14.2.1 20240912 (Red Hat 14.2.1-3)
Ubuntu 24.04 (ARM)
Kernel: Depends on container host
Compiler: gcc (Ubuntu 13.3.0-6ubuntu2~24.04) 13.3.0
CentOS Stream 10 (ARM)
Kernel: Depends on container host
Compiler: gcc 14.2.1 20241104 (Red Hat 14.2.1-6)
Debian 12 (arm)
Kernel: Depends on container host
Compiler: gcc (Debian 12.2.0-14) 12.2.0
Ubuntu 20.04 ARM Clang Cross Compile
Kernel: Depends on container host
Compiler: clang 10.0.0-4ubuntu1
Ubuntu 22.04 (ARM)
Kernel: Depends on container host
Compiler: gcc (Ubuntu 11.4.0-1ubuntu1~22.04) 11.4.0
To view detailed results, visit:
https://lab.dpdk.org/results/dashboard/patchsets/33122/
UNH-IOL DPDK Community Lab
To manage your email subscriptions, visit:
https://lab.dpdk.org/results/dashboard/preferences/subscriptions/
^ permalink raw reply [flat|nested] 38+ messages in thread
* |FAILURE| pw153310-153322 [PATCH] [v1,13/13] net/intel: add common T
[not found] <3925dc733f7a3c4dfcc1a36a5df5d2b14a3c5372.1746538072.git.anatoly.burakov@intel.com>
` (29 preceding siblings ...)
2025-05-07 10:19 ` dpdklab
@ 2025-05-07 10:23 ` dpdklab
2025-05-07 11:20 ` |SUCCESS| " dpdklab
` (6 subsequent siblings)
37 siblings, 0 replies; 38+ messages in thread
From: dpdklab @ 2025-05-07 10:23 UTC (permalink / raw)
To: Test Report; +Cc: dpdk-test-reports, Anatoly Burakov
Test-Label: iol-compile-arm64-testing
Test-Status: FAILURE
http://dpdk.org/patch/153322
_Testing issues_
Submitter: Anatoly Burakov <anatoly.burakov@intel.com>
Date: Tuesday, May 06 2025 13:28:02
DPDK git baseline: Repo:dpdk
Branch: master
CommitID:7cf0355db9fdab5648b05fd787356c391c510534
153310-153322 --> testing issues
Upstream job id: Generic-DPDK-Compile-Meson#385956
Test environment and result as below:
+----------------------------------------+--------------------+
| Environment | dpdk_meson_compile |
+========================================+====================+
| Fedora 40 (ARM) | FAIL |
+----------------------------------------+--------------------+
| RHEL9 (ARM) | FAIL |
+----------------------------------------+--------------------+
| Fedora 40 (ARM Clang) | FAIL |
+----------------------------------------+--------------------+
| Debian 12 with MUSDK | FAIL |
+----------------------------------------+--------------------+
| Ubuntu 20.04 ARM GCC Cross Compile | FAIL |
+----------------------------------------+--------------------+
| Ubuntu 20.04 ARM SVE | PASS |
+----------------------------------------+--------------------+
| CentOS Stream 9 (ARM) | FAIL |
+----------------------------------------+--------------------+
| Ubuntu 20.04 aarch32 GCC Cross Compile | FAIL |
+----------------------------------------+--------------------+
| Fedora 41 (ARM Clang) | FAIL |
+----------------------------------------+--------------------+
| Ubuntu 20.04 (ARM) | FAIL |
+----------------------------------------+--------------------+
| Fedora 41 (ARM) | FAIL |
+----------------------------------------+--------------------+
| Ubuntu 24.04 (ARM) | FAIL |
+----------------------------------------+--------------------+
| CentOS Stream 10 (ARM) | FAIL |
+----------------------------------------+--------------------+
| Debian 12 (arm) | FAIL |
+----------------------------------------+--------------------+
| Ubuntu 20.04 ARM Clang Cross Compile | FAIL |
+----------------------------------------+--------------------+
| Ubuntu 22.04 (ARM) | FAIL |
+----------------------------------------+--------------------+
==== 20 line log output for Ubuntu 22.04 (ARM) (dpdk_meson_compile): ====
from ../drivers/net/intel/i40e/i40e_rxtx_vec_neon.c:11:
/usr/lib/gcc/aarch64-linux-gnu/11/include/arm_neon.h:26504:22: note: expected 'uint64_t *' {aka 'long unsigned int *'} but argument is of type 'volatile uint64_t *' {aka 'volatile long unsigned int *'}
26504 | vst1q_u64 (uint64_t *__a, uint64x2_t __b)
| ~~~~~~~~~~^~~
In file included from ../lib/eal/include/dev_driver.h:8,
from ../lib/ethdev/ethdev_driver.h:19,
from ../drivers/net/intel/i40e/i40e_rxtx_vec_neon.c:8:
../lib/eal/include/rte_common.h:593:34: error: passing argument 1 of 'vst1q_u64' discards 'volatile' qualifier from pointer target type [-Werror=discarded-qualifiers]
593 | #define RTE_CAST_PTR(type, ptr) ((type)(uintptr_t)(ptr))
| ~^~~~~~~~~~~~~~~~~~~~~~~
../drivers/net/intel/i40e/../common/rx_vec_neon.h:86:27: note: in expansion of macro 'RTE_CAST_PTR'
86 | vst1q_u64(RTE_CAST_PTR(volatile uint64_t *, ptr1), dma_addr1);
| ^~~~~~~~~~~~
In file included from ../lib/eal/arm/include/rte_vect.h:11,
from ../drivers/net/intel/i40e/i40e_rxtx_vec_neon.c:11:
/usr/lib/gcc/aarch64-linux-gnu/11/include/arm_neon.h:26504:22: note: expected 'uint64_t *' {aka 'long unsigned int *'} but argument is of type 'volatile uint64_t *' {aka 'volatile long unsigned int *'}
26504 | vst1q_u64 (uint64_t *__a, uint64x2_t __b)
| ~~~~~~~~~~^~~
cc1: all warnings being treated as errors
ninja: build stopped: subcommand failed.
==== End log output ====
Fedora 40 (ARM)
Kernel: Depends on container host
Compiler: gcc 14.2.1 20240912 (Red Hat 14.2.1-3)
RHEL9 (ARM)
Kernel: Depends on container host
Compiler: gcc 11.5.0 20240719 (Red Hat 11.5.0-2)
Fedora 40 (ARM Clang)
Kernel: Depends on container host
Compiler: clang 18.1.8 (Fedora 18.1.8-1.fc40)
Debian 12 with MUSDK
Kernel: Depends on container host
Compiler: gcc (Debian 12.2.0-14) 12.2.0
Ubuntu 20.04 ARM GCC Cross Compile
Kernel: Depends on container host
Compiler: aarch64-linux-gnu-gcc (Ubuntu 9.4.0-1ubuntu1~20.04.2) 9.4.0
Ubuntu 20.04 ARM SVE
Kernel: Depends on container host
Compiler: gcc (Ubuntu 10.5.0-1ubuntu1~20.04) 10.5.0
CentOS Stream 9 (ARM)
Kernel: Depends on container host
Compiler: gcc 11.5.0 20240719 (Red Hat 11.5.0-2)
Ubuntu 20.04 aarch32 GCC Cross Compile
Kernel: Depends on container host
Compiler: gcc 9.4.0
Fedora 41 (ARM Clang)
Kernel: Depends on container host
Compiler: clang 19.1.5 (Fedora 19.1.5-1.fc41)
Ubuntu 20.04 (ARM)
Kernel: Depends on container host
Compiler: gcc (Ubuntu 9.4.0-1ubuntu1~20.04.2) 9.4.0
Fedora 41 (ARM)
Kernel: Depends on container host
Compiler: gcc 14.2.1 20240912 (Red Hat 14.2.1-3)
Ubuntu 24.04 (ARM)
Kernel: Depends on container host
Compiler: gcc (Ubuntu 13.3.0-6ubuntu2~24.04) 13.3.0
CentOS Stream 10 (ARM)
Kernel: Depends on container host
Compiler: gcc 14.2.1 20241104 (Red Hat 14.2.1-6)
Debian 12 (arm)
Kernel: Depends on container host
Compiler: gcc (Debian 12.2.0-14) 12.2.0
Ubuntu 20.04 ARM Clang Cross Compile
Kernel: Depends on container host
Compiler: clang 10.0.0-4ubuntu1
Ubuntu 22.04 (ARM)
Kernel: Depends on container host
Compiler: gcc (Ubuntu 11.4.0-1ubuntu1~22.04) 11.4.0
To view detailed results, visit:
https://lab.dpdk.org/results/dashboard/patchsets/33122/
UNH-IOL DPDK Community Lab
To manage your email subscriptions, visit:
https://lab.dpdk.org/results/dashboard/preferences/subscriptions/
^ permalink raw reply [flat|nested] 38+ messages in thread
* |SUCCESS| pw153310-153322 [PATCH] [v1,13/13] net/intel: add common T
[not found] <3925dc733f7a3c4dfcc1a36a5df5d2b14a3c5372.1746538072.git.anatoly.burakov@intel.com>
` (30 preceding siblings ...)
2025-05-07 10:23 ` dpdklab
@ 2025-05-07 11:20 ` dpdklab
2025-05-07 12:46 ` |FAILURE| " dpdklab
` (5 subsequent siblings)
37 siblings, 0 replies; 38+ messages in thread
From: dpdklab @ 2025-05-07 11:20 UTC (permalink / raw)
To: Test Report; +Cc: dpdk-test-reports
Test-Label: iol-compile-amd64-testing
Test-Status: SUCCESS
http://dpdk.org/patch/153322
_Testing PASS_
Submitter: Burakov, Anatoly <anatoly.burakov@intel.com>
Date: Tuesday, May 06 2025 13:28:02
DPDK git baseline: Repo:dpdk
Branch: master
CommitID:7cf0355db9fdab5648b05fd787356c391c510534
153310-153322 --> testing pass
Upstream job id: Generic-DPDK-Compile-Meson#385933
Test environment and result as below:
+-------------------+--------------------+-------------------+------------------+
| Environment | dpdk_meson_compile | dpdk_compile_spdk | dpdk_compile_ovs |
+===================+====================+===================+==================+
| Ubuntu 20.04 | PASS | SKIPPED | SKIPPED |
+-------------------+--------------------+-------------------+------------------+
| CentOS Stream 9 | PASS | PASS | SKIPPED |
+-------------------+--------------------+-------------------+------------------+
| Fedora 41 (Clang) | PASS | PASS | PASS |
+-------------------+--------------------+-------------------+------------------+
| openSUSE Leap 15 | PASS | SKIPPED | SKIPPED |
+-------------------+--------------------+-------------------+------------------+
| Fedora 40 | PASS | PASS | SKIPPED |
+-------------------+--------------------+-------------------+------------------+
| Debian 12 | PASS | PASS | SKIPPED |
+-------------------+--------------------+-------------------+------------------+
| Fedora 40 (Clang) | PASS | PASS | SKIPPED |
+-------------------+--------------------+-------------------+------------------+
| CentOS Stream 10 | PASS | SKIPPED | SKIPPED |
+-------------------+--------------------+-------------------+------------------+
| RHEL9 | PASS | SKIPPED | SKIPPED |
+-------------------+--------------------+-------------------+------------------+
| Ubuntu 24.04 | PASS | PASS | PASS |
+-------------------+--------------------+-------------------+------------------+
| Fedora 41 | PASS | PASS | PASS |
+-------------------+--------------------+-------------------+------------------+
| Ubuntu 22.04 | PASS | PASS | SKIPPED |
+-------------------+--------------------+-------------------+------------------+
| RHEL8 | PASS | SKIPPED | SKIPPED |
+-------------------+--------------------+-------------------+------------------+
| Alpine | PASS | SKIPPED | SKIPPED |
+-------------------+--------------------+-------------------+------------------+
| FreeBSD 13.5 | PASS | SKIPPED | SKIPPED |
+-------------------+--------------------+-------------------+------------------+
| FreeBSD 14.2 | PASS | SKIPPED | SKIPPED |
+-------------------+--------------------+-------------------+------------------+
Ubuntu 20.04
Kernel: Depends on container host
Compiler: gcc (Ubuntu 9.4.0-1ubuntu1~20.04.2) 9.4.0
CentOS Stream 9
Kernel: Depends on container host
Compiler: gcc 11.5.0 20240719 (Red Hat 11.5.0-2)
Fedora 41 (Clang)
Kernel: Depends on container host
Compiler: clang 19.1.5 (Fedora 19.1.5-1.fc41)
openSUSE Leap 15
Kernel: Depends on container host
Compiler: gcc (SUSE Linux) 7.5.0
Fedora 40
Kernel: Depends on container host
Compiler: gcc 14.2.1 20240912 (Red Hat 14.2.1-3)
Debian 12
Kernel: Depends on container host
Compiler: gcc (Debian 12.2.0-14) 12.2.0
Fedora 40 (Clang)
Kernel: Depends on container host
Compiler: clang 18.1.8 (Fedora 18.1.8-1.fc40)
CentOS Stream 10
Kernel: Depends on container host
Compiler: gcc 14.2.1 20241104 (Red Hat 14.2.1-6)
RHEL9
Kernel: Depends on container host
Compiler: gcc 11.5.0 20240719 (Red Hat 11.5.0-2)
Ubuntu 24.04
Kernel: Depends on container host
Compiler: gcc (Ubuntu 13.3.0-6ubuntu2~24.04) 13.3.0
Fedora 41
Kernel: Depends on container host
Compiler: gcc 14.2.1 20240912 (Red Hat 14.2.1-3)
Ubuntu 22.04
Kernel: Depends on container host
Compiler: gcc (Ubuntu 11.4.0-1ubuntu1~22.04) 11.4.0
RHEL8
Kernel: Depends on container host
Compiler: gcc 8.5.0 20210514 (Red Hat 8.5.0-22)
Alpine
Kernel: Depends on container host
Compiler: gcc (Alpine 14.2.0) 14.2.0
FreeBSD 13.5
Kernel: 13.5-RELEASE
Compiler: clang 19.1.7
FreeBSD 14.2
Kernel: 14.2-RELEASE
Compiler: clang 18.1.6
To view detailed results, visit:
https://lab.dpdk.org/results/dashboard/patchsets/33122/
UNH-IOL DPDK Community Lab
To manage your email subscriptions, visit:
https://lab.dpdk.org/results/dashboard/preferences/subscriptions/
^ permalink raw reply [flat|nested] 38+ messages in thread
* |FAILURE| pw153310-153322 [PATCH] [v1,13/13] net/intel: add common T
[not found] <3925dc733f7a3c4dfcc1a36a5df5d2b14a3c5372.1746538072.git.anatoly.burakov@intel.com>
` (31 preceding siblings ...)
2025-05-07 11:20 ` |SUCCESS| " dpdklab
@ 2025-05-07 12:46 ` dpdklab
2025-05-07 17:48 ` dpdklab
` (4 subsequent siblings)
37 siblings, 0 replies; 38+ messages in thread
From: dpdklab @ 2025-05-07 12:46 UTC (permalink / raw)
To: Test Report; +Cc: dpdk-test-reports, Burakov, Anatoly
Test-Label: iol-unit-arm64-testing
Test-Status: FAILURE
http://dpdk.org/patch/153322
_Testing issues_
Submitter: Burakov, Anatoly <anatoly.burakov@intel.com>
Date: Tuesday, May 06 2025 13:28:02
DPDK git baseline: Repo:dpdk
Branch: master
CommitID:7cf0355db9fdab5648b05fd787356c391c510534
153310-153322 --> testing issues
Upstream job id: Aarch32-Unit-Test#6161
Test environment and result as below:
+-----------------------------+--------------+------------------------------+---------------------------+----------------+
| Environment | lpm_autotest | cryptodev_sw_snow3g_autotest | cryptodev_sw_zuc_autotest | dpdk_unit_test |
+=============================+==============+==============================+===========================+================+
| Ubuntu 20.04 ARM SVE | PASS | SKIPPED | SKIPPED | SKIPPED |
+-----------------------------+--------------+------------------------------+---------------------------+----------------+
| Debian 12 (arm) | SKIPPED | WARN | WARN | WARN |
+-----------------------------+--------------+------------------------------+---------------------------+----------------+
| CentOS Stream 9 (ARM) | SKIPPED | SKIPPED | SKIPPED | WARN |
+-----------------------------+--------------+------------------------------+---------------------------+----------------+
| CentOS Stream 10 (ARM) | SKIPPED | SKIPPED | SKIPPED | WARN |
+-----------------------------+--------------+------------------------------+---------------------------+----------------+
| Fedora 41 (ARM Clang) | SKIPPED | SKIPPED | SKIPPED | WARN |
+-----------------------------+--------------+------------------------------+---------------------------+----------------+
| Fedora 40 (ARM) | SKIPPED | SKIPPED | SKIPPED | WARN |
+-----------------------------+--------------+------------------------------+---------------------------+----------------+
| Fedora 40 (ARM Clang) | SKIPPED | SKIPPED | SKIPPED | WARN |
+-----------------------------+--------------+------------------------------+---------------------------+----------------+
| Fedora 41 (ARM) | SKIPPED | SKIPPED | SKIPPED | WARN |
+-----------------------------+--------------+------------------------------+---------------------------+----------------+
| Ubuntu 24.04 (ARM) | SKIPPED | SKIPPED | SKIPPED | WARN |
+-----------------------------+--------------+------------------------------+---------------------------+----------------+
| Ubuntu 22.04 (ARM) | SKIPPED | SKIPPED | SKIPPED | WARN |
+-----------------------------+--------------+------------------------------+---------------------------+----------------+
| RHEL9 (ARM) | SKIPPED | SKIPPED | SKIPPED | WARN |
+-----------------------------+--------------+------------------------------+---------------------------+----------------+
| Ubuntu 20.04 (ARM) | SKIPPED | SKIPPED | SKIPPED | WARN |
+-----------------------------+--------------+------------------------------+---------------------------+----------------+
| 32-bit Ubuntu 22.04.4 (ARM) | SKIPPED | SKIPPED | SKIPPED | FAIL |
+-----------------------------+--------------+------------------------------+---------------------------+----------------+
==== Unit test summary for 32-bit Ubuntu 22.04.4 (ARM) (dpdk_unit_test): ====
Failed to get the unit test results.
Displaying the unit test results is not supported for some environments,
such as our aarch32 testing, where meson is not used to run the tests.
Download the logs available on our CI site.
==== End log output ====
Ubuntu 20.04 ARM SVE
Kernel: Depends on container host
Compiler: gcc (Ubuntu 10.5.0-1ubuntu1~20.04) 10.5.0
Debian 12 (arm)
Kernel: Depends on container host
Compiler: gcc (Debian 12.2.0-14) 12.2.0
CentOS Stream 9 (ARM)
Kernel: Depends on container host
Compiler: gcc 11.5.0 20240719 (Red Hat 11.5.0-2)
CentOS Stream 10 (ARM)
Kernel: Depends on container host
Compiler: gcc 14.2.1 20241104 (Red Hat 14.2.1-6)
Fedora 41 (ARM Clang)
Kernel: Depends on container host
Compiler: clang 19.1.5 (Fedora 19.1.5-1.fc41)
Fedora 40 (ARM)
Kernel: Depends on container host
Compiler: gcc 14.2.1 20240912 (Red Hat 14.2.1-3)
Fedora 40 (ARM Clang)
Kernel: Depends on container host
Compiler: clang 18.1.8 (Fedora 18.1.8-1.fc40)
Fedora 41 (ARM)
Kernel: Depends on container host
Compiler: gcc 14.2.1 20240912 (Red Hat 14.2.1-3)
Ubuntu 24.04 (ARM)
Kernel: Depends on container host
Compiler: gcc (Ubuntu 13.3.0-6ubuntu2~24.04) 13.3.0
Ubuntu 22.04 (ARM)
Kernel: Depends on container host
Compiler: gcc (Ubuntu 11.4.0-1ubuntu1~22.04) 11.4.0
RHEL9 (ARM)
Kernel: Depends on container host
Compiler: gcc 11.5.0 20240719 (Red Hat 11.5.0-2)
Ubuntu 20.04 (ARM)
Kernel: Depends on container host
Compiler: gcc (Ubuntu 9.4.0-1ubuntu1~20.04.2) 9.4.0
32-bit Ubuntu 22.04.4 (ARM)
Kernel: 5.15.83+ aarch64
Compiler: gcc (Ubuntu 11.4.0-1ubuntu1~22.04) 11.4.0
To view detailed results, visit:
https://lab.dpdk.org/results/dashboard/patchsets/33122/
UNH-IOL DPDK Community Lab
To manage your email subscriptions, visit:
https://lab.dpdk.org/results/dashboard/preferences/subscriptions/
^ permalink raw reply [flat|nested] 38+ messages in thread
* |FAILURE| pw153310-153322 [PATCH] [v1,13/13] net/intel: add common T
[not found] <3925dc733f7a3c4dfcc1a36a5df5d2b14a3c5372.1746538072.git.anatoly.burakov@intel.com>
` (32 preceding siblings ...)
2025-05-07 12:46 ` |FAILURE| " dpdklab
@ 2025-05-07 17:48 ` dpdklab
2025-05-07 17:58 ` dpdklab
` (3 subsequent siblings)
37 siblings, 0 replies; 38+ messages in thread
From: dpdklab @ 2025-05-07 17:48 UTC (permalink / raw)
To: Test Report; +Cc: dpdk-test-reports, Anatoly Burakov
Test-Label: iol-unit-amd64-testing
Test-Status: FAILURE
http://dpdk.org/patch/153322
_Testing issues_
Submitter: Anatoly Burakov <anatoly.burakov@intel.com>
Date: Tuesday, May 06 2025 13:28:02
DPDK git baseline: Repo:dpdk
Branch: master
CommitID:7cf0355db9fdab5648b05fd787356c391c510534
153310-153322 --> testing issues
Upstream job id: Generic-VM-Unit-Test-DPDK#28379
Test environment and result as below:
+---------------------+----------------+
| Environment | dpdk_unit_test |
+=====================+================+
| CentOS Stream 10 | PASS |
+---------------------+----------------+
| CentOS Stream 9 | PASS |
+---------------------+----------------+
| Fedora 40 (Clang) | PASS |
+---------------------+----------------+
| Debian 12 | PASS |
+---------------------+----------------+
| Fedora 40 | PASS |
+---------------------+----------------+
| RHEL8 | PASS |
+---------------------+----------------+
| Fedora 41 (Clang) | PASS |
+---------------------+----------------+
| Fedora 41 | PASS |
+---------------------+----------------+
| Ubuntu 22.04 | PASS |
+---------------------+----------------+
| RHEL9 | PASS |
+---------------------+----------------+
| Ubuntu 20.04 | PASS |
+---------------------+----------------+
| Ubuntu 24.04 | PASS |
+---------------------+----------------+
| Windows Server 2022 | FAIL |
+---------------------+----------------+
==== Unit test summary for Windows Server 2022 (dpdk_unit_test): ====
Failed to get the unit test results.
Displaying the unit test results is not supported for some environments,
such as our aarch32 testing, where meson is not used to run the tests.
Download the logs available on our CI site.
==== End log output ====
CentOS Stream 10
Kernel: Depends on container host
Compiler: gcc 14.2.1 20241104 (Red Hat 14.2.1-6)
CentOS Stream 9
Kernel: Depends on container host
Compiler: gcc 11.5.0 20240719 (Red Hat 11.5.0-2)
Fedora 40 (Clang)
Kernel: Depends on container host
Compiler: clang 18.1.8 (Fedora 18.1.8-1.fc40)
Debian 12
Kernel: Depends on container host
Compiler: gcc (Debian 12.2.0-14) 12.2.0
Fedora 40
Kernel: Depends on container host
Compiler: gcc 14.2.1 20240912 (Red Hat 14.2.1-3)
RHEL8
Kernel: Depends on container host
Compiler: gcc 8.5.0 20210514 (Red Hat 8.5.0-22)
Fedora 41 (Clang)
Kernel: Depends on container host
Compiler: clang 19.1.5 (Fedora 19.1.5-1.fc41)
Fedora 41
Kernel: Depends on container host
Compiler: gcc 14.2.1 20240912 (Red Hat 14.2.1-3)
Ubuntu 22.04
Kernel: Depends on container host
Compiler: gcc (Ubuntu 11.4.0-1ubuntu1~22.04) 11.4.0
RHEL9
Kernel: Depends on container host
Compiler: gcc 11.5.0 20240719 (Red Hat 11.5.0-2)
Ubuntu 20.04
Kernel: Depends on container host
Compiler: gcc (Ubuntu 9.4.0-1ubuntu1~20.04.2) 9.4.0
Ubuntu 24.04
Kernel: Depends on container host
Compiler: gcc (Ubuntu 13.3.0-6ubuntu2~24.04) 13.3.0
Windows Server 2022
Kernel: 10.0.20348.2031
Compiler: clang 15.0.7, gcc 14.1.0 (MinGW), and MSVC VS 19.39.33521
To view detailed results, visit:
https://lab.dpdk.org/results/dashboard/patchsets/33122/
UNH-IOL DPDK Community Lab
To manage your email subscriptions, visit:
https://lab.dpdk.org/results/dashboard/preferences/subscriptions/
^ permalink raw reply [flat|nested] 38+ messages in thread
* |FAILURE| pw153310-153322 [PATCH] [v1,13/13] net/intel: add common T
[not found] <3925dc733f7a3c4dfcc1a36a5df5d2b14a3c5372.1746538072.git.anatoly.burakov@intel.com>
` (33 preceding siblings ...)
2025-05-07 17:48 ` dpdklab
@ 2025-05-07 17:58 ` dpdklab
2025-05-07 17:58 ` dpdklab
` (2 subsequent siblings)
37 siblings, 0 replies; 38+ messages in thread
From: dpdklab @ 2025-05-07 17:58 UTC (permalink / raw)
To: Test Report; +Cc: dpdk-test-reports, Anatoly Burakov
Test-Label: iol-unit-amd64-testing
Test-Status: FAILURE
http://dpdk.org/patch/153322
_Testing issues_
Submitter: Anatoly Burakov <anatoly.burakov@intel.com>
Date: Tuesday, May 06 2025 13:28:02
DPDK git baseline: Repo:dpdk
Branch: master
CommitID:7cf0355db9fdab5648b05fd787356c391c510534
153310-153322 --> testing issues
Upstream job id: Generic-VM-Unit-Test-DPDK#28380
Test environment and result as below:
+---------------------+----------------+
| Environment | dpdk_unit_test |
+=====================+================+
| CentOS Stream 10 | PASS |
+---------------------+----------------+
| CentOS Stream 9 | PASS |
+---------------------+----------------+
| Fedora 40 (Clang) | PASS |
+---------------------+----------------+
| Debian 12 | PASS |
+---------------------+----------------+
| Fedora 40 | PASS |
+---------------------+----------------+
| RHEL8 | PASS |
+---------------------+----------------+
| Fedora 41 (Clang) | PASS |
+---------------------+----------------+
| Fedora 41 | PASS |
+---------------------+----------------+
| Ubuntu 22.04 | PASS |
+---------------------+----------------+
| RHEL9 | PASS |
+---------------------+----------------+
| Ubuntu 20.04 | PASS |
+---------------------+----------------+
| Ubuntu 24.04 | PASS |
+---------------------+----------------+
| Windows Server 2022 | FAIL |
+---------------------+----------------+
==== Unit test summary for Windows Server 2022 (dpdk_unit_test): ====
Failed to get the unit test results.
Displaying the unit test results is not supported for some environments,
such as our aarch32 testing, where meson is not used to run the tests.
Download the logs available on our CI site.
==== End log output ====
CentOS Stream 10
Kernel: Depends on container host
Compiler: gcc 14.2.1 20241104 (Red Hat 14.2.1-6)
CentOS Stream 9
Kernel: Depends on container host
Compiler: gcc 11.5.0 20240719 (Red Hat 11.5.0-2)
Fedora 40 (Clang)
Kernel: Depends on container host
Compiler: clang 18.1.8 (Fedora 18.1.8-1.fc40)
Debian 12
Kernel: Depends on container host
Compiler: gcc (Debian 12.2.0-14) 12.2.0
Fedora 40
Kernel: Depends on container host
Compiler: gcc 14.2.1 20240912 (Red Hat 14.2.1-3)
RHEL8
Kernel: Depends on container host
Compiler: gcc 8.5.0 20210514 (Red Hat 8.5.0-22)
Fedora 41 (Clang)
Kernel: Depends on container host
Compiler: clang 19.1.5 (Fedora 19.1.5-1.fc41)
Fedora 41
Kernel: Depends on container host
Compiler: gcc 14.2.1 20240912 (Red Hat 14.2.1-3)
Ubuntu 22.04
Kernel: Depends on container host
Compiler: gcc (Ubuntu 11.4.0-1ubuntu1~22.04) 11.4.0
RHEL9
Kernel: Depends on container host
Compiler: gcc 11.5.0 20240719 (Red Hat 11.5.0-2)
Ubuntu 20.04
Kernel: Depends on container host
Compiler: gcc (Ubuntu 9.4.0-1ubuntu1~20.04.2) 9.4.0
Ubuntu 24.04
Kernel: Depends on container host
Compiler: gcc (Ubuntu 13.3.0-6ubuntu2~24.04) 13.3.0
Windows Server 2022
Kernel: 10.0.20348.2031
Compiler: clang 15.0.7, gcc 14.1.0 (MinGW), and MSVC VS 19.39.33521
To view detailed results, visit:
https://lab.dpdk.org/results/dashboard/patchsets/33122/
UNH-IOL DPDK Community Lab
To manage your email subscriptions, visit:
https://lab.dpdk.org/results/dashboard/preferences/subscriptions/
^ permalink raw reply [flat|nested] 38+ messages in thread
* |FAILURE| pw153310-153322 [PATCH] [v1,13/13] net/intel: add common T
[not found] <3925dc733f7a3c4dfcc1a36a5df5d2b14a3c5372.1746538072.git.anatoly.burakov@intel.com>
` (34 preceding siblings ...)
2025-05-07 17:58 ` dpdklab
@ 2025-05-07 17:58 ` dpdklab
2025-05-07 18:09 ` dpdklab
2025-05-07 20:49 ` |SUCCESS| " dpdklab
37 siblings, 0 replies; 38+ messages in thread
From: dpdklab @ 2025-05-07 17:58 UTC (permalink / raw)
To: Test Report; +Cc: dpdk-test-reports, Anatoly Burakov
Test-Label: iol-compile-amd64-testing
Test-Status: FAILURE
http://dpdk.org/patch/153322
_Testing issues_
Submitter: Anatoly Burakov <anatoly.burakov@intel.com>
Date: Tuesday, May 06 2025 13:28:02
DPDK git baseline: Repo:dpdk
Branch: master
CommitID:7cf0355db9fdab5648b05fd787356c391c510534
153310-153322 --> testing issues
Upstream job id: Windows-Compile-DPDK-Native#28260
Test environment and result as below:
+-----------------------------------+--------------------+-------------------+------------------+-------------------+-------------------------+
| Environment | dpdk_meson_compile | dpdk_compile_spdk | dpdk_compile_ovs | dpdk_msvc_compile | dpdk_llvm_clang_compile |
+===================================+====================+===================+==================+===================+=========================+
| Ubuntu 20.04 | PASS | SKIPPED | SKIPPED | SKIPPED | SKIPPED |
+-----------------------------------+--------------------+-------------------+------------------+-------------------+-------------------------+
| CentOS Stream 9 | PASS | PASS | SKIPPED | SKIPPED | SKIPPED |
+-----------------------------------+--------------------+-------------------+------------------+-------------------+-------------------------+
| Fedora 41 (Clang) | PASS | PASS | PASS | SKIPPED | SKIPPED |
+-----------------------------------+--------------------+-------------------+------------------+-------------------+-------------------------+
| openSUSE Leap 15 | PASS | SKIPPED | SKIPPED | SKIPPED | SKIPPED |
+-----------------------------------+--------------------+-------------------+------------------+-------------------+-------------------------+
| Fedora 40 | PASS | PASS | SKIPPED | SKIPPED | SKIPPED |
+-----------------------------------+--------------------+-------------------+------------------+-------------------+-------------------------+
| Debian 12 | PASS | PASS | SKIPPED | SKIPPED | SKIPPED |
+-----------------------------------+--------------------+-------------------+------------------+-------------------+-------------------------+
| Fedora 40 (Clang) | PASS | PASS | SKIPPED | SKIPPED | SKIPPED |
+-----------------------------------+--------------------+-------------------+------------------+-------------------+-------------------------+
| CentOS Stream 10 | PASS | SKIPPED | SKIPPED | SKIPPED | SKIPPED |
+-----------------------------------+--------------------+-------------------+------------------+-------------------+-------------------------+
| RHEL9 | PASS | SKIPPED | SKIPPED | SKIPPED | SKIPPED |
+-----------------------------------+--------------------+-------------------+------------------+-------------------+-------------------------+
| Ubuntu 24.04 | PASS | PASS | PASS | SKIPPED | SKIPPED |
+-----------------------------------+--------------------+-------------------+------------------+-------------------+-------------------------+
| Fedora 41 | PASS | PASS | PASS | SKIPPED | SKIPPED |
+-----------------------------------+--------------------+-------------------+------------------+-------------------+-------------------------+
| Ubuntu 22.04 | PASS | PASS | SKIPPED | SKIPPED | SKIPPED |
+-----------------------------------+--------------------+-------------------+------------------+-------------------+-------------------------+
| RHEL8 | PASS | SKIPPED | SKIPPED | SKIPPED | SKIPPED |
+-----------------------------------+--------------------+-------------------+------------------+-------------------+-------------------------+
| Alpine | PASS | SKIPPED | SKIPPED | SKIPPED | SKIPPED |
+-----------------------------------+--------------------+-------------------+------------------+-------------------+-------------------------+
| FreeBSD 13.5 | PASS | SKIPPED | SKIPPED | SKIPPED | SKIPPED |
+-----------------------------------+--------------------+-------------------+------------------+-------------------+-------------------------+
| FreeBSD 14.2 | PASS | SKIPPED | SKIPPED | SKIPPED | SKIPPED |
+-----------------------------------+--------------------+-------------------+------------------+-------------------+-------------------------+
| Ubuntu 24.04 32 Bit Cross Compile | FAIL | SKIPPED | SKIPPED | SKIPPED | SKIPPED |
+-----------------------------------+--------------------+-------------------+------------------+-------------------+-------------------------+
| Windows Server 2022 | SKIPPED | SKIPPED | SKIPPED | PASS | FAIL |
+-----------------------------------+--------------------+-------------------+------------------+-------------------+-------------------------+
==== 20 line log output for Windows Server 2022 (dpdk_llvm_clang_compile): ====
^
1 error generated.
[205/858] Compiling C object drivers/libtmp_rte_net_e1000.a.p/net_intel_e1000_igb_ethdev.c.obj
[206/858] Compiling C object drivers/libtmp_rte_net_i40e.a.p/net_intel_i40e_base_i40e_adminq.c.obj
[207/858] Compiling C object drivers/librte_net_i40e_avx2_lib.a.p/net_intel_i40e_i40e_rxtx_vec_avx2.c.obj
FAILED: drivers/librte_net_i40e_avx2_lib.a.p/net_intel_i40e_i40e_rxtx_vec_avx2.c.obj
"clang" "-Idrivers\librte_net_i40e_avx2_lib.a.p" "-Idrivers" "-I..\drivers" "-Idrivers\net\intel\i40e" "-I..\drivers\net\intel\i40e" "-Idrivers\net\intel\i40e\base" "-I..\drivers\net\intel\i40e\base" "-Ilib\ethdev" "-I..\lib\ethdev" "-Ilib\eal\common" "-I..\lib\eal\common" "-I." "-I.." "-Iconfig" "-I..\config" "-Ilib\eal\include" "-I..\lib\eal\include" "-Ilib\eal\windows\include" "-I..\lib\eal\windows\include" "-Ilib\eal\x86\include" "-I..\lib\eal\x86\include" "-Ilib\eal" "-I..\lib\eal" "-Ilib\log" "-I..\lib\log" "-Ilib\kvargs" "-I..\lib\kvargs" "-Ilib\net" "-I..\lib\net" "-Ilib\mbuf" "-I..\lib\mbuf" "-Ilib\mempool" "-I..\lib\mempool" "-Ilib\ring" "-I..\lib\ring" "-Ilib\metrics" "-I..\lib\metrics" "-Ilib\telemetry" "-I..\lib\telemetry" "-Ilib\meter" "-I..\lib\meter" "-Idrivers\bus\pci" "-I..\drivers\bus\pci" "-I..\drivers\bus\pci\windows" "-Ilib\pci" "-I..\lib\pci" "-Idrivers\bus\vdev" "-I..\drivers\bus\vdev" "-Ilib\hash" "-I..\lib\hash" "-Ilib\rcu" "-I..\lib\rcu" "-IC:\Program Files
\Mellanox\MLNX_WinOF2_DevX_SDK\inc" "-Xclang" "-fcolor-diagnostics" "-pipe" "-D_FILE_OFFSET_BITS=64" "-Wall" "-Winvalid-pch" "-Wextra" "-Werror" "-std=c11" "-O3" "-include" "rte_config.h" "-Wvla" "-Wcast-qual" "-Wdeprecated" "-Wformat" "-Wformat-nonliteral" "-Wformat-security" "-Wmissing-declarations" "-Wmissing-prototypes" "-Wnested-externs" "-Wold-style-definition" "-Wpointer-arith" "-Wsign-compare" "-Wstrict-prototypes" "-Wundef" "-Wwrite-strings" "-Wno-missing-field-initializers" "-D_GNU_SOURCE" "-D_WIN32_WINNT=0x0A00" "-D_CRT_SECURE_NO_WARNINGS" "-march=native" "-mrtm" "-DALLOW_EXPERIMENTAL_API" "-DALLOW_INTERNAL_API" "-Wno-address-of-packed-member" "-DRTE_LOG_DEFAULT_LOGTYPE=pmd.net.i40e" "-DRTE_ANNOTATE_LOCKS" "-Wthread-safety" "-mavx2" -MD -MQ drivers/librte_net_i40e_avx2_lib.a.p/net_intel_i40e_i40e_rxtx_vec_avx2.c.obj -MF "drivers\librte_net_i40e_avx2_lib.a.p\net_intel_i40e_i40e_rxtx_vec_avx2.c.obj.d" -o drivers/librte_net_i40e_avx2_lib.a.p/net_intel_i40e_i40e_rxtx_vec_avx2
.c.obj "-c" ../drivers/net/intel/i40e/i40e_rxtx_vec_avx2.c
In file included from ../drivers/net/intel/i40e/i40e_rxtx_vec_avx2.c:12:
In file included from ..\drivers\net\intel\i40e/i40e_rxtx.h:9:
..\drivers\net\intel\i40e/../common/rx.h:80:2: error: unknown type name 'off_t'
off_t xtr_field_offs; /* Protocol extraction matedata offset*/
^
1 error generated.
[208/858] Generating rte_dma_skeleton.pmd.c with a custom command (wrapped by meson to set PATH)
[209/858] Compiling C object drivers/libtmp_rte_net_i40e.a.p/net_intel_i40e_base_i40e_common.c.obj
[210/858] Compiling C object drivers/libtmp_rte_net_i40e.a.p/net_intel_i40e_base_i40e_dcb.c.obj
[211/858] Compiling C object drivers/libtmp_rte_net_i40e.a.p/net_intel_i40e_i40e_pf.c.obj
[212/858] Compiling C object drivers/libtmp_rte_net_mlx5.a.p/net_mlx5_mlx5_tx_mpw.c.obj
[213/858] Compiling C object drivers/libtmp_rte_net_i40e.a.p/net_intel_i40e_i40e_ethdev.c.obj
ninja: build stopped: subcommand failed.
==== End log output ====
Ubuntu 20.04
Kernel: Depends on container host
Compiler: gcc (Ubuntu 9.4.0-1ubuntu1~20.04.2) 9.4.0
CentOS Stream 9
Kernel: Depends on container host
Compiler: gcc 11.5.0 20240719 (Red Hat 11.5.0-2)
Fedora 41 (Clang)
Kernel: Depends on container host
Compiler: clang 19.1.5 (Fedora 19.1.5-1.fc41)
openSUSE Leap 15
Kernel: Depends on container host
Compiler: gcc (SUSE Linux) 7.5.0
Fedora 40
Kernel: Depends on container host
Compiler: gcc 14.2.1 20240912 (Red Hat 14.2.1-3)
Debian 12
Kernel: Depends on container host
Compiler: gcc (Debian 12.2.0-14) 12.2.0
Fedora 40 (Clang)
Kernel: Depends on container host
Compiler: clang 18.1.8 (Fedora 18.1.8-1.fc40)
CentOS Stream 10
Kernel: Depends on container host
Compiler: gcc 14.2.1 20241104 (Red Hat 14.2.1-6)
RHEL9
Kernel: Depends on container host
Compiler: gcc 11.5.0 20240719 (Red Hat 11.5.0-2)
Ubuntu 24.04
Kernel: Depends on container host
Compiler: gcc (Ubuntu 13.3.0-6ubuntu2~24.04) 13.3.0
Fedora 41
Kernel: Depends on container host
Compiler: gcc 14.2.1 20240912 (Red Hat 14.2.1-3)
Ubuntu 22.04
Kernel: Depends on container host
Compiler: gcc (Ubuntu 11.4.0-1ubuntu1~22.04) 11.4.0
RHEL8
Kernel: Depends on container host
Compiler: gcc 8.5.0 20210514 (Red Hat 8.5.0-22)
Alpine
Kernel: Depends on container host
Compiler: gcc (Alpine 14.2.0) 14.2.0
FreeBSD 13.5
Kernel: 13.5-RELEASE
Compiler: clang 19.1.7
FreeBSD 14.2
Kernel: 14.2-RELEASE
Compiler: clang 18.1.6
Ubuntu 24.04 32 Bit Cross Compile
Kernel: Depends on container host
Compiler: gcc (Ubuntu 13.3.0-6ubuntu2~24.04) 13.3.0
Windows Server 2022
Kernel: 10.0.20348.2031
Compiler: clang 15.0.7, gcc 14.1.0 (MinGW), and MSVC VS 19.39.33521
To view detailed results, visit:
https://lab.dpdk.org/results/dashboard/patchsets/33122/
UNH-IOL DPDK Community Lab
To manage your email subscriptions, visit:
https://lab.dpdk.org/results/dashboard/preferences/subscriptions/
^ permalink raw reply [flat|nested] 38+ messages in thread
* |FAILURE| pw153310-153322 [PATCH] [v1,13/13] net/intel: add common T
[not found] <3925dc733f7a3c4dfcc1a36a5df5d2b14a3c5372.1746538072.git.anatoly.burakov@intel.com>
` (35 preceding siblings ...)
2025-05-07 17:58 ` dpdklab
@ 2025-05-07 18:09 ` dpdklab
2025-05-07 20:49 ` |SUCCESS| " dpdklab
37 siblings, 0 replies; 38+ messages in thread
From: dpdklab @ 2025-05-07 18:09 UTC (permalink / raw)
To: Test Report; +Cc: dpdk-test-reports, Anatoly Burakov
Test-Label: iol-compile-amd64-testing
Test-Status: FAILURE
http://dpdk.org/patch/153322
_Testing issues_
Submitter: Anatoly Burakov <anatoly.burakov@intel.com>
Date: Tuesday, May 06 2025 13:28:02
DPDK git baseline: Repo:dpdk
Branch: master
CommitID:7cf0355db9fdab5648b05fd787356c391c510534
153310-153322 --> testing issues
Upstream job id: Windows-Compile-DPDK-Native#28261
Test environment and result as below:
+-----------------------------------+--------------------+-------------------+------------------+-------------------+-------------------------+----------------------+
| Environment | dpdk_meson_compile | dpdk_compile_spdk | dpdk_compile_ovs | dpdk_msvc_compile | dpdk_llvm_clang_compile | dpdk_mingw64_compile |
+===================================+====================+===================+==================+===================+=========================+======================+
| Ubuntu 20.04 | PASS | SKIPPED | SKIPPED | SKIPPED | SKIPPED | SKIPPED |
+-----------------------------------+--------------------+-------------------+------------------+-------------------+-------------------------+----------------------+
| CentOS Stream 9 | PASS | PASS | SKIPPED | SKIPPED | SKIPPED | SKIPPED |
+-----------------------------------+--------------------+-------------------+------------------+-------------------+-------------------------+----------------------+
| Fedora 41 (Clang) | PASS | PASS | PASS | SKIPPED | SKIPPED | SKIPPED |
+-----------------------------------+--------------------+-------------------+------------------+-------------------+-------------------------+----------------------+
| openSUSE Leap 15 | PASS | SKIPPED | SKIPPED | SKIPPED | SKIPPED | SKIPPED |
+-----------------------------------+--------------------+-------------------+------------------+-------------------+-------------------------+----------------------+
| Fedora 40 | PASS | PASS | SKIPPED | SKIPPED | SKIPPED | SKIPPED |
+-----------------------------------+--------------------+-------------------+------------------+-------------------+-------------------------+----------------------+
| Debian 12 | PASS | PASS | SKIPPED | SKIPPED | SKIPPED | SKIPPED |
+-----------------------------------+--------------------+-------------------+------------------+-------------------+-------------------------+----------------------+
| Fedora 40 (Clang) | PASS | PASS | SKIPPED | SKIPPED | SKIPPED | SKIPPED |
+-----------------------------------+--------------------+-------------------+------------------+-------------------+-------------------------+----------------------+
| CentOS Stream 10 | PASS | SKIPPED | SKIPPED | SKIPPED | SKIPPED | SKIPPED |
+-----------------------------------+--------------------+-------------------+------------------+-------------------+-------------------------+----------------------+
| RHEL9 | PASS | SKIPPED | SKIPPED | SKIPPED | SKIPPED | SKIPPED |
+-----------------------------------+--------------------+-------------------+------------------+-------------------+-------------------------+----------------------+
| Ubuntu 24.04 | PASS | PASS | PASS | SKIPPED | SKIPPED | SKIPPED |
+-----------------------------------+--------------------+-------------------+------------------+-------------------+-------------------------+----------------------+
| Fedora 41 | PASS | PASS | PASS | SKIPPED | SKIPPED | SKIPPED |
+-----------------------------------+--------------------+-------------------+------------------+-------------------+-------------------------+----------------------+
| Ubuntu 22.04 | PASS | PASS | SKIPPED | SKIPPED | SKIPPED | SKIPPED |
+-----------------------------------+--------------------+-------------------+------------------+-------------------+-------------------------+----------------------+
| RHEL8 | PASS | SKIPPED | SKIPPED | SKIPPED | SKIPPED | SKIPPED |
+-----------------------------------+--------------------+-------------------+------------------+-------------------+-------------------------+----------------------+
| Alpine | PASS | SKIPPED | SKIPPED | SKIPPED | SKIPPED | SKIPPED |
+-----------------------------------+--------------------+-------------------+------------------+-------------------+-------------------------+----------------------+
| FreeBSD 13.5 | PASS | SKIPPED | SKIPPED | SKIPPED | SKIPPED | SKIPPED |
+-----------------------------------+--------------------+-------------------+------------------+-------------------+-------------------------+----------------------+
| FreeBSD 14.2 | PASS | SKIPPED | SKIPPED | SKIPPED | SKIPPED | SKIPPED |
+-----------------------------------+--------------------+-------------------+------------------+-------------------+-------------------------+----------------------+
| Ubuntu 24.04 32 Bit Cross Compile | FAIL | SKIPPED | SKIPPED | SKIPPED | SKIPPED | SKIPPED |
+-----------------------------------+--------------------+-------------------+------------------+-------------------+-------------------------+----------------------+
| Windows Server 2022 | SKIPPED | SKIPPED | SKIPPED | PASS | FAIL | PASS |
+-----------------------------------+--------------------+-------------------+------------------+-------------------+-------------------------+----------------------+
==== 20 line log output for Windows Server 2022 (dpdk_llvm_clang_compile): ====
^
1 error generated.
[205/858] Compiling C object drivers/libtmp_rte_net_e1000.a.p/net_intel_e1000_igb_ethdev.c.obj
[206/858] Compiling C object drivers/libtmp_rte_net_i40e.a.p/net_intel_i40e_base_i40e_adminq.c.obj
[207/858] Compiling C object drivers/librte_net_i40e_avx2_lib.a.p/net_intel_i40e_i40e_rxtx_vec_avx2.c.obj
FAILED: drivers/librte_net_i40e_avx2_lib.a.p/net_intel_i40e_i40e_rxtx_vec_avx2.c.obj
"clang" "-Idrivers\librte_net_i40e_avx2_lib.a.p" "-Idrivers" "-I..\drivers" "-Idrivers\net\intel\i40e" "-I..\drivers\net\intel\i40e" "-Idrivers\net\intel\i40e\base" "-I..\drivers\net\intel\i40e\base" "-Ilib\ethdev" "-I..\lib\ethdev" "-Ilib\eal\common" "-I..\lib\eal\common" "-I." "-I.." "-Iconfig" "-I..\config" "-Ilib\eal\include" "-I..\lib\eal\include" "-Ilib\eal\windows\include" "-I..\lib\eal\windows\include" "-Ilib\eal\x86\include" "-I..\lib\eal\x86\include" "-Ilib\eal" "-I..\lib\eal" "-Ilib\log" "-I..\lib\log" "-Ilib\kvargs" "-I..\lib\kvargs" "-Ilib\net" "-I..\lib\net" "-Ilib\mbuf" "-I..\lib\mbuf" "-Ilib\mempool" "-I..\lib\mempool" "-Ilib\ring" "-I..\lib\ring" "-Ilib\metrics" "-I..\lib\metrics" "-Ilib\telemetry" "-I..\lib\telemetry" "-Ilib\meter" "-I..\lib\meter" "-Idrivers\bus\pci" "-I..\drivers\bus\pci" "-I..\drivers\bus\pci\windows" "-Ilib\pci" "-I..\lib\pci" "-Idrivers\bus\vdev" "-I..\drivers\bus\vdev" "-Ilib\hash" "-I..\lib\hash" "-Ilib\rcu" "-I..\lib\rcu" "-IC:\Program Files
\Mellanox\MLNX_WinOF2_DevX_SDK\inc" "-Xclang" "-fcolor-diagnostics" "-pipe" "-D_FILE_OFFSET_BITS=64" "-Wall" "-Winvalid-pch" "-Wextra" "-Werror" "-std=c11" "-O3" "-include" "rte_config.h" "-Wvla" "-Wcast-qual" "-Wdeprecated" "-Wformat" "-Wformat-nonliteral" "-Wformat-security" "-Wmissing-declarations" "-Wmissing-prototypes" "-Wnested-externs" "-Wold-style-definition" "-Wpointer-arith" "-Wsign-compare" "-Wstrict-prototypes" "-Wundef" "-Wwrite-strings" "-Wno-missing-field-initializers" "-D_GNU_SOURCE" "-D_WIN32_WINNT=0x0A00" "-D_CRT_SECURE_NO_WARNINGS" "-march=native" "-mrtm" "-DALLOW_EXPERIMENTAL_API" "-DALLOW_INTERNAL_API" "-Wno-address-of-packed-member" "-DRTE_LOG_DEFAULT_LOGTYPE=pmd.net.i40e" "-DRTE_ANNOTATE_LOCKS" "-Wthread-safety" "-mavx2" -MD -MQ drivers/librte_net_i40e_avx2_lib.a.p/net_intel_i40e_i40e_rxtx_vec_avx2.c.obj -MF "drivers\librte_net_i40e_avx2_lib.a.p\net_intel_i40e_i40e_rxtx_vec_avx2.c.obj.d" -o drivers/librte_net_i40e_avx2_lib.a.p/net_intel_i40e_i40e_rxtx_vec_avx2
.c.obj "-c" ../drivers/net/intel/i40e/i40e_rxtx_vec_avx2.c
In file included from ../drivers/net/intel/i40e/i40e_rxtx_vec_avx2.c:12:
In file included from ..\drivers\net\intel\i40e/i40e_rxtx.h:9:
..\drivers\net\intel\i40e/../common/rx.h:80:2: error: unknown type name 'off_t'
off_t xtr_field_offs; /* Protocol extraction matedata offset*/
^
1 error generated.
[208/858] Generating rte_dma_skeleton.pmd.c with a custom command (wrapped by meson to set PATH)
[209/858] Compiling C object drivers/libtmp_rte_net_i40e.a.p/net_intel_i40e_base_i40e_common.c.obj
[210/858] Compiling C object drivers/libtmp_rte_net_i40e.a.p/net_intel_i40e_base_i40e_dcb.c.obj
[211/858] Compiling C object drivers/libtmp_rte_net_i40e.a.p/net_intel_i40e_i40e_pf.c.obj
[212/858] Compiling C object drivers/libtmp_rte_net_mlx5.a.p/net_mlx5_mlx5_tx_mpw.c.obj
[213/858] Compiling C object drivers/libtmp_rte_net_i40e.a.p/net_intel_i40e_i40e_ethdev.c.obj
ninja: build stopped: subcommand failed.
==== End log output ====
Ubuntu 20.04
Kernel: Depends on container host
Compiler: gcc (Ubuntu 9.4.0-1ubuntu1~20.04.2) 9.4.0
CentOS Stream 9
Kernel: Depends on container host
Compiler: gcc 11.5.0 20240719 (Red Hat 11.5.0-2)
Fedora 41 (Clang)
Kernel: Depends on container host
Compiler: clang 19.1.5 (Fedora 19.1.5-1.fc41)
openSUSE Leap 15
Kernel: Depends on container host
Compiler: gcc (SUSE Linux) 7.5.0
Fedora 40
Kernel: Depends on container host
Compiler: gcc 14.2.1 20240912 (Red Hat 14.2.1-3)
Debian 12
Kernel: Depends on container host
Compiler: gcc (Debian 12.2.0-14) 12.2.0
Fedora 40 (Clang)
Kernel: Depends on container host
Compiler: clang 18.1.8 (Fedora 18.1.8-1.fc40)
CentOS Stream 10
Kernel: Depends on container host
Compiler: gcc 14.2.1 20241104 (Red Hat 14.2.1-6)
RHEL9
Kernel: Depends on container host
Compiler: gcc 11.5.0 20240719 (Red Hat 11.5.0-2)
Ubuntu 24.04
Kernel: Depends on container host
Compiler: gcc (Ubuntu 13.3.0-6ubuntu2~24.04) 13.3.0
Fedora 41
Kernel: Depends on container host
Compiler: gcc 14.2.1 20240912 (Red Hat 14.2.1-3)
Ubuntu 22.04
Kernel: Depends on container host
Compiler: gcc (Ubuntu 11.4.0-1ubuntu1~22.04) 11.4.0
RHEL8
Kernel: Depends on container host
Compiler: gcc 8.5.0 20210514 (Red Hat 8.5.0-22)
Alpine
Kernel: Depends on container host
Compiler: gcc (Alpine 14.2.0) 14.2.0
FreeBSD 13.5
Kernel: 13.5-RELEASE
Compiler: clang 19.1.7
FreeBSD 14.2
Kernel: 14.2-RELEASE
Compiler: clang 18.1.6
Ubuntu 24.04 32 Bit Cross Compile
Kernel: Depends on container host
Compiler: gcc (Ubuntu 13.3.0-6ubuntu2~24.04) 13.3.0
Windows Server 2022
Kernel: 10.0.20348.2031
Compiler: clang 15.0.7, gcc 14.1.0 (MinGW), and MSVC VS 19.39.33521
To view detailed results, visit:
https://lab.dpdk.org/results/dashboard/patchsets/33122/
UNH-IOL DPDK Community Lab
To manage your email subscriptions, visit:
https://lab.dpdk.org/results/dashboard/preferences/subscriptions/
^ permalink raw reply [flat|nested] 38+ messages in thread
* |SUCCESS| pw153310-153322 [PATCH] [v1,13/13] net/intel: add common T
[not found] <3925dc733f7a3c4dfcc1a36a5df5d2b14a3c5372.1746538072.git.anatoly.burakov@intel.com>
` (36 preceding siblings ...)
2025-05-07 18:09 ` dpdklab
@ 2025-05-07 20:49 ` dpdklab
37 siblings, 0 replies; 38+ messages in thread
From: dpdklab @ 2025-05-07 20:49 UTC (permalink / raw)
To: Test Report; +Cc: dpdk-test-reports
Test-Label: iol-sample-apps-testing
Test-Status: SUCCESS
http://dpdk.org/patch/153322
_Testing PASS_
Submitter: Anatoly Burakov <anatoly.burakov@intel.com>
Date: Tuesday, May 06 2025 13:28:02
DPDK git baseline: Repo:dpdk
Branch: master
CommitID:7cf0355db9fdab5648b05fd787356c391c510534
153310-153322 --> testing pass
Upstream job id: ACVP-FIPS-testing#9740
Test environment and result as below:
+--------------+----------------------+----------------------+
| Environment | compressdev_zlib_pmd | dpdk_fips_validation |
+==============+======================+======================+
| Ubuntu 22.04 | PASS | SKIPPED |
+--------------+----------------------+----------------------+
| Ubuntu 20.04 | SKIPPED | PASS |
+--------------+----------------------+----------------------+
Ubuntu 22.04
Kernel: 5.15.0-100-generic
Compiler: gcc gcc (Ubuntu 11.4.0-1ubuntu1~22.04) 11.4.0
Ubuntu 20.04
Kernel: Depends on container host
Compiler: gcc (Ubuntu 9.4.0-1ubuntu1~20.04.2) 9.4.0
To view detailed results, visit:
https://lab.dpdk.org/results/dashboard/patchsets/33122/
UNH-IOL DPDK Community Lab
To manage your email subscriptions, visit:
https://lab.dpdk.org/results/dashboard/preferences/subscriptions/
^ permalink raw reply [flat|nested] 38+ messages in thread