From mboxrd@z Thu Jan 1 00:00:00 1970 Return-Path: Received: from mails.dpdk.org (mails.dpdk.org [217.70.189.124]) by inbox.dpdk.org (Postfix) with ESMTP id BFA52466E6 for ; Wed, 7 May 2025 09:59:35 +0200 (CEST) Received: from mails.dpdk.org (localhost [127.0.0.1]) by mails.dpdk.org (Postfix) with ESMTP id BA4F24025D; Wed, 7 May 2025 09:59:35 +0200 (CEST) Received: from mail-pg1-f227.google.com (mail-pg1-f227.google.com [209.85.215.227]) by mails.dpdk.org (Postfix) with ESMTP id BBE644025A for ; Wed, 7 May 2025 09:59:34 +0200 (CEST) Received: by mail-pg1-f227.google.com with SMTP id 41be03b00d2f7-7fd35b301bdso7994483a12.2 for ; Wed, 07 May 2025 00:59:34 -0700 (PDT) DKIM-Signature: v=1; a=rsa-sha256; c=relaxed/relaxed; d=iol.unh.edu; s=unh-iol; t=1746604774; x=1747209574; darn=dpdk.org; h=cc:to:from:subject:message-id:date:from:to:cc:subject:date :message-id:reply-to; bh=WUi+zQLTqlOQzM0xQtGUaIC85O+3SuFj+KIE6CVF34g=; b=cAt/JYdWz/KNvHVCkQkl89jCUocV4xrkBHhne2Pf6LgA9S71FM3kbsygOsfFBuSyoq JRUaCEeAufN0RCnkXDcggHMr2lVKBqgQNi+Gyvjub8n6Pl5+/9oHKANrsrMRII67PHrw TW90WfI1SdBnk2S70HcLMyslh3qZJ02aSk/Rw= X-Google-DKIM-Signature: v=1; a=rsa-sha256; c=relaxed/relaxed; d=1e100.net; s=20230601; t=1746604774; x=1747209574; h=cc:to:from:subject:message-id:date:x-gm-message-state:from:to:cc :subject:date:message-id:reply-to; bh=WUi+zQLTqlOQzM0xQtGUaIC85O+3SuFj+KIE6CVF34g=; b=IO/MQHFYA7ktpB/3ppFu/R7ogN5I6R2Q16kPYY6JrS/Rp/vggDtDGsPptVdu1vYFti RGLnTAckzAsFv4IVNdrdYaA4+1G/GF2d8z6zHO7qYpgSrrNQJ1fCI9yEToEBtF+9iisf wZis7rl0G3v1nvd0C4wGDfZSZ+SpOkMeeaH9SjN+Dtjc6lIhzsNnMiOObEIdOCQU0lZn Ppki67jlt4Nkpe6c5zOejYPD1fybhhGc76YCiTF76THycJrLAiRaFa5Pr18NoXIaaiZj Klr6A++vAMGJi8RAO9vnfDHP6J2Gs7QDqqByOxmtRkMoJ3A0od/AwbodzvftHX3amp9q apZw== X-Gm-Message-State: AOJu0YwOq0WDHtkVplC+MS6xDDqNFI+YMRTKJNvFMf0rlilupIcgBIcd S8yakJhb6mFnEZ0oiJLqcCidXaJnfmvoOutfc80YUdJtYL5Xl6tNf0kufVzQC5GDoMGTGHOjZzs iMaX/Cp5sGjHYEISHtqPQBQPparxHF4yG X-Gm-Gg: ASbGncvY+h3nxTQb2fHfNPcHX4Zr/VHZ3Ppez5A6zpb9RFErZsTeSa1xHlcNrklLQ44 FW65TF/+dcy6zDcWhZZILoWQIZdu9bpVarhFwvd/miYbpKVJwqEkqqrCOvKra9Zhr//Eq5SJ9ps /k2AbETicARrjfEgH+Zr0WxACDejpQpDCxtWwIbvDvdrFY2b5EQlOk/mHK4QuAJp6HwybbF3Jh8 uMT8qh8XIPACkjRqZFS0apkVNlpi05x6FisEU2u2wSkMHbH13j4C131qCk/9FdKdR74SCDVK+rv de0Roo6VFZzB1oI4g6Im/xnwaoHQTZJGq1eZRt3shGwKF7fLJ8orVQnT0/Y= X-Google-Smtp-Source: AGHT+IGwqAoXKAR4tKwyzgj8G6r5A9SHJX6XyrrLFr1TkvPuqegDrW6E8Pk+SQ6z/AuKBRKvCbrCsLCUC1Rh X-Received: by 2002:a05:6a21:8cc2:b0:1f5:8a1d:3904 with SMTP id adf61e73a8af0-2148b110d5amr3843071637.7.1746604773694; Wed, 07 May 2025 00:59:33 -0700 (PDT) Received: from postal.iol.unh.edu (postal.iol.unh.edu. [132.177.123.84]) by smtp-relay.gmail.com with ESMTPS id d2e1a72fcca58-7405905d228sm2202268b3a.21.2025.05.07.00.59.33 (version=TLS1_2 cipher=ECDHE-ECDSA-AES128-GCM-SHA256 bits=128/128); Wed, 07 May 2025 00:59:33 -0700 (PDT) X-Relaying-Domain: iol.unh.edu Date: Wed, 07 May 2025 00:59:33 -0700 (PDT) Message-ID: <681b12e5.050a0220.1e4b82.07b8SMTPIN_ADDED_MISSING@mx.google.com> Received: from [172.21.0.5] (unknown [172.18.0.240]) by postal.iol.unh.edu (Postfix) with ESMTP id C80B06052471; Wed, 7 May 2025 03:59:32 -0400 (EDT) Subject: |WARNING| [GIT MASTER] 4401486b5e30d43a134f80f9802f60b5f43e74a8 From: dpdklab@iol.unh.edu To: Test Report Cc: dpdk-test-reports@iol.unh.edu, Xueming Li , Christian Ehrhardt , Kevin Traynor , Luca Boccassi Content-Type: text/plain X-BeenThere: test-report@dpdk.org X-Mailman-Version: 2.1.29 Precedence: list List-Id: automatic DPDK test reports List-Unsubscribe: , List-Archive: List-Post: List-Help: List-Subscribe: , Errors-To: test-report-bounces@dpdk.org _Testing issues_ Branch: tags/v22.11 4401486b5e30d43a134f80f9802f60b5f43e74a8 --> testing issues Upstream job id: Generic-DPDK-Compile-ABI#125594 Test environment and result as below: +-------------------+----------+ | Environment | abi_test | +===================+==========+ | CentOS Stream 9 | PASS | +-------------------+----------+ | CentOS Stream 10 | FAIL | +-------------------+----------+ | Fedora 40 (Clang) | PASS | +-------------------+----------+ | Fedora 41 | PASS | +-------------------+----------+ | Ubuntu 24.04 | FAIL | +-------------------+----------+ | Fedora 40 | PASS | +-------------------+----------+ | Debian 12 | FAIL | +-------------------+----------+ | RHEL8 | FAIL | +-------------------+----------+ | RHEL9 | PASS | +-------------------+----------+ | Fedora 41 (Clang) | FAIL | +-------------------+----------+ | openSUSE Leap 15 | PASS | +-------------------+----------+ | Ubuntu 22.04 | PASS | +-------------------+----------+ ==== 20 line log output for Fedora 41 (Clang) (abi_test): ==== './librte_regex_cn9k.so.23.0' -> 'dpdk/pmds-23.0/librte_regex_cn9k.so.23.0' './librte_regex_mlx5.so' -> 'dpdk/pmds-23.0/librte_regex_mlx5.so' './librte_regex_mlx5.so.23' -> 'dpdk/pmds-23.0/librte_regex_mlx5.so.23' './librte_regex_mlx5.so.23.0' -> 'dpdk/pmds-23.0/librte_regex_mlx5.so.23.0' './librte_vdpa_ifc.so' -> 'dpdk/pmds-23.0/librte_vdpa_ifc.so' './librte_vdpa_ifc.so.23' -> 'dpdk/pmds-23.0/librte_vdpa_ifc.so.23' './librte_vdpa_ifc.so.23.0' -> 'dpdk/pmds-23.0/librte_vdpa_ifc.so.23.0' './librte_vdpa_mlx5.so' -> 'dpdk/pmds-23.0/librte_vdpa_mlx5.so' './librte_vdpa_mlx5.so.23' -> 'dpdk/pmds-23.0/librte_vdpa_mlx5.so.23' './librte_vdpa_mlx5.so.23.0' -> 'dpdk/pmds-23.0/librte_vdpa_mlx5.so.23.0' './librte_vdpa_sfc.so' -> 'dpdk/pmds-23.0/librte_vdpa_sfc.so' './librte_vdpa_sfc.so.23' -> 'dpdk/pmds-23.0/librte_vdpa_sfc.so.23' './librte_vdpa_sfc.so.23.0' -> 'dpdk/pmds-23.0/librte_vdpa_sfc.so.23.0' Installing /root/workspace/Generic-DPDK-Compile-ABI@3/dpdk/usertools/dpdk-hugepages.py to /root/workspace/Generic-DPDK-Compile-ABI@3/build_install/usr/local/bin Installing /root/workspace/Generic-DPDK-Compile-ABI@3/dpdk/build/rte_build_config.h to /root/workspace/Generic-DPDK-Compile-ABI@3/build_install/usr/local/include Installing /root/workspace/Generic-DPDK-Compile-ABI@3/dpdk/build/meson-private/libdpdk-libs.pc to /root/workspace/Generic-DPDK-Compile-ABI@3/build_install/usr/local/lib64/pkgconfig Installing /root/workspace/Generic-DPDK-Compile-ABI@3/dpdk/build/meson-private/libdpdk.pc to /root/workspace/Generic-DPDK-Compile-ABI@3/build_install/usr/local/lib64/pkgconfig Running custom install script '/bin/sh /root/workspace/Generic-DPDK-Compile-ABI@3/dpdk/config/../buildtools/symlink-drivers-solibs.sh lib64 dpdk/pmds-23.0' ==== Compiled DPDK with debugoptimized bash: /scripts/generate_abi.sh: No such file or directory ==== End log output ==== CentOS Stream 9 Kernel: Depends on container host Compiler: gcc 11.5.0 20240719 (Red Hat 11.5.0-2) CentOS Stream 10 Kernel: Depends on container host Compiler: gcc 14.2.1 20241104 (Red Hat 14.2.1-6) Fedora 40 (Clang) Kernel: Depends on container host Compiler: clang 18.1.8 (Fedora 18.1.8-1.fc40) Fedora 41 Kernel: Depends on container host Compiler: gcc 14.2.1 20240912 (Red Hat 14.2.1-3) Ubuntu 24.04 Kernel: Depends on container host Compiler: gcc (Ubuntu 13.3.0-6ubuntu2~24.04) 13.3.0 Fedora 40 Kernel: Depends on container host Compiler: gcc 14.2.1 20240912 (Red Hat 14.2.1-3) Debian 12 Kernel: Depends on container host Compiler: gcc (Debian 12.2.0-14) 12.2.0 RHEL8 Kernel: Depends on container host Compiler: gcc 8.5.0 20210514 (Red Hat 8.5.0-22) RHEL9 Kernel: Depends on container host Compiler: gcc 11.5.0 20240719 (Red Hat 11.5.0-2) Fedora 41 (Clang) Kernel: Depends on container host Compiler: clang 19.1.5 (Fedora 19.1.5-1.fc41) openSUSE Leap 15 Kernel: Depends on container host Compiler: gcc (SUSE Linux) 7.5.0 Ubuntu 22.04 Kernel: Depends on container host Compiler: gcc (Ubuntu 11.4.0-1ubuntu1~22.04) 11.4.0 To view detailed results, visit: https://lab.dpdk.org/results/dashboard/tarballs/33462/ UNH-IOL DPDK Community Lab To manage your email subscriptions, visit: https://lab.dpdk.org/results/dashboard/preferences/subscriptions/