From mboxrd@z Thu Jan 1 00:00:00 1970 Return-Path: Received: from mails.dpdk.org (mails.dpdk.org [217.70.189.124]) by inbox.dpdk.org (Postfix) with ESMTP id CF437466E6 for ; Wed, 7 May 2025 09:59:45 +0200 (CEST) Received: from mails.dpdk.org (localhost [127.0.0.1]) by mails.dpdk.org (Postfix) with ESMTP id CAC6E4025D; Wed, 7 May 2025 09:59:45 +0200 (CEST) Received: from mail-oa1-f97.google.com (mail-oa1-f97.google.com [209.85.160.97]) by mails.dpdk.org (Postfix) with ESMTP id 7D03B4025A for ; Wed, 7 May 2025 09:59:44 +0200 (CEST) Received: by mail-oa1-f97.google.com with SMTP id 586e51a60fabf-2c2ada8264aso5321878fac.2 for ; Wed, 07 May 2025 00:59:44 -0700 (PDT) DKIM-Signature: v=1; a=rsa-sha256; c=relaxed/relaxed; d=iol.unh.edu; s=unh-iol; t=1746604783; x=1747209583; darn=dpdk.org; h=cc:to:from:subject:message-id:date:from:to:cc:subject:date :message-id:reply-to; bh=1DSl3VGJXwGb7ddiLb/57vrzhu32NKujpcrDp+8Gr8s=; b=gFCKKihk153g1rPtrqkOLCUSDqVMtOleKbLlgjlUpGpMP8qVee0iGn/bL05HmGbEzN KasSUDjetFVo0Bl2jZU4fR7sR0V5zRr1zKONZvBp6sRICecBFpLxF0mIF0UmSLlFON0m cUy3LzYp0biq44TzJDgZ7a6kWP7LOlhEim3cQ= X-Google-DKIM-Signature: v=1; a=rsa-sha256; c=relaxed/relaxed; d=1e100.net; s=20230601; t=1746604783; x=1747209583; h=cc:to:from:subject:message-id:date:x-gm-message-state:from:to:cc :subject:date:message-id:reply-to; bh=1DSl3VGJXwGb7ddiLb/57vrzhu32NKujpcrDp+8Gr8s=; b=thsoZr70OaGhoIxJy8gfonQSwdOI36rk0+LUhx17VaUwnlX1A4mwpYM0istYvSsqtN GOOrAwlzb1NEYsTOQptBzQwerANd/mLRhsagUWdA2l/+Hn+FEYR0/yzTfzyx9N/Sz4/D gphd9CFs5L+ykRYBxMj4pOqOPQG4JRzEsKyVSAlguiewjFJ25oCnyRX552Uq3ezntYJV 6dXm/jk8kWBkvp9BtWgPoWeMvSIMKDdFe9eY0jFKYrsAQ0o4QllhbUdhjvzBkFwXixNq pObkaYIp89m/I7LD+AM46kj09er+9NOAX2gAY/iuqfpDmlAXFKLK1sPIfL3uCmp+NJi4 4A0A== X-Gm-Message-State: AOJu0YxxVEU6y2CZrmfizre34iAVxrjiY1/rN8qd4P1SZ6RJtkJ1EI+Y wCMwb9b4dgs6qHL81BwXzBfyyPtlYPjEIo4sEKLyh4m74shF0bNpMLB+peCJLQQsN0P0oKXvK0C UbTmgubCePxtw5nOUcwXaOFuLqG62nu8G X-Gm-Gg: ASbGncuL9Kym7Yh6ykupQv0PgtDpndoOH4yZlF56H3ZOOCdvYmXRBb9+lrjjJNQ1dLj IQ5lcNZFHMrYhdX07cnFNbnDqM0VOd3Ra0vx1QS/mhnOKlnKCKkVxwvxn8sxdIiiuoBLVI8KWdY 79T3DE2NUnYz+HR26Fe1Venp0wRg8V9CwTc4+LawtM4GLW1PONkUqCsiyd+fXbaAV/mnpS3BupF +zl8J8rlRDDzjgH+Ag/3LT+vmvKXESg2GPyKjGZZBxz85SDytWkugGlXRCl6Z7NAGdI+K6mjG4P wENxbNOCwaC4EiPcbyrjW+ICpG8AyZss66q4jJBRNTalc6GuJxUpFLepRMM= X-Google-Smtp-Source: AGHT+IGDUUrggCa+XAx3/ZRZyVn8VI9mlJjF8rvHdWjrU7V8NHCpP0PlxirI3URLDO/PReAevbmAlUWTlkmV X-Received: by 2002:a05:6870:71d0:b0:2cc:4613:76f0 with SMTP id 586e51a60fabf-2db5bee4a2amr1409955fac.17.1746604783624; Wed, 07 May 2025 00:59:43 -0700 (PDT) Received: from postal.iol.unh.edu (postal.iol.unh.edu. [132.177.123.84]) by smtp-relay.gmail.com with ESMTPS id 586e51a60fabf-2db5cbf00c0sm56418fac.11.2025.05.07.00.59.43 (version=TLS1_2 cipher=ECDHE-ECDSA-AES128-GCM-SHA256 bits=128/128); Wed, 07 May 2025 00:59:43 -0700 (PDT) X-Relaying-Domain: iol.unh.edu Date: Wed, 07 May 2025 00:59:43 -0700 (PDT) Message-ID: <681b12ef.050a0220.1a613f.3045SMTPIN_ADDED_MISSING@mx.google.com> Received: from [172.21.0.6] (unknown [172.18.0.240]) by postal.iol.unh.edu (Postfix) with ESMTP id 1E1B76052471; Wed, 7 May 2025 03:59:43 -0400 (EDT) Subject: |WARNING| [GIT MASTER] 4401486b5e30d43a134f80f9802f60b5f43e74a8 From: dpdklab@iol.unh.edu To: Test Report Cc: dpdk-test-reports@iol.unh.edu, Xueming Li , Christian Ehrhardt , Kevin Traynor , Luca Boccassi Content-Type: text/plain X-BeenThere: test-report@dpdk.org X-Mailman-Version: 2.1.29 Precedence: list List-Id: automatic DPDK test reports List-Unsubscribe: , List-Archive: List-Post: List-Help: List-Subscribe: , Errors-To: test-report-bounces@dpdk.org _Testing issues_ Branch: tags/v22.11 4401486b5e30d43a134f80f9802f60b5f43e74a8 --> testing issues Upstream job id: Generic-DPDK-Compile-ABI#125601 Test environment and result as below: +-------------------+----------+ | Environment | abi_test | +===================+==========+ | CentOS Stream 9 | PASS | +-------------------+----------+ | CentOS Stream 10 | FAIL | +-------------------+----------+ | Fedora 40 (Clang) | PASS | +-------------------+----------+ | Fedora 41 | PASS | +-------------------+----------+ | Ubuntu 24.04 | FAIL | +-------------------+----------+ | Fedora 40 | PASS | +-------------------+----------+ | Debian 12 | FAIL | +-------------------+----------+ | RHEL8 | FAIL | +-------------------+----------+ | RHEL9 | PASS | +-------------------+----------+ | Fedora 41 (Clang) | FAIL | +-------------------+----------+ | openSUSE Leap 15 | PASS | +-------------------+----------+ | Ubuntu 22.04 | PASS | +-------------------+----------+ ==== 20 line log output for Fedora 41 (Clang) (abi_test): ==== './librte_regex_cn9k.so.23.0' -> 'dpdk/pmds-23.0/librte_regex_cn9k.so.23.0' './librte_regex_mlx5.so' -> 'dpdk/pmds-23.0/librte_regex_mlx5.so' './librte_regex_mlx5.so.23' -> 'dpdk/pmds-23.0/librte_regex_mlx5.so.23' './librte_regex_mlx5.so.23.0' -> 'dpdk/pmds-23.0/librte_regex_mlx5.so.23.0' './librte_vdpa_ifc.so' -> 'dpdk/pmds-23.0/librte_vdpa_ifc.so' './librte_vdpa_ifc.so.23' -> 'dpdk/pmds-23.0/librte_vdpa_ifc.so.23' './librte_vdpa_ifc.so.23.0' -> 'dpdk/pmds-23.0/librte_vdpa_ifc.so.23.0' './librte_vdpa_mlx5.so' -> 'dpdk/pmds-23.0/librte_vdpa_mlx5.so' './librte_vdpa_mlx5.so.23' -> 'dpdk/pmds-23.0/librte_vdpa_mlx5.so.23' './librte_vdpa_mlx5.so.23.0' -> 'dpdk/pmds-23.0/librte_vdpa_mlx5.so.23.0' './librte_vdpa_sfc.so' -> 'dpdk/pmds-23.0/librte_vdpa_sfc.so' './librte_vdpa_sfc.so.23' -> 'dpdk/pmds-23.0/librte_vdpa_sfc.so.23' './librte_vdpa_sfc.so.23.0' -> 'dpdk/pmds-23.0/librte_vdpa_sfc.so.23.0' Installing /root/workspace/Generic-DPDK-Compile-ABI@3/dpdk/usertools/dpdk-hugepages.py to /root/workspace/Generic-DPDK-Compile-ABI@3/build_install/usr/local/bin Installing /root/workspace/Generic-DPDK-Compile-ABI@3/dpdk/build/rte_build_config.h to /root/workspace/Generic-DPDK-Compile-ABI@3/build_install/usr/local/include Installing /root/workspace/Generic-DPDK-Compile-ABI@3/dpdk/build/meson-private/libdpdk-libs.pc to /root/workspace/Generic-DPDK-Compile-ABI@3/build_install/usr/local/lib64/pkgconfig Installing /root/workspace/Generic-DPDK-Compile-ABI@3/dpdk/build/meson-private/libdpdk.pc to /root/workspace/Generic-DPDK-Compile-ABI@3/build_install/usr/local/lib64/pkgconfig Running custom install script '/bin/sh /root/workspace/Generic-DPDK-Compile-ABI@3/dpdk/config/../buildtools/symlink-drivers-solibs.sh lib64 dpdk/pmds-23.0' ==== Compiled DPDK with debugoptimized bash: /scripts/generate_abi.sh: No such file or directory ==== End log output ==== CentOS Stream 9 Kernel: Depends on container host Compiler: gcc 11.5.0 20240719 (Red Hat 11.5.0-2) CentOS Stream 10 Kernel: Depends on container host Compiler: gcc 14.2.1 20241104 (Red Hat 14.2.1-6) Fedora 40 (Clang) Kernel: Depends on container host Compiler: clang 18.1.8 (Fedora 18.1.8-1.fc40) Fedora 41 Kernel: Depends on container host Compiler: gcc 14.2.1 20240912 (Red Hat 14.2.1-3) Ubuntu 24.04 Kernel: Depends on container host Compiler: gcc (Ubuntu 13.3.0-6ubuntu2~24.04) 13.3.0 Fedora 40 Kernel: Depends on container host Compiler: gcc 14.2.1 20240912 (Red Hat 14.2.1-3) Debian 12 Kernel: Depends on container host Compiler: gcc (Debian 12.2.0-14) 12.2.0 RHEL8 Kernel: Depends on container host Compiler: gcc 8.5.0 20210514 (Red Hat 8.5.0-22) RHEL9 Kernel: Depends on container host Compiler: gcc 11.5.0 20240719 (Red Hat 11.5.0-2) Fedora 41 (Clang) Kernel: Depends on container host Compiler: clang 19.1.5 (Fedora 19.1.5-1.fc41) openSUSE Leap 15 Kernel: Depends on container host Compiler: gcc (SUSE Linux) 7.5.0 Ubuntu 22.04 Kernel: Depends on container host Compiler: gcc (Ubuntu 11.4.0-1ubuntu1~22.04) 11.4.0 To view detailed results, visit: https://lab.dpdk.org/results/dashboard/tarballs/33462/ UNH-IOL DPDK Community Lab To manage your email subscriptions, visit: https://lab.dpdk.org/results/dashboard/preferences/subscriptions/