From mboxrd@z Thu Jan 1 00:00:00 1970 Return-Path: Received: from mails.dpdk.org (mails.dpdk.org [217.70.189.124]) by inbox.dpdk.org (Postfix) with ESMTP id 3CC5F466B3 for ; Wed, 7 May 2025 10:03:18 +0200 (CEST) Received: from mails.dpdk.org (localhost [127.0.0.1]) by mails.dpdk.org (Postfix) with ESMTP id 36C1A4025D; Wed, 7 May 2025 10:03:18 +0200 (CEST) Received: from mail-qt1-f227.google.com (mail-qt1-f227.google.com [209.85.160.227]) by mails.dpdk.org (Postfix) with ESMTP id 4F9804025A for ; Wed, 7 May 2025 10:03:17 +0200 (CEST) Received: by mail-qt1-f227.google.com with SMTP id d75a77b69052e-47691d82bfbso29854331cf.0 for ; Wed, 07 May 2025 01:03:17 -0700 (PDT) DKIM-Signature: v=1; a=rsa-sha256; c=relaxed/relaxed; d=iol.unh.edu; s=unh-iol; t=1746604996; x=1747209796; darn=dpdk.org; h=cc:to:from:subject:message-id:date:from:to:cc:subject:date :message-id:reply-to; bh=0c3AOAxgW5LdmSWKwjdzyEaWQBtdTegdv9dvJhRK49A=; b=XoGKQB8A+OZpVjeLFBgdqV5I80bNoUFp3WwQTdBu/k+3YRQxVyhKM27ivGjBIoT8Yd mKtnctnuzpmgmrPKXeqVFNe9E+9LndSWPr7j1BZSo3yKgYMI35CamIGofhlCx1xgcYcF gQxlexRfLxCskYj++MRGKQgJlMfkt4yxV3mqM= X-Google-DKIM-Signature: v=1; a=rsa-sha256; c=relaxed/relaxed; d=1e100.net; s=20230601; t=1746604996; x=1747209796; h=cc:to:from:subject:message-id:date:x-gm-message-state:from:to:cc :subject:date:message-id:reply-to; bh=0c3AOAxgW5LdmSWKwjdzyEaWQBtdTegdv9dvJhRK49A=; b=hLXJ0J/fV+vTd5nZgV3HxDIWdQ3O5BL+T3SUEyYr+JN1qbKV3oGVLrb7KE2aC7lVNm 20a0I/qyznVR+a+phqHIchTkPl+xwDoiWPA+yxWS62PA2W4pUyHmQ+6nf4xWW6vLCYx/ qHLoevWjBi0srrO9o9T0zJH2vPMGHJFB2uK+chP4lj15w0Kj5FB+VPerHGwVtYddiNVH vxG+TI/8sT/YBADs0VvBuJLyJuo8msvlHMcvlrfvdsf7XMGU2WH9TTLmtTcrEr4XJGae S3mhyw9OwLDQf3ZdTAsFOy7pkLALS7XAiNtZkF4+nKpSljOSZDHuoT/vGk18uHFRQMkQ uoAw== X-Gm-Message-State: AOJu0YwhV5nPhqExI9M99tzmNoBsMb4AsiQi0JtHSRbJjDAbBSgWIa2U TiAZvCUsWqH7WdhdPNvhIMbW+uaD73Cwi1HXL+3RufRsYjXBe1DYHXCJzseGs+s6XTaTlaZHKJp 1uAPvFfu9qke1w95fGxyWOzF+jyjjJri5 X-Gm-Gg: ASbGncv7Nil0HBA5uAdqCwt/pEc4nCFWyZjPX/G99hAr+A65U358xzq9O7UUFg78Qvd RHA66s6ynptgVkK+zR221lwwAbDTfK2pyAfuoM3mjEOK/DRIRYrqz1zWWgXv8AdgyZ+ec2O4ZMT jjJQCCAaVZDuheoCq5Ed260XKvpwk+LqXK/7vcMHdB9XOGFu8cJI4bggcD6AFn9+e0uGfvdCpw+ W48mjkJjwLp+hqbjjTT3qyEu690rYuqlHWDrDNnTvoqqN2VioKb3cMdbLXDgyDUhQ06s+Ngzpgn k8xvvw7yaAzPER37VAF0cjQIO+3Ae3lXz5fDhedg8jtUVJxDuoFhTbekDA8= X-Google-Smtp-Source: AGHT+IFQ40rMzsNuOx1RGoKQr2onrKd3y5+qJ8IEmF92EcSrsmhcBG91o47d7g4YZQIQJkekvZY1We2LDXWZ X-Received: by 2002:a05:6902:2404:b0:e6d:f287:bf9 with SMTP id 3f1490d57ef6-e78810c4fa4mr2700058276.22.1746604986006; Wed, 07 May 2025 01:03:06 -0700 (PDT) Received: from postal.iol.unh.edu (postal.iol.unh.edu. [132.177.123.84]) by smtp-relay.gmail.com with ESMTPS id 3f1490d57ef6-e755e6eee42sm1706708276.3.2025.05.07.01.03.05 (version=TLS1_2 cipher=ECDHE-ECDSA-AES128-GCM-SHA256 bits=128/128); Wed, 07 May 2025 01:03:05 -0700 (PDT) X-Relaying-Domain: iol.unh.edu Date: Wed, 07 May 2025 01:03:05 -0700 (PDT) Message-ID: <681b13b9.050a0220.f6936.0525SMTPIN_ADDED_MISSING@mx.google.com> Received: from [172.21.0.5] (unknown [172.18.0.240]) by postal.iol.unh.edu (Postfix) with ESMTP id A127E6052471; Wed, 7 May 2025 04:03:05 -0400 (EDT) Subject: |WARNING| [GIT MASTER] 4401486b5e30d43a134f80f9802f60b5f43e74a8 From: dpdklab@iol.unh.edu To: Test Report Cc: dpdk-test-reports@iol.unh.edu, Xueming Li , Christian Ehrhardt , Kevin Traynor , Luca Boccassi Content-Type: text/plain X-BeenThere: test-report@dpdk.org X-Mailman-Version: 2.1.29 Precedence: list List-Id: automatic DPDK test reports List-Unsubscribe: , List-Archive: List-Post: List-Help: List-Subscribe: , Errors-To: test-report-bounces@dpdk.org _Testing issues_ Branch: tags/v22.11 4401486b5e30d43a134f80f9802f60b5f43e74a8 --> testing issues Upstream job id: Generic-DPDK-Compile-ABI#125596 Test environment and result as below: +-------------------+----------+ | Environment | abi_test | +===================+==========+ | CentOS Stream 9 | PASS | +-------------------+----------+ | CentOS Stream 10 | FAIL | +-------------------+----------+ | Fedora 40 (Clang) | PASS | +-------------------+----------+ | Fedora 41 | PASS | +-------------------+----------+ | Ubuntu 24.04 | FAIL | +-------------------+----------+ | Fedora 40 | PASS | +-------------------+----------+ | Debian 12 | FAIL | +-------------------+----------+ | RHEL8 | FAIL | +-------------------+----------+ | RHEL9 | PASS | +-------------------+----------+ | Fedora 41 (Clang) | FAIL | +-------------------+----------+ | openSUSE Leap 15 | PASS | +-------------------+----------+ | Ubuntu 22.04 | PASS | +-------------------+----------+ ==== 20 line log output for Fedora 41 (Clang) (abi_test): ==== './librte_regex_cn9k.so.23.0' -> 'dpdk/pmds-23.0/librte_regex_cn9k.so.23.0' './librte_regex_mlx5.so' -> 'dpdk/pmds-23.0/librte_regex_mlx5.so' './librte_regex_mlx5.so.23' -> 'dpdk/pmds-23.0/librte_regex_mlx5.so.23' './librte_regex_mlx5.so.23.0' -> 'dpdk/pmds-23.0/librte_regex_mlx5.so.23.0' './librte_vdpa_ifc.so' -> 'dpdk/pmds-23.0/librte_vdpa_ifc.so' './librte_vdpa_ifc.so.23' -> 'dpdk/pmds-23.0/librte_vdpa_ifc.so.23' './librte_vdpa_ifc.so.23.0' -> 'dpdk/pmds-23.0/librte_vdpa_ifc.so.23.0' './librte_vdpa_mlx5.so' -> 'dpdk/pmds-23.0/librte_vdpa_mlx5.so' './librte_vdpa_mlx5.so.23' -> 'dpdk/pmds-23.0/librte_vdpa_mlx5.so.23' './librte_vdpa_mlx5.so.23.0' -> 'dpdk/pmds-23.0/librte_vdpa_mlx5.so.23.0' './librte_vdpa_sfc.so' -> 'dpdk/pmds-23.0/librte_vdpa_sfc.so' './librte_vdpa_sfc.so.23' -> 'dpdk/pmds-23.0/librte_vdpa_sfc.so.23' './librte_vdpa_sfc.so.23.0' -> 'dpdk/pmds-23.0/librte_vdpa_sfc.so.23.0' Installing /root/workspace/Generic-DPDK-Compile-ABI@3/dpdk/usertools/dpdk-hugepages.py to /root/workspace/Generic-DPDK-Compile-ABI@3/build_install/usr/local/bin Installing /root/workspace/Generic-DPDK-Compile-ABI@3/dpdk/build/rte_build_config.h to /root/workspace/Generic-DPDK-Compile-ABI@3/build_install/usr/local/include Installing /root/workspace/Generic-DPDK-Compile-ABI@3/dpdk/build/meson-private/libdpdk-libs.pc to /root/workspace/Generic-DPDK-Compile-ABI@3/build_install/usr/local/lib64/pkgconfig Installing /root/workspace/Generic-DPDK-Compile-ABI@3/dpdk/build/meson-private/libdpdk.pc to /root/workspace/Generic-DPDK-Compile-ABI@3/build_install/usr/local/lib64/pkgconfig Running custom install script '/bin/sh /root/workspace/Generic-DPDK-Compile-ABI@3/dpdk/config/../buildtools/symlink-drivers-solibs.sh lib64 dpdk/pmds-23.0' ==== Compiled DPDK with debugoptimized bash: /scripts/generate_abi.sh: No such file or directory ==== End log output ==== CentOS Stream 9 Kernel: Depends on container host Compiler: gcc 11.5.0 20240719 (Red Hat 11.5.0-2) CentOS Stream 10 Kernel: Depends on container host Compiler: gcc 14.2.1 20241104 (Red Hat 14.2.1-6) Fedora 40 (Clang) Kernel: Depends on container host Compiler: clang 18.1.8 (Fedora 18.1.8-1.fc40) Fedora 41 Kernel: Depends on container host Compiler: gcc 14.2.1 20240912 (Red Hat 14.2.1-3) Ubuntu 24.04 Kernel: Depends on container host Compiler: gcc (Ubuntu 13.3.0-6ubuntu2~24.04) 13.3.0 Fedora 40 Kernel: Depends on container host Compiler: gcc 14.2.1 20240912 (Red Hat 14.2.1-3) Debian 12 Kernel: Depends on container host Compiler: gcc (Debian 12.2.0-14) 12.2.0 RHEL8 Kernel: Depends on container host Compiler: gcc 8.5.0 20210514 (Red Hat 8.5.0-22) RHEL9 Kernel: Depends on container host Compiler: gcc 11.5.0 20240719 (Red Hat 11.5.0-2) Fedora 41 (Clang) Kernel: Depends on container host Compiler: clang 19.1.5 (Fedora 19.1.5-1.fc41) openSUSE Leap 15 Kernel: Depends on container host Compiler: gcc (SUSE Linux) 7.5.0 Ubuntu 22.04 Kernel: Depends on container host Compiler: gcc (Ubuntu 11.4.0-1ubuntu1~22.04) 11.4.0 To view detailed results, visit: https://lab.dpdk.org/results/dashboard/tarballs/33462/ UNH-IOL DPDK Community Lab To manage your email subscriptions, visit: https://lab.dpdk.org/results/dashboard/preferences/subscriptions/