From mboxrd@z Thu Jan  1 00:00:00 1970
Return-Path: <test-report-bounces@dpdk.org>
Received: from mails.dpdk.org (mails.dpdk.org [217.70.189.124])
	by inbox.dpdk.org (Postfix) with ESMTP id 698F9466B3
	for <public@inbox.dpdk.org>; Wed,  7 May 2025 10:03:53 +0200 (CEST)
Received: from mails.dpdk.org (localhost [127.0.0.1])
	by mails.dpdk.org (Postfix) with ESMTP id 58D444025D;
	Wed,  7 May 2025 10:03:53 +0200 (CEST)
Received: from mail-qk1-f226.google.com (mail-qk1-f226.google.com
 [209.85.222.226])
 by mails.dpdk.org (Postfix) with ESMTP id 9D4BF4025A
 for <test-report@dpdk.org>; Wed,  7 May 2025 10:03:51 +0200 (CEST)
Received: by mail-qk1-f226.google.com with SMTP id
 af79cd13be357-7c58974ed57so718482385a.2
 for <test-report@dpdk.org>; Wed, 07 May 2025 01:03:51 -0700 (PDT)
DKIM-Signature: v=1; a=rsa-sha256; c=relaxed/relaxed;
 d=iol.unh.edu; s=unh-iol; t=1746605031; x=1747209831; darn=dpdk.org;
 h=cc:to:from:subject:message-id:date:from:to:cc:subject:date
 :message-id:reply-to;
 bh=XasWEYqFKpvN72bpmIsiS4ros/R89krw0Unu36oqPBI=;
 b=JiVm7zsqvmkgIZuVSo6Q+46bNLLXOzmrw93d/g+NFgB32mV1LhzuOTHbjXmN8ksNpu
 +nHOfwjMTOiWOApezQcD+WCOG/wafLO3qtzHhP+bXO07BoQqpTaT5UF6MyVhMN9wrWHa
 OMhcx1/asNa3iV1dODee9NusUWstEcuIxshLs=
X-Google-DKIM-Signature: v=1; a=rsa-sha256; c=relaxed/relaxed;
 d=1e100.net; s=20230601; t=1746605031; x=1747209831;
 h=cc:to:from:subject:message-id:date:x-gm-message-state:from:to:cc
 :subject:date:message-id:reply-to;
 bh=XasWEYqFKpvN72bpmIsiS4ros/R89krw0Unu36oqPBI=;
 b=PPKl9gf59m42tYfkqEUkG/5AUs3DzvX3xzURqwvON68mv6WSvxvWHib1s5uU313RVB
 yncnUVievz0XDWXawB8TDBi6veIGz2oivAv+A7ChXNCQnoExBqRCcsQxaetqdq46T/L0
 ukupSKiF2wX71ld2NywhcsAK6uExOkSwkJaoSrqeUVC1/QJsfAa8wBU3UmcKCc2Jaeha
 otpP29LEvmeScruFlf8RhG9aDWcel4sod/8Ft7J0fcrFnN89JuzZCrdnq96TljwjMRyG
 dqTCLYd+mTzxwy/8PAJoWtXNlsL+cHEYg9V0YdX6K/mwAhEEkK0exs0Vt2yGLB8PctS0
 LlYw==
X-Gm-Message-State: AOJu0YwvSdYHQ2Efsrc24YtKsCuAejbClRDa/6Jawthut6qm+Yhq9Ju3
 6pF79nTOTjDqasciVnqelycCc52jKjy7x/v83/DGvwNzCv/CsT1QRPkoEw6vDam709NmSsM6XuO
 8jPtBCdEL4jMJ1RErRGePNaC4+neQnA9+
X-Gm-Gg: ASbGncvCByJOH72YLdSzPcQl6HQvmmyqQUQZWuO+pbxBgMpTn5n6XftZkRZFSpqNAzQ
 RynZDNGUkRsDOSU1wlNYRf+j3JWuw1SuHZBsl8FoHkED5/qV/qx7mygJtyba2MO+LPGTQQHgL8z
 H+GPGLLo7gYwf9vc8Q88MP9zcyzuOLU9BSP7JH3f4JKviOlCKc4fXuqHyerVWKht3CwxI19Wwpr
 vVeVR1g/RqlnbNs0Y+oouz3w2uClcRdtSccKcYVrkJdyjyOEJl1sZJV1mQPhGKryqK3JBIxfJPh
 s8Wz9SUtyqMRWElFkUpYMprdTnt4zDV1th9+zVa+UA3NdHnS+od6i4Rleeo=
X-Google-Smtp-Source: AGHT+IHKA1HnJPvNWxbaI3zBcBmTPrBZ33kIqcvmEnKh+V3XHuTzf1PQdEOABHOk0enr79/llkZBMAdY1aQD
X-Received: by 2002:a05:6e02:3398:b0:3d9:36a8:3d98 with SMTP id
 e9e14a558f8ab-3da738ed6a2mr25292225ab.2.1746605020752; 
 Wed, 07 May 2025 01:03:40 -0700 (PDT)
Received: from postal.iol.unh.edu (postal.iol.unh.edu. [132.177.123.84])
 by smtp-relay.gmail.com with ESMTPS id
 8926c6da1cb9f-4f88aa97b79sm2184233173.64.2025.05.07.01.03.40
 (version=TLS1_2 cipher=ECDHE-ECDSA-AES128-GCM-SHA256 bits=128/128);
 Wed, 07 May 2025 01:03:40 -0700 (PDT)
X-Relaying-Domain: iol.unh.edu
Date: Wed, 07 May 2025 01:03:40 -0700 (PDT)
Message-ID: <681b13dc.050a0220.2dab27.e7eaSMTPIN_ADDED_MISSING@mx.google.com>
Received: from [172.21.0.6] (unknown [172.18.0.240])
 by postal.iol.unh.edu (Postfix) with ESMTP id 40E2A6052471;
 Wed,  7 May 2025 04:03:40 -0400 (EDT)
Subject: |WARNING| [GIT MASTER] 4401486b5e30d43a134f80f9802f60b5f43e74a8
From: dpdklab@iol.unh.edu
To: Test Report <test-report@dpdk.org>
Cc: dpdk-test-reports@iol.unh.edu, Xueming Li <xuemingl@nvidia.com>,
 Christian Ehrhardt <christian.ehrhardt@canonical.com>,
 Kevin Traynor <ktraynor@redhat.com>, Luca Boccassi <bluca@debian.org>
Content-Type: text/plain
X-BeenThere: test-report@dpdk.org
X-Mailman-Version: 2.1.29
Precedence: list
List-Id: automatic DPDK test reports <test-report.dpdk.org>
List-Unsubscribe: <https://mails.dpdk.org/options/test-report>,
 <mailto:test-report-request@dpdk.org?subject=unsubscribe>
List-Archive: <http://mails.dpdk.org/archives/test-report/>
List-Post: <mailto:test-report@dpdk.org>
List-Help: <mailto:test-report-request@dpdk.org?subject=help>
List-Subscribe: <https://mails.dpdk.org/listinfo/test-report>,
 <mailto:test-report-request@dpdk.org?subject=subscribe>
Errors-To: test-report-bounces@dpdk.org

_Testing issues_

Branch: tags/v22.11

4401486b5e30d43a134f80f9802f60b5f43e74a8 --> testing issues

Upstream job id: Generic-DPDK-Compile-ABI#125602

Test environment and result as below:

+-------------------+----------+
|    Environment    | abi_test |
+===================+==========+
| CentOS Stream 9   | PASS     |
+-------------------+----------+
| CentOS Stream 10  | FAIL     |
+-------------------+----------+
| Fedora 40 (Clang) | PASS     |
+-------------------+----------+
| Fedora 41         | PASS     |
+-------------------+----------+
| Ubuntu 24.04      | FAIL     |
+-------------------+----------+
| Fedora 40         | PASS     |
+-------------------+----------+
| Debian 12         | FAIL     |
+-------------------+----------+
| RHEL8             | FAIL     |
+-------------------+----------+
| RHEL9             | PASS     |
+-------------------+----------+
| Fedora 41 (Clang) | FAIL     |
+-------------------+----------+
| openSUSE Leap 15  | PASS     |
+-------------------+----------+
| Ubuntu 22.04      | PASS     |
+-------------------+----------+

==== 20 line log output for Fedora 41 (Clang) (abi_test): ====
'./librte_regex_cn9k.so.23.0' -> 'dpdk/pmds-23.0/librte_regex_cn9k.so.23.0'
'./librte_regex_mlx5.so' -> 'dpdk/pmds-23.0/librte_regex_mlx5.so'
'./librte_regex_mlx5.so.23' -> 'dpdk/pmds-23.0/librte_regex_mlx5.so.23'
'./librte_regex_mlx5.so.23.0' -> 'dpdk/pmds-23.0/librte_regex_mlx5.so.23.0'
'./librte_vdpa_ifc.so' -> 'dpdk/pmds-23.0/librte_vdpa_ifc.so'
'./librte_vdpa_ifc.so.23' -> 'dpdk/pmds-23.0/librte_vdpa_ifc.so.23'
'./librte_vdpa_ifc.so.23.0' -> 'dpdk/pmds-23.0/librte_vdpa_ifc.so.23.0'
'./librte_vdpa_mlx5.so' -> 'dpdk/pmds-23.0/librte_vdpa_mlx5.so'
'./librte_vdpa_mlx5.so.23' -> 'dpdk/pmds-23.0/librte_vdpa_mlx5.so.23'
'./librte_vdpa_mlx5.so.23.0' -> 'dpdk/pmds-23.0/librte_vdpa_mlx5.so.23.0'
'./librte_vdpa_sfc.so' -> 'dpdk/pmds-23.0/librte_vdpa_sfc.so'
'./librte_vdpa_sfc.so.23' -> 'dpdk/pmds-23.0/librte_vdpa_sfc.so.23'
'./librte_vdpa_sfc.so.23.0' -> 'dpdk/pmds-23.0/librte_vdpa_sfc.so.23.0'
Installing /root/workspace/Generic-DPDK-Compile-ABI@3/dpdk/usertools/dpdk-hugepages.py to /root/workspace/Generic-DPDK-Compile-ABI@3/build_install/usr/local/bin
Installing /root/workspace/Generic-DPDK-Compile-ABI@3/dpdk/build/rte_build_config.h to /root/workspace/Generic-DPDK-Compile-ABI@3/build_install/usr/local/include
Installing /root/workspace/Generic-DPDK-Compile-ABI@3/dpdk/build/meson-private/libdpdk-libs.pc to /root/workspace/Generic-DPDK-Compile-ABI@3/build_install/usr/local/lib64/pkgconfig
Installing /root/workspace/Generic-DPDK-Compile-ABI@3/dpdk/build/meson-private/libdpdk.pc to /root/workspace/Generic-DPDK-Compile-ABI@3/build_install/usr/local/lib64/pkgconfig
Running custom install script '/bin/sh /root/workspace/Generic-DPDK-Compile-ABI@3/dpdk/config/../buildtools/symlink-drivers-solibs.sh lib64 dpdk/pmds-23.0'
==== Compiled DPDK with debugoptimized
bash: /scripts/generate_abi.sh: No such file or directory
==== End log output ====

CentOS Stream 9
	Kernel: Depends on container host
	Compiler: gcc 11.5.0 20240719 (Red Hat 11.5.0-2)

CentOS Stream 10
	Kernel: Depends on container host
	Compiler: gcc 14.2.1 20241104 (Red Hat 14.2.1-6)

Fedora 40 (Clang)
	Kernel: Depends on container host
	Compiler: clang 18.1.8 (Fedora 18.1.8-1.fc40)

Fedora 41
	Kernel: Depends on container host
	Compiler: gcc 14.2.1 20240912 (Red Hat 14.2.1-3)

Ubuntu 24.04
	Kernel: Depends on container host
	Compiler: gcc (Ubuntu 13.3.0-6ubuntu2~24.04) 13.3.0

Fedora 40
	Kernel: Depends on container host
	Compiler: gcc 14.2.1 20240912 (Red Hat 14.2.1-3)

Debian 12
	Kernel: Depends on container host
	Compiler: gcc (Debian 12.2.0-14) 12.2.0

RHEL8
	Kernel: Depends on container host
	Compiler: gcc 8.5.0 20210514 (Red Hat 8.5.0-22)

RHEL9
	Kernel: Depends on container host
	Compiler: gcc 11.5.0 20240719 (Red Hat 11.5.0-2)

Fedora 41 (Clang)
	Kernel: Depends on container host
	Compiler: clang 19.1.5 (Fedora 19.1.5-1.fc41)

openSUSE Leap 15
	Kernel: Depends on container host
	Compiler: gcc (SUSE Linux) 7.5.0

Ubuntu 22.04
	Kernel: Depends on container host
	Compiler: gcc (Ubuntu 11.4.0-1ubuntu1~22.04) 11.4.0

To view detailed results, visit:
https://lab.dpdk.org/results/dashboard/tarballs/33462/

UNH-IOL DPDK Community Lab

To manage your email subscriptions, visit: 
https://lab.dpdk.org/results/dashboard/preferences/subscriptions/