From mboxrd@z Thu Jan 1 00:00:00 1970 Return-Path: Received: from mails.dpdk.org (mails.dpdk.org [217.70.189.124]) by inbox.dpdk.org (Postfix) with ESMTP id 2B170466E8 for ; Wed, 7 May 2025 11:35:23 +0200 (CEST) Received: from mails.dpdk.org (localhost [127.0.0.1]) by mails.dpdk.org (Postfix) with ESMTP id E357F4025D; Wed, 7 May 2025 11:35:22 +0200 (CEST) Received: from mail-il1-f225.google.com (mail-il1-f225.google.com [209.85.166.225]) by mails.dpdk.org (Postfix) with ESMTP id DEE3D4025A for ; Wed, 7 May 2025 11:35:21 +0200 (CEST) Received: by mail-il1-f225.google.com with SMTP id e9e14a558f8ab-3d57143ee39so60213065ab.1 for ; Wed, 07 May 2025 02:35:21 -0700 (PDT) DKIM-Signature: v=1; a=rsa-sha256; c=relaxed/relaxed; d=iol.unh.edu; s=unh-iol; t=1746610521; x=1747215321; darn=dpdk.org; h=references:in-reply-to:cc:to:from:subject:message-id:date:from:to :cc:subject:date:message-id:reply-to; bh=xONbpHjpEqejbLQnDBv4Yzoy8SrbR8I85dV7zzLBtkQ=; b=Dvkog/r4JKE25heFCjII2irBxEujKCV8JUSiPPRZPwdYkrGnCIsZgpQbMS8eBboG3d wZF4CWrOl60z+cmaIZZ3em6HREdKwo+7bR9H1GQaMeh5EmgcOlgacDTXsYW0pbTQcRGB JmnA/0g+uad/0BwS1dj/phyJz6KqQCU5h9xYA= X-Google-DKIM-Signature: v=1; a=rsa-sha256; c=relaxed/relaxed; d=1e100.net; s=20230601; t=1746610521; x=1747215321; h=references:in-reply-to:cc:to:from:subject:message-id:date :x-gm-message-state:from:to:cc:subject:date:message-id:reply-to; bh=xONbpHjpEqejbLQnDBv4Yzoy8SrbR8I85dV7zzLBtkQ=; b=dxFcruJjsxkJsNpAB/zdkO0/UAS4Nfs/sJWSAK1BPG7zIRvvjdxqU/1e1Y/nKPnZJo cKXG5EzLeihjzN+Eyq33iYYJE932q+Vm5RXPekzcb8ofqXlnQ0q9OD0npD7cd0sqaY2C Jpu0SshOUvwrchSiYx8aSWyl6bvX8gaD7fD/oQO3fUusc99mbSZ5jI2iMypIQo8f1EQO hnvHKr/3Ag+EfxNgK56D7TSmA5J1XJBJ5RsNxWdLd0zVIVGr/2GhRRnyoUfezhIJ/Dqy r7x0kbBP4/COmHrzEopm4YIzrXDhene5oPUhwpFLlhTsM5aijElMsE3/gK32wvLnnmRp SjGg== X-Gm-Message-State: AOJu0YxsHiS/rJbpzegVPyJ+xOU5pLxmYTFM+YZwIccgQqrvbDL8GIGF cO9hmq3EZeEmE6nFZYNJDqYyEbTBqvdZ98d8VzTqtr9D70Raq3GptxD69B7lqlwEkcSAr/cM6Hl j2SYppRRc5P8PxZsrIxfumVbXPatI5YmuoZBPAwbg X-Gm-Gg: ASbGncuyMNYMiSsY1K5IofOQ63A+JtnlyMskysV6k31YYuisiO1Yf6us3ropSVUeGYk o64L2CW9RfPkZCNt09FL/iJuGF1pr7lorFOJfXGp+8d3aQ+2TlsD7ut+jgp6rU5KuUIGK2FLcyb BTdLlxm+FtQmbw9J2KVAlqJqyf3Nea30ejCZGgdvrRerIcCprlfa0LNTmYq3SeptDAFipbmIQW3 0GTwgGQt675R2KTDK3xFL5YiPNQPgjlmyZfBI4VmBxWM/1LF1ZihU3beAVNUBZ/hkfvvQicsi/j v9UP+2wYoZNUqttl1KV5Z0amg/G8xd2N3nlzLWbKw+kogRd7xVzutTyvDxE= X-Google-Smtp-Source: AGHT+IFGsurI7vR9sxH7PImi6ZL9aCVNGoXWz6FrVOoBWMahptBTnnWpAK6nyL3MOxa1wd8CS+TCTYVbOvdF X-Received: by 2002:a05:6e02:3d83:b0:3d9:2ca8:dda0 with SMTP id e9e14a558f8ab-3da7393603amr28701345ab.22.1746610521157; Wed, 07 May 2025 02:35:21 -0700 (PDT) Received: from postal.iol.unh.edu (postal.iol.unh.edu. [132.177.123.84]) by smtp-relay.gmail.com with ESMTPS id 8926c6da1cb9f-4f88a940472sm2166507173.39.2025.05.07.02.35.21 (version=TLS1_2 cipher=ECDHE-ECDSA-AES128-GCM-SHA256 bits=128/128); Wed, 07 May 2025 02:35:21 -0700 (PDT) X-Relaying-Domain: iol.unh.edu Date: Wed, 07 May 2025 02:35:21 -0700 (PDT) Message-ID: <681b2959.050a0220.2aa9e0.d984SMTPIN_ADDED_MISSING@mx.google.com> Received: from [172.21.0.6] (unknown [172.18.0.240]) by postal.iol.unh.edu (Postfix) with ESMTP id 9ED916052471; Wed, 7 May 2025 05:35:20 -0400 (EDT) Subject: |FAILURE| pw153310-153322 [PATCH] [v1,13/13] net/intel: add common T From: dpdklab@iol.unh.edu To: Test Report Cc: dpdk-test-reports@iol.unh.edu, "Burakov, Anatoly" In-Reply-To: <3925dc733f7a3c4dfcc1a36a5df5d2b14a3c5372.1746538072.git.anatoly.burakov@intel.com> References: <3925dc733f7a3c4dfcc1a36a5df5d2b14a3c5372.1746538072.git.anatoly.burakov@intel.com> Content-Type: text/plain X-BeenThere: test-report@dpdk.org X-Mailman-Version: 2.1.29 Precedence: list List-Id: automatic DPDK test reports List-Unsubscribe: , List-Archive: List-Post: List-Help: List-Subscribe: , Errors-To: test-report-bounces@dpdk.org Test-Label: iol-compile-arm64-testing Test-Status: FAILURE http://dpdk.org/patch/153322 _Testing issues_ Submitter: Burakov, Anatoly Date: Tuesday, May 06 2025 13:28:02 DPDK git baseline: Repo:dpdk Branch: master CommitID:7cf0355db9fdab5648b05fd787356c391c510534 153310-153322 --> testing issues Upstream job id: Generic-DPDK-Compile-Meson#385946 Test environment and result as below: +------------------------------------+--------------------+ | Environment | dpdk_meson_compile | +====================================+====================+ | Fedora 40 (ARM) | FAIL | +------------------------------------+--------------------+ | RHEL9 (ARM) | FAIL | +------------------------------------+--------------------+ | Fedora 40 (ARM Clang) | PEND | +------------------------------------+--------------------+ | Debian 12 with MUSDK | FAIL | +------------------------------------+--------------------+ | Ubuntu 20.04 ARM GCC Cross Compile | PEND | +------------------------------------+--------------------+ | Ubuntu 20.04 ARM SVE | PASS | +------------------------------------+--------------------+ | CentOS Stream 9 (ARM) | PEND | +------------------------------------+--------------------+ ==== 20 line log output for Debian 12 with MUSDK (dpdk_meson_compile): ==== | ~^~~~~~~~~~~~~~~~~~~~~~~ ../drivers/net/intel/i40e/../common/rx_vec_neon.h:81:27: note: in expansion of macro 'RTE_CAST_PTR' 81 | vst1q_u64(RTE_CAST_PTR(volatile uint64_t *, ptr0), dma_addr0); | ^~~~~~~~~~~~ In file included from ../lib/eal/arm/include/rte_vect.h:11, from ../drivers/net/intel/i40e/i40e_rxtx_vec_neon.c:11: /usr/lib/gcc/aarch64-linux-gnu/12/include/arm_neon.h:24790:22: note: expected 'uint64_t *' {aka 'long unsigned int *'} but argument is of type 'volatile uint64_t *' {aka 'volatile long unsigned int *'} 24790 | vst1q_u64 (uint64_t *__a, uint64x2_t __b) | ~~~~~~~~~~^~~ ../lib/eal/include/rte_common.h:593:34: error: passing argument 1 of 'vst1q_u64' discards 'volatile' qualifier from pointer target type [-Werror=discarded-qualifiers] 593 | #define RTE_CAST_PTR(type, ptr) ((type)(uintptr_t)(ptr)) | ~^~~~~~~~~~~~~~~~~~~~~~~ ../drivers/net/intel/i40e/../common/rx_vec_neon.h:86:27: note: in expansion of macro 'RTE_CAST_PTR' 86 | vst1q_u64(RTE_CAST_PTR(volatile uint64_t *, ptr1), dma_addr1); | ^~~~~~~~~~~~ /usr/lib/gcc/aarch64-linux-gnu/12/include/arm_neon.h:24790:22: note: expected 'uint64_t *' {aka 'long unsigned int *'} but argument is of type 'volatile uint64_t *' {aka 'volatile long unsigned int *'} 24790 | vst1q_u64 (uint64_t *__a, uint64x2_t __b) | ~~~~~~~~~~^~~ cc1: all warnings being treated as errors ninja: build stopped: subcommand failed. ==== End log output ==== Fedora 40 (ARM) Kernel: Depends on container host Compiler: gcc 14.2.1 20240912 (Red Hat 14.2.1-3) RHEL9 (ARM) Kernel: Depends on container host Compiler: gcc 11.5.0 20240719 (Red Hat 11.5.0-2) Fedora 40 (ARM Clang) Kernel: Depends on container host Compiler: clang 18.1.8 (Fedora 18.1.8-1.fc40) Debian 12 with MUSDK Kernel: Depends on container host Compiler: gcc (Debian 12.2.0-14) 12.2.0 Ubuntu 20.04 ARM GCC Cross Compile Kernel: Depends on container host Compiler: aarch64-linux-gnu-gcc (Ubuntu 9.4.0-1ubuntu1~20.04.2) 9.4.0 Ubuntu 20.04 ARM SVE Kernel: Depends on container host Compiler: gcc (Ubuntu 10.5.0-1ubuntu1~20.04) 10.5.0 CentOS Stream 9 (ARM) Kernel: Depends on container host Compiler: gcc 11.5.0 20240719 (Red Hat 11.5.0-2) To view detailed results, visit: https://lab.dpdk.org/results/dashboard/patchsets/33122/ UNH-IOL DPDK Community Lab To manage your email subscriptions, visit: https://lab.dpdk.org/results/dashboard/preferences/subscriptions/