From mboxrd@z Thu Jan 1 00:00:00 1970 Return-Path: Received: from mails.dpdk.org (mails.dpdk.org [217.70.189.124]) by inbox.dpdk.org (Postfix) with ESMTP id 220B9466E8 for ; Wed, 7 May 2025 11:36:45 +0200 (CEST) Received: from mails.dpdk.org (localhost [127.0.0.1]) by mails.dpdk.org (Postfix) with ESMTP id 1BF7F4025D; Wed, 7 May 2025 11:36:45 +0200 (CEST) Received: from mail-pl1-f228.google.com (mail-pl1-f228.google.com [209.85.214.228]) by mails.dpdk.org (Postfix) with ESMTP id 387774025A for ; Wed, 7 May 2025 11:36:44 +0200 (CEST) Received: by mail-pl1-f228.google.com with SMTP id d9443c01a7336-22e6880d106so2879095ad.1 for ; Wed, 07 May 2025 02:36:44 -0700 (PDT) DKIM-Signature: v=1; a=rsa-sha256; c=relaxed/relaxed; d=iol.unh.edu; s=unh-iol; t=1746610603; x=1747215403; darn=dpdk.org; h=references:in-reply-to:cc:to:from:subject:message-id:date:from:to :cc:subject:date:message-id:reply-to; bh=hN1dGaC/GD2s8hXcuX2l2DxxLn9gahjzjsQ8QINCDbE=; b=i9tJ+9qrnH5sMfSfINZVDznJeRUatfWXk0li4zkyZD9hDdiomj9ycgs62ooHvQ5+LJ tb2jXKxlH+uz7MXvvx+BVxYFWhXZ3fqP2paEkdRQhcUL4FN59ydBeRfJjyQV4A9CNqEY 5djBwyn/hCwL34ALjctzh+wubjsaeVSQP2KXw= X-Google-DKIM-Signature: v=1; a=rsa-sha256; c=relaxed/relaxed; d=1e100.net; s=20230601; t=1746610603; x=1747215403; h=references:in-reply-to:cc:to:from:subject:message-id:date :x-gm-message-state:from:to:cc:subject:date:message-id:reply-to; bh=hN1dGaC/GD2s8hXcuX2l2DxxLn9gahjzjsQ8QINCDbE=; b=IpxdYyERT8XC5XWjIEtMoxS0+8E/dmVdgndbYLlJZfDpSG8xeeCtQKpR1ITnJN3wcx LQRZcI0UIgB3p7D1jWCDaNHg1VPTMwhTNeHHVc4LC/NWid95T7HNUuBa2PZ28zvG+R2Y cOcR40qJfHvGqdkKJryIEvHKLGeV2QTzGbKpwjG5k5iOu+988K1J+TV4WJoqnX2zy7ZA lDxTV31TeP9NwT5VP3cJODQWZdMkWBm73fAIA+kQO+LXlVJpvaTqWPqiiWz3T88A3f7r JotRd1dAbas4wH0l35mTIKHM7TIQvu6Zrevy1srVOSLf7IdgNQvnqUBzD2bbeyT6xBbO AeEw== X-Gm-Message-State: AOJu0Yz37gfDFgvCuHAKKzJbPc5e5kuTiC057h2EmMovTxpoPkFkZ9V4 S40deBPeoSYzAVlUAmrRweRSfrIH6K2brtdNDVdJKYKVPbhQvHRtQba1TcmTu3spewKPUItAu/M frkZ7LDwxp3n9zJ9yMqxmY5/h7aXBmwoP6fPoOkns X-Gm-Gg: ASbGnctS55Qao64yD4laEif9IcI8SwcI5oixEmlwEdTSTk7JpcohNwE2vmMmnrcuyuE wZZe3UdT2Se9Dlq6Y4RdguiWeo6eYqxUVlxNdeOoTQbxczlFqbJGhbphKuRVJx8uHTEsLgHwK5N W1WpITozZly8ObksST5oLBPc8/TWBhKP1ww/22ipoeY1awegIazVJVeKtCOrSVg9OgwdxVdTq3r Re+OxQz1rPh4LldKTPl/So38Lki12zV4vyZqIoavDPVhKpyRgTIcN77okVFwCwyyteRI9+4yD3d SL7lhm0gROrJorgpqvSh1lt/oF25/HsyP9hjT2jEL1A/f+ndghuFcdL2LJ8= X-Google-Smtp-Source: AGHT+IHlv9x6od6UuL+YDWciQjtrNs1Fmldp5BGcU2T0wLgP73iXX3ttW7EETgSbMGJ6HsucEXlQEGn2GV60 X-Received: by 2002:a17:902:f610:b0:223:f408:c3f8 with SMTP id d9443c01a7336-22e5ea77a91mr31388805ad.14.1746610603294; Wed, 07 May 2025 02:36:43 -0700 (PDT) Received: from postal.iol.unh.edu (postal.iol.unh.edu. [132.177.123.84]) by smtp-relay.gmail.com with ESMTPS id d9443c01a7336-22e1523338bsm18125085ad.112.2025.05.07.02.36.43 (version=TLS1_2 cipher=ECDHE-ECDSA-AES128-GCM-SHA256 bits=128/128); Wed, 07 May 2025 02:36:43 -0700 (PDT) X-Relaying-Domain: iol.unh.edu Date: Wed, 07 May 2025 02:36:43 -0700 (PDT) Message-ID: <681b29ab.170a0220.315ec1.8de9SMTPIN_ADDED_MISSING@mx.google.com> Received: from [172.21.0.5] (unknown [172.18.0.240]) by postal.iol.unh.edu (Postfix) with ESMTP id 7A0046052471; Wed, 7 May 2025 05:36:42 -0400 (EDT) Subject: |FAILURE| pw153310-153322 [PATCH] [v1,13/13] net/intel: add common T From: dpdklab@iol.unh.edu To: Test Report Cc: dpdk-test-reports@iol.unh.edu, "Burakov, Anatoly" In-Reply-To: <3925dc733f7a3c4dfcc1a36a5df5d2b14a3c5372.1746538072.git.anatoly.burakov@intel.com> References: <3925dc733f7a3c4dfcc1a36a5df5d2b14a3c5372.1746538072.git.anatoly.burakov@intel.com> Content-Type: text/plain X-BeenThere: test-report@dpdk.org X-Mailman-Version: 2.1.29 Precedence: list List-Id: automatic DPDK test reports List-Unsubscribe: , List-Archive: List-Post: List-Help: List-Subscribe: , Errors-To: test-report-bounces@dpdk.org Test-Label: iol-compile-arm64-testing Test-Status: FAILURE http://dpdk.org/patch/153322 _Testing issues_ Submitter: Burakov, Anatoly Date: Tuesday, May 06 2025 13:28:02 DPDK git baseline: Repo:dpdk Branch: master CommitID:7cf0355db9fdab5648b05fd787356c391c510534 153310-153322 --> testing issues Upstream job id: Generic-DPDK-Compile-Meson#385942 Test environment and result as below: +----------------------------------------+--------------------+ | Environment | dpdk_meson_compile | +========================================+====================+ | Fedora 40 (ARM) | FAIL | +----------------------------------------+--------------------+ | RHEL9 (ARM) | FAIL | +----------------------------------------+--------------------+ | Fedora 40 (ARM Clang) | PEND | +----------------------------------------+--------------------+ | Debian 12 with MUSDK | FAIL | +----------------------------------------+--------------------+ | Ubuntu 20.04 ARM GCC Cross Compile | PEND | +----------------------------------------+--------------------+ | Ubuntu 20.04 ARM SVE | PASS | +----------------------------------------+--------------------+ | CentOS Stream 9 (ARM) | PEND | +----------------------------------------+--------------------+ | Ubuntu 20.04 aarch32 GCC Cross Compile | PEND | +----------------------------------------+--------------------+ ==== 20 line log output for Debian 12 with MUSDK (dpdk_meson_compile): ==== | ~^~~~~~~~~~~~~~~~~~~~~~~ ../drivers/net/intel/i40e/../common/rx_vec_neon.h:81:27: note: in expansion of macro 'RTE_CAST_PTR' 81 | vst1q_u64(RTE_CAST_PTR(volatile uint64_t *, ptr0), dma_addr0); | ^~~~~~~~~~~~ In file included from ../lib/eal/arm/include/rte_vect.h:11, from ../drivers/net/intel/i40e/i40e_rxtx_vec_neon.c:11: /usr/lib/gcc/aarch64-linux-gnu/12/include/arm_neon.h:24790:22: note: expected 'uint64_t *' {aka 'long unsigned int *'} but argument is of type 'volatile uint64_t *' {aka 'volatile long unsigned int *'} 24790 | vst1q_u64 (uint64_t *__a, uint64x2_t __b) | ~~~~~~~~~~^~~ ../lib/eal/include/rte_common.h:593:34: error: passing argument 1 of 'vst1q_u64' discards 'volatile' qualifier from pointer target type [-Werror=discarded-qualifiers] 593 | #define RTE_CAST_PTR(type, ptr) ((type)(uintptr_t)(ptr)) | ~^~~~~~~~~~~~~~~~~~~~~~~ ../drivers/net/intel/i40e/../common/rx_vec_neon.h:86:27: note: in expansion of macro 'RTE_CAST_PTR' 86 | vst1q_u64(RTE_CAST_PTR(volatile uint64_t *, ptr1), dma_addr1); | ^~~~~~~~~~~~ /usr/lib/gcc/aarch64-linux-gnu/12/include/arm_neon.h:24790:22: note: expected 'uint64_t *' {aka 'long unsigned int *'} but argument is of type 'volatile uint64_t *' {aka 'volatile long unsigned int *'} 24790 | vst1q_u64 (uint64_t *__a, uint64x2_t __b) | ~~~~~~~~~~^~~ cc1: all warnings being treated as errors ninja: build stopped: subcommand failed. ==== End log output ==== Fedora 40 (ARM) Kernel: Depends on container host Compiler: gcc 14.2.1 20240912 (Red Hat 14.2.1-3) RHEL9 (ARM) Kernel: Depends on container host Compiler: gcc 11.5.0 20240719 (Red Hat 11.5.0-2) Fedora 40 (ARM Clang) Kernel: Depends on container host Compiler: clang 18.1.8 (Fedora 18.1.8-1.fc40) Debian 12 with MUSDK Kernel: Depends on container host Compiler: gcc (Debian 12.2.0-14) 12.2.0 Ubuntu 20.04 ARM GCC Cross Compile Kernel: Depends on container host Compiler: aarch64-linux-gnu-gcc (Ubuntu 9.4.0-1ubuntu1~20.04.2) 9.4.0 Ubuntu 20.04 ARM SVE Kernel: Depends on container host Compiler: gcc (Ubuntu 10.5.0-1ubuntu1~20.04) 10.5.0 CentOS Stream 9 (ARM) Kernel: Depends on container host Compiler: gcc 11.5.0 20240719 (Red Hat 11.5.0-2) Ubuntu 20.04 aarch32 GCC Cross Compile Kernel: Depends on container host Compiler: gcc 9.4.0 To view detailed results, visit: https://lab.dpdk.org/results/dashboard/patchsets/33122/ UNH-IOL DPDK Community Lab To manage your email subscriptions, visit: https://lab.dpdk.org/results/dashboard/preferences/subscriptions/