From mboxrd@z Thu Jan 1 00:00:00 1970 Return-Path: Received: from mails.dpdk.org (mails.dpdk.org [217.70.189.124]) by inbox.dpdk.org (Postfix) with ESMTP id 6F4BC466E8 for ; Wed, 7 May 2025 11:38:53 +0200 (CEST) Received: from mails.dpdk.org (localhost [127.0.0.1]) by mails.dpdk.org (Postfix) with ESMTP id 6B06F4025D; Wed, 7 May 2025 11:38:53 +0200 (CEST) Received: from mail-yw1-f227.google.com (mail-yw1-f227.google.com [209.85.128.227]) by mails.dpdk.org (Postfix) with ESMTP id 4A9614025A for ; Wed, 7 May 2025 11:38:52 +0200 (CEST) Received: by mail-yw1-f227.google.com with SMTP id 00721157ae682-702628e34f2so8584187b3.0 for ; Wed, 07 May 2025 02:38:52 -0700 (PDT) DKIM-Signature: v=1; a=rsa-sha256; c=relaxed/relaxed; d=iol.unh.edu; s=unh-iol; t=1746610731; x=1747215531; darn=dpdk.org; h=references:in-reply-to:cc:to:from:subject:message-id:date:from:to :cc:subject:date:message-id:reply-to; bh=C6CGukLSgjXUxpC1OLoI8/0I/seIQyIowARkBrowDRg=; b=XpNVQPHi9gQAxjSfasrwc8TlewUKlhaWZCdUIXZhjoAAxBOwbl6PA3P5j5LSgCFZWY IAM2/28OlBZeVUuouVrXOEQWojmQO0gEXJ/zkWYSy2V5H10u5WUKfjfej/ETeNT5lhWR h1x8H4Ft7Fymp26VgZiQ1BCViwmkqhG5qLk+k= X-Google-DKIM-Signature: v=1; a=rsa-sha256; c=relaxed/relaxed; d=1e100.net; s=20230601; t=1746610731; x=1747215531; h=references:in-reply-to:cc:to:from:subject:message-id:date :x-gm-message-state:from:to:cc:subject:date:message-id:reply-to; bh=C6CGukLSgjXUxpC1OLoI8/0I/seIQyIowARkBrowDRg=; b=dgq0tH2RXqmfy3ZITNQABpLz49W2/7JPpm3oknJ9Em+LZlU8zz4J0TGIoiqCgi5us6 6yNJe7Qz47hqaWqYivFweqTwi65B7eKEDgMoohIecMudXqRAsShWeT6JKx/QsXJTPUGS SofEbeIrnf1ZTykU/5KwwcyLQ1ByICn/qDos42Rss4lakQuOEC2Z3io7oPbMztOi15nN xEs2/FTIi4vTAyFcpzgtbv0FOWkvEQb9gum6wJkfjLZCQnuOZvdYMurEDHjTdgiRuC/x E5/SV4kVNwWvT1EejLGQoejiqnlhZ6l/k4JgJABAx2++8UQn5rhyB7W/7czNPnDFlV31 SaUQ== X-Gm-Message-State: AOJu0Yy/ucgDImAl4CNwvmVtLjSPbuLlsaGXE88HC1pg7dPDy1u8rRZl 03rrlQN+/M+EZeUbWvDRfo0/dQv+YBTrm+hVHauqhQ7b6RfSTR3oFDm6CG1MJzeznft5O+I+5ZI bv75aZYxV29LPh9yeLAwuKxk7u2+ps498YzJ4IwIIAt6POWTVRvihpWT1 X-Gm-Gg: ASbGncs5D2WnQTLGZGODPFDLZGIswqDJiXukzZ+E5/l1soF9KmB0L0NdaxAyZ96h21E R4x3VxU1SCx4xB9Gn87ChMO7+bqaLHwM1CoJczWbMVh6p6LSB3RnQ2K9wEWk5INIFZ+KokOrPZ8 iUF+EVGaNlkMmbPnLncVwmkI5f1pSs0AKxNbr28ISwbHHWbtqljB2zKA8P0f4BcC2QW90FCuNjQ 6DFTY5rS+pRmRFAgiuIPKCSUnfVw79j5O2ogsy1Ve7H687631Acxi6InMtrV6CaLgyTs1eqAMAk 35DXFRPKQRq24Xrc8hCZSOG7UAGvxm+RhiBx X-Google-Smtp-Source: AGHT+IGe6Q1xtGfpj/CVQRvkuV/Qb+q0AFeVoEEPFNqjmbw9ZY02JJhOlEtR5vFj9FsIo64ciKa80Mbfrn6A X-Received: by 2002:a05:690c:4d06:b0:6fd:33a1:f4b with SMTP id 00721157ae682-70a1c9bce1bmr41642147b3.4.1746610731641; Wed, 07 May 2025 02:38:51 -0700 (PDT) Received: from postal.iol.unh.edu (postal.iol.unh.edu. [2606:4100:3880:1234::84]) by smtp-relay.gmail.com with ESMTPS id 00721157ae682-70a229fad9csm391167b3.40.2025.05.07.02.38.51 (version=TLS1_2 cipher=ECDHE-ECDSA-AES128-GCM-SHA256 bits=128/128); Wed, 07 May 2025 02:38:51 -0700 (PDT) X-Relaying-Domain: iol.unh.edu Date: Wed, 07 May 2025 02:38:51 -0700 (PDT) Message-ID: <681b2a2b.0d0a0220.217ba.2311SMTPIN_ADDED_MISSING@mx.google.com> Received: from [172.21.0.5] (unknown [172.18.0.240]) by postal.iol.unh.edu (Postfix) with ESMTP id 4A0C16052471; Wed, 7 May 2025 05:38:51 -0400 (EDT) Subject: |FAILURE| pw153310-153322 [PATCH] [v1,13/13] net/intel: add common T From: dpdklab@iol.unh.edu To: Test Report Cc: dpdk-test-reports@iol.unh.edu, "Burakov, Anatoly" In-Reply-To: <3925dc733f7a3c4dfcc1a36a5df5d2b14a3c5372.1746538072.git.anatoly.burakov@intel.com> References: <3925dc733f7a3c4dfcc1a36a5df5d2b14a3c5372.1746538072.git.anatoly.burakov@intel.com> Content-Type: text/plain X-BeenThere: test-report@dpdk.org X-Mailman-Version: 2.1.29 Precedence: list List-Id: automatic DPDK test reports List-Unsubscribe: , List-Archive: List-Post: List-Help: List-Subscribe: , Errors-To: test-report-bounces@dpdk.org Test-Label: iol-compile-arm64-testing Test-Status: FAILURE http://dpdk.org/patch/153322 _Testing issues_ Submitter: Burakov, Anatoly Date: Tuesday, May 06 2025 13:28:02 DPDK git baseline: Repo:dpdk Branch: master CommitID:7cf0355db9fdab5648b05fd787356c391c510534 153310-153322 --> testing issues Upstream job id: Generic-DPDK-Compile-Meson#385944 Test environment and result as below: +----------------------------------------+--------------------+ | Environment | dpdk_meson_compile | +========================================+====================+ | Fedora 40 (ARM) | FAIL | +----------------------------------------+--------------------+ | RHEL9 (ARM) | FAIL | +----------------------------------------+--------------------+ | Fedora 40 (ARM Clang) | PEND | +----------------------------------------+--------------------+ | Debian 12 with MUSDK | FAIL | +----------------------------------------+--------------------+ | Ubuntu 20.04 ARM GCC Cross Compile | PEND | +----------------------------------------+--------------------+ | Ubuntu 20.04 ARM SVE | PASS | +----------------------------------------+--------------------+ | CentOS Stream 9 (ARM) | PEND | +----------------------------------------+--------------------+ | Ubuntu 20.04 aarch32 GCC Cross Compile | PEND | +----------------------------------------+--------------------+ | Fedora 41 (ARM Clang) | PEND | +----------------------------------------+--------------------+ ==== 20 line log output for Debian 12 with MUSDK (dpdk_meson_compile): ==== | ~^~~~~~~~~~~~~~~~~~~~~~~ ../drivers/net/intel/i40e/../common/rx_vec_neon.h:81:27: note: in expansion of macro 'RTE_CAST_PTR' 81 | vst1q_u64(RTE_CAST_PTR(volatile uint64_t *, ptr0), dma_addr0); | ^~~~~~~~~~~~ In file included from ../lib/eal/arm/include/rte_vect.h:11, from ../drivers/net/intel/i40e/i40e_rxtx_vec_neon.c:11: /usr/lib/gcc/aarch64-linux-gnu/12/include/arm_neon.h:24790:22: note: expected 'uint64_t *' {aka 'long unsigned int *'} but argument is of type 'volatile uint64_t *' {aka 'volatile long unsigned int *'} 24790 | vst1q_u64 (uint64_t *__a, uint64x2_t __b) | ~~~~~~~~~~^~~ ../lib/eal/include/rte_common.h:593:34: error: passing argument 1 of 'vst1q_u64' discards 'volatile' qualifier from pointer target type [-Werror=discarded-qualifiers] 593 | #define RTE_CAST_PTR(type, ptr) ((type)(uintptr_t)(ptr)) | ~^~~~~~~~~~~~~~~~~~~~~~~ ../drivers/net/intel/i40e/../common/rx_vec_neon.h:86:27: note: in expansion of macro 'RTE_CAST_PTR' 86 | vst1q_u64(RTE_CAST_PTR(volatile uint64_t *, ptr1), dma_addr1); | ^~~~~~~~~~~~ /usr/lib/gcc/aarch64-linux-gnu/12/include/arm_neon.h:24790:22: note: expected 'uint64_t *' {aka 'long unsigned int *'} but argument is of type 'volatile uint64_t *' {aka 'volatile long unsigned int *'} 24790 | vst1q_u64 (uint64_t *__a, uint64x2_t __b) | ~~~~~~~~~~^~~ cc1: all warnings being treated as errors ninja: build stopped: subcommand failed. ==== End log output ==== Fedora 40 (ARM) Kernel: Depends on container host Compiler: gcc 14.2.1 20240912 (Red Hat 14.2.1-3) RHEL9 (ARM) Kernel: Depends on container host Compiler: gcc 11.5.0 20240719 (Red Hat 11.5.0-2) Fedora 40 (ARM Clang) Kernel: Depends on container host Compiler: clang 18.1.8 (Fedora 18.1.8-1.fc40) Debian 12 with MUSDK Kernel: Depends on container host Compiler: gcc (Debian 12.2.0-14) 12.2.0 Ubuntu 20.04 ARM GCC Cross Compile Kernel: Depends on container host Compiler: aarch64-linux-gnu-gcc (Ubuntu 9.4.0-1ubuntu1~20.04.2) 9.4.0 Ubuntu 20.04 ARM SVE Kernel: Depends on container host Compiler: gcc (Ubuntu 10.5.0-1ubuntu1~20.04) 10.5.0 CentOS Stream 9 (ARM) Kernel: Depends on container host Compiler: gcc 11.5.0 20240719 (Red Hat 11.5.0-2) Ubuntu 20.04 aarch32 GCC Cross Compile Kernel: Depends on container host Compiler: gcc 9.4.0 Fedora 41 (ARM Clang) Kernel: Depends on container host Compiler: clang 19.1.5 (Fedora 19.1.5-1.fc41) To view detailed results, visit: https://lab.dpdk.org/results/dashboard/patchsets/33122/ UNH-IOL DPDK Community Lab To manage your email subscriptions, visit: https://lab.dpdk.org/results/dashboard/preferences/subscriptions/