From mboxrd@z Thu Jan 1 00:00:00 1970 Return-Path: Received: from mails.dpdk.org (mails.dpdk.org [217.70.189.124]) by inbox.dpdk.org (Postfix) with ESMTP id 0724B466E8 for ; Wed, 7 May 2025 11:44:11 +0200 (CEST) Received: from mails.dpdk.org (localhost [127.0.0.1]) by mails.dpdk.org (Postfix) with ESMTP id D75F54025D; Wed, 7 May 2025 11:44:10 +0200 (CEST) Received: from mail-il1-f225.google.com (mail-il1-f225.google.com [209.85.166.225]) by mails.dpdk.org (Postfix) with ESMTP id CAFC64025A for ; Wed, 7 May 2025 11:44:09 +0200 (CEST) Received: by mail-il1-f225.google.com with SMTP id e9e14a558f8ab-3d57143ee39so60277615ab.1 for ; Wed, 07 May 2025 02:44:09 -0700 (PDT) DKIM-Signature: v=1; a=rsa-sha256; c=relaxed/relaxed; d=iol.unh.edu; s=unh-iol; t=1746611049; x=1747215849; darn=dpdk.org; h=references:in-reply-to:cc:to:from:subject:message-id:date:from:to :cc:subject:date:message-id:reply-to; bh=M7dHmEbKjNdOPL4wUR6tA9LWdcIGstJifH/x5/di2aE=; b=L3JZUZMsJEJi6cMXe3ifsBlah5u6kNdo36X0gMS4WFtAB8K8VKJmhF+XoaEif/OD/G RzA80UwpjjvGhBtnB/49nIxjvkwfouqpqLV9GfEvL7qFk0yomn2+KKQAGuz3uoWKJdNI ooTOafa5QVO/BYRtuL3ghU735y4fhCzAzA3nI= X-Google-DKIM-Signature: v=1; a=rsa-sha256; c=relaxed/relaxed; d=1e100.net; s=20230601; t=1746611049; x=1747215849; h=references:in-reply-to:cc:to:from:subject:message-id:date :x-gm-message-state:from:to:cc:subject:date:message-id:reply-to; bh=M7dHmEbKjNdOPL4wUR6tA9LWdcIGstJifH/x5/di2aE=; b=J0LkHHHXBpqliPXPw5qFxB9DlBAamjNBydcoHvPjpJvtngl4lWglONbHhylAud72qv q+Hdiaq0j9VGL9pC/TxrvMDX0LI/EBvd659SN3+pO/GIBfhhUub+D0u1cuWxXun2fIk3 /SsqBlMIiJAOFSVcpfNVp2Q4H+rQfJhb9BMXaTUM2ttcmsiy4zwMLqQbq75PEckKrkBG XHaZ+iTaFtq/5Nf3yHdY4gdxyrywtIcSEB0S2zO0t+3waoNtVO13MNtNEXSW/ZMQYgYt biHrN8zCIoL9R4R6U9lAqeNMxqIAHOHIASoHtMQ44K/XnczuWiVqS184/8SGk/2kLEI4 URpg== X-Gm-Message-State: AOJu0Yy4N9EM/k6106HdHm5JKwJQWQUIyAGaad267JShWIbdjrKGUmKz 4HDKK+UibZr590tuabRbRHXLecFUgjoKXtMwD25x9wm5308Gk8t1A7t5pyDapnX2zUFhSS2/vVX bfhc1BIU6uO7CRtQJOIbQEcSw3/G8pI36xbQEV+Fr X-Gm-Gg: ASbGncvIm3jPOWYOsIhMefNmPFwXkNLutawkd3V/T3xQUGj/qCTIVNCEwuqEmZlK2v0 wT2EWn2Zl4z6CUVW42EsaBUOvy4ycUVZRfhI94kUlfhOmvZRaQo+xqsWUSZLN0kjEdFiqoKX6DE XAfQl593io2LvhSBgIS6rprT0nV9PIPeT2g5NB+ETuUJpaLxGX6IiHRu6KS8amyZMvVn6aaHBZi /m/qjIY+ugUO0L8HPCdP4nLxrrW5O8Cr8LnR2gxcCULLnEbzW1ylmX0KkdIsE14v+6s9Dy8A4ov LwLmVb1UCxv7XPZIX/fLZdlLCUvdD/RxI6JsaeRum+HAw+hfYPFHPERWXwU= X-Google-Smtp-Source: AGHT+IFTydLYSRe5AlAOoVYYipMI3snj44DYXu5F4ObHp37wrbR2+v1UuVnUo/8gyE9rpL4OPhlJA9fdfltS X-Received: by 2002:a05:6e02:1748:b0:3d4:2306:a875 with SMTP id e9e14a558f8ab-3da738f9e76mr28528495ab.8.1746611049025; Wed, 07 May 2025 02:44:09 -0700 (PDT) Received: from postal.iol.unh.edu (postal.iol.unh.edu. [132.177.123.84]) by smtp-relay.gmail.com with ESMTPS id e9e14a558f8ab-3d975eca9bbsm23537085ab.32.2025.05.07.02.44.08 (version=TLS1_2 cipher=ECDHE-ECDSA-AES128-GCM-SHA256 bits=128/128); Wed, 07 May 2025 02:44:09 -0700 (PDT) X-Relaying-Domain: iol.unh.edu Date: Wed, 07 May 2025 02:44:09 -0700 (PDT) Message-ID: <681b2b69.050a0220.166e5b.2bedSMTPIN_ADDED_MISSING@mx.google.com> Received: from [172.21.0.6] (unknown [172.18.0.240]) by postal.iol.unh.edu (Postfix) with ESMTP id 886906052471; Wed, 7 May 2025 05:44:08 -0400 (EDT) Subject: |FAILURE| pw153310-153322 [PATCH] [v1,13/13] net/intel: add common T From: dpdklab@iol.unh.edu To: Test Report Cc: dpdk-test-reports@iol.unh.edu, "Burakov, Anatoly" In-Reply-To: <3925dc733f7a3c4dfcc1a36a5df5d2b14a3c5372.1746538072.git.anatoly.burakov@intel.com> References: <3925dc733f7a3c4dfcc1a36a5df5d2b14a3c5372.1746538072.git.anatoly.burakov@intel.com> Content-Type: text/plain X-BeenThere: test-report@dpdk.org X-Mailman-Version: 2.1.29 Precedence: list List-Id: automatic DPDK test reports List-Unsubscribe: , List-Archive: List-Post: List-Help: List-Subscribe: , Errors-To: test-report-bounces@dpdk.org Test-Label: iol-compile-arm64-testing Test-Status: FAILURE http://dpdk.org/patch/153322 _Testing issues_ Submitter: Burakov, Anatoly Date: Tuesday, May 06 2025 13:28:02 DPDK git baseline: Repo:dpdk Branch: master CommitID:7cf0355db9fdab5648b05fd787356c391c510534 153310-153322 --> testing issues Upstream job id: Generic-DPDK-Compile-Meson#385953 Test environment and result as below: +----------------------------------------+--------------------+ | Environment | dpdk_meson_compile | +========================================+====================+ | Fedora 40 (ARM) | FAIL | +----------------------------------------+--------------------+ | RHEL9 (ARM) | FAIL | +----------------------------------------+--------------------+ | Fedora 40 (ARM Clang) | PEND | +----------------------------------------+--------------------+ | Debian 12 with MUSDK | FAIL | +----------------------------------------+--------------------+ | Ubuntu 20.04 ARM GCC Cross Compile | PEND | +----------------------------------------+--------------------+ | Ubuntu 20.04 ARM SVE | PASS | +----------------------------------------+--------------------+ | CentOS Stream 9 (ARM) | FAIL | +----------------------------------------+--------------------+ | Ubuntu 20.04 aarch32 GCC Cross Compile | PEND | +----------------------------------------+--------------------+ | Fedora 41 (ARM Clang) | PEND | +----------------------------------------+--------------------+ | Ubuntu 20.04 (ARM) | PEND | +----------------------------------------+--------------------+ | Fedora 41 (ARM) | PEND | +----------------------------------------+--------------------+ | Ubuntu 24.04 (ARM) | PEND | +----------------------------------------+--------------------+ | CentOS Stream 10 (ARM) | PEND | +----------------------------------------+--------------------+ | Debian 12 (arm) | PEND | +----------------------------------------+--------------------+ ==== 20 line log output for CentOS Stream 9 (ARM) (dpdk_meson_compile): ==== from ../drivers/net/intel/i40e/i40e_rxtx_vec_neon.c:11: /usr/lib/gcc/aarch64-redhat-linux/11/include/arm_neon.h:26560:22: note: expected 'uint64_t *' {aka 'long unsigned int *'} but argument is of type 'volatile uint64_t *' {aka 'volatile long unsigned int *'} 26560 | vst1q_u64 (uint64_t *__a, uint64x2_t __b) | ~~~~~~~~~~^~~ In file included from ../lib/eal/include/dev_driver.h:8, from ../lib/ethdev/ethdev_driver.h:19, from ../drivers/net/intel/i40e/i40e_rxtx_vec_neon.c:8: ../lib/eal/include/rte_common.h:593:34: error: passing argument 1 of 'vst1q_u64' discards 'volatile' qualifier from pointer target type [-Werror=discarded-qualifiers] 593 | #define RTE_CAST_PTR(type, ptr) ((type)(uintptr_t)(ptr)) | ~^~~~~~~~~~~~~~~~~~~~~~~ ../drivers/net/intel/i40e/../common/rx_vec_neon.h:86:27: note: in expansion of macro 'RTE_CAST_PTR' 86 | vst1q_u64(RTE_CAST_PTR(volatile uint64_t *, ptr1), dma_addr1); | ^~~~~~~~~~~~ In file included from ../lib/eal/arm/include/rte_vect.h:11, from ../drivers/net/intel/i40e/i40e_rxtx_vec_neon.c:11: /usr/lib/gcc/aarch64-redhat-linux/11/include/arm_neon.h:26560:22: note: expected 'uint64_t *' {aka 'long unsigned int *'} but argument is of type 'volatile uint64_t *' {aka 'volatile long unsigned int *'} 26560 | vst1q_u64 (uint64_t *__a, uint64x2_t __b) | ~~~~~~~~~~^~~ cc1: all warnings being treated as errors ninja: build stopped: subcommand failed. ==== End log output ==== Fedora 40 (ARM) Kernel: Depends on container host Compiler: gcc 14.2.1 20240912 (Red Hat 14.2.1-3) RHEL9 (ARM) Kernel: Depends on container host Compiler: gcc 11.5.0 20240719 (Red Hat 11.5.0-2) Fedora 40 (ARM Clang) Kernel: Depends on container host Compiler: clang 18.1.8 (Fedora 18.1.8-1.fc40) Debian 12 with MUSDK Kernel: Depends on container host Compiler: gcc (Debian 12.2.0-14) 12.2.0 Ubuntu 20.04 ARM GCC Cross Compile Kernel: Depends on container host Compiler: aarch64-linux-gnu-gcc (Ubuntu 9.4.0-1ubuntu1~20.04.2) 9.4.0 Ubuntu 20.04 ARM SVE Kernel: Depends on container host Compiler: gcc (Ubuntu 10.5.0-1ubuntu1~20.04) 10.5.0 CentOS Stream 9 (ARM) Kernel: Depends on container host Compiler: gcc 11.5.0 20240719 (Red Hat 11.5.0-2) Ubuntu 20.04 aarch32 GCC Cross Compile Kernel: Depends on container host Compiler: gcc 9.4.0 Fedora 41 (ARM Clang) Kernel: Depends on container host Compiler: clang 19.1.5 (Fedora 19.1.5-1.fc41) Ubuntu 20.04 (ARM) Kernel: Depends on container host Compiler: gcc (Ubuntu 9.4.0-1ubuntu1~20.04.2) 9.4.0 Fedora 41 (ARM) Kernel: Depends on container host Compiler: gcc 14.2.1 20240912 (Red Hat 14.2.1-3) Ubuntu 24.04 (ARM) Kernel: Depends on container host Compiler: gcc (Ubuntu 13.3.0-6ubuntu2~24.04) 13.3.0 CentOS Stream 10 (ARM) Kernel: Depends on container host Compiler: gcc 14.2.1 20241104 (Red Hat 14.2.1-6) Debian 12 (arm) Kernel: Depends on container host Compiler: gcc (Debian 12.2.0-14) 12.2.0 To view detailed results, visit: https://lab.dpdk.org/results/dashboard/patchsets/33122/ UNH-IOL DPDK Community Lab To manage your email subscriptions, visit: https://lab.dpdk.org/results/dashboard/preferences/subscriptions/