From mboxrd@z Thu Jan 1 00:00:00 1970 Return-Path: Received: from mails.dpdk.org (mails.dpdk.org [217.70.189.124]) by inbox.dpdk.org (Postfix) with ESMTP id 4E5C9466E8 for ; Wed, 7 May 2025 11:54:28 +0200 (CEST) Received: from mails.dpdk.org (localhost [127.0.0.1]) by mails.dpdk.org (Postfix) with ESMTP id 4A448402DE; Wed, 7 May 2025 11:54:28 +0200 (CEST) Received: from mail-pl1-f228.google.com (mail-pl1-f228.google.com [209.85.214.228]) by mails.dpdk.org (Postfix) with ESMTP id 9AEFD402B3 for ; Wed, 7 May 2025 11:54:26 +0200 (CEST) Received: by mail-pl1-f228.google.com with SMTP id d9443c01a7336-224019ad9edso97119295ad.1 for ; Wed, 07 May 2025 02:54:26 -0700 (PDT) DKIM-Signature: v=1; a=rsa-sha256; c=relaxed/relaxed; d=iol.unh.edu; s=unh-iol; t=1746611666; x=1747216466; darn=dpdk.org; h=references:in-reply-to:cc:to:from:subject:message-id:date:from:to :cc:subject:date:message-id:reply-to; bh=qh5KSVN3DbgXkZqadUNlVHB0/9BynOWJ22TvMYhh/lQ=; b=cfmbx5A3bRL/Fhtl8dsWRo6E2yth5CUUYRSp+q10XlRXC2DAQEGKAVOOLayRCV19Wc kHOnffmocj6HN5Oo+G3QjqhW6t+0bRJt3becmHR2ZqTVDcdY4ioTzAhx9/X9DYmG896t dVClqdvL9PAwE45RY8irjkFet85pHmROt3/30= X-Google-DKIM-Signature: v=1; a=rsa-sha256; c=relaxed/relaxed; d=1e100.net; s=20230601; t=1746611666; x=1747216466; h=references:in-reply-to:cc:to:from:subject:message-id:date :x-gm-message-state:from:to:cc:subject:date:message-id:reply-to; bh=qh5KSVN3DbgXkZqadUNlVHB0/9BynOWJ22TvMYhh/lQ=; b=EVMYwtuewIFWKnmHdOkUGrzPBr1q9YXp8DfvMDmCCpQZXdL8CWZbqeeny2oDrarT3A VP0juNdZXOcROq/OXKKgy5u7gVacBWzjmBst8ryjZBPzAM1WS19VQQJRslTqB/HqQirb wDAbSRdtpmqS7aCrpk3sZk8N+JrenTdWrgp11BJPUhZuni3hn0UXJHLiX1Fo+c4gA2nH lL1pM/X08G6QKvZqLpNPfvoLpxFDLGx7XEs1If+UYocL2yN5sjGKC2bUa/UcRaHcNf75 6sTSpZcQmDHJqzrHYWFlgQK1q/SDBn5S6kt3doRq6O91iKMxzeRLeS80U/U5wzqChjcp SyCQ== X-Gm-Message-State: AOJu0YwEC61qkIyTcL47S2o6QWRQpQ+X90h7MDKLmwrT6GhagEoeaMsm 9uVmHhNefgRktMaM6Q6rS517UhzHHcNmmQ13cO3MYkK9V8dZHzd3dnnymFYiuFlhVu8oNiS3MXq tSF30YqqC+NZvaI0x1QCt4SfawTBHICAWTnBvEPh9 X-Gm-Gg: ASbGncsqVjYAqI86jIXGMiaM04nQc/jJYDUfG5KDLpZ8IM8k3+clrER8hAGgMCGskpM QD/eXX4fvKsVMEZWfvIPTOdRUe6EAjVQYKbVlaP9pOxAZZ7ttjY8ZA4zsloOmx7yOCFUDzw5hx7 yQNELJ1cLhwo0LZRNX20rWjxfcDXoWJUwPPoHx2CFHHTlSPs51WY9oGf3vk5XJYPv9NZcE4BKvY goZDA8Ys3RyWzOvl1Hvb5YoQxhtBdfMLl0FlxqUWSJT3Nw2M/qB21Ctz6Uvik/qaL3uvCvp7QGL I0suZn42FwZUF2zXAu0iFOANJzlKhy3Danmz8RUfr3Ky2VmtvVOOm46HTfw= X-Google-Smtp-Source: AGHT+IEMOHV2w9jOwZyfm6922GVwit0bNTtzFyX9riENfzv8NHFmStbhNCkA2yLEuk1ZFZznzC26CtfASTxp X-Received: by 2002:a17:902:db0c:b0:224:13a4:d61d with SMTP id d9443c01a7336-22e5ea7c22dmr36706945ad.23.1746611665804; Wed, 07 May 2025 02:54:25 -0700 (PDT) Received: from postal.iol.unh.edu (postal.iol.unh.edu. [132.177.123.84]) by smtp-relay.gmail.com with ESMTPS id d9443c01a7336-22e72d5b932sm145785ad.18.2025.05.07.02.54.25 (version=TLS1_2 cipher=ECDHE-ECDSA-AES128-GCM-SHA256 bits=128/128); Wed, 07 May 2025 02:54:25 -0700 (PDT) X-Relaying-Domain: iol.unh.edu Date: Wed, 07 May 2025 02:54:25 -0700 (PDT) Message-ID: <681b2dd1.170a0220.c0dd8.0c9fSMTPIN_ADDED_MISSING@mx.google.com> Received: from [172.21.0.5] (unknown [172.18.0.240]) by postal.iol.unh.edu (Postfix) with ESMTP id CE0166052471; Wed, 7 May 2025 05:54:24 -0400 (EDT) Subject: |FAILURE| pw153310-153322 [PATCH] [v1,13/13] net/intel: add common T From: dpdklab@iol.unh.edu To: Test Report Cc: dpdk-test-reports@iol.unh.edu, "Burakov, Anatoly" In-Reply-To: <3925dc733f7a3c4dfcc1a36a5df5d2b14a3c5372.1746538072.git.anatoly.burakov@intel.com> References: <3925dc733f7a3c4dfcc1a36a5df5d2b14a3c5372.1746538072.git.anatoly.burakov@intel.com> Content-Type: text/plain X-BeenThere: test-report@dpdk.org X-Mailman-Version: 2.1.29 Precedence: list List-Id: automatic DPDK test reports List-Unsubscribe: , List-Archive: List-Post: List-Help: List-Subscribe: , Errors-To: test-report-bounces@dpdk.org Test-Label: iol-compile-arm64-testing Test-Status: FAILURE http://dpdk.org/patch/153322 _Testing issues_ Submitter: Burakov, Anatoly Date: Tuesday, May 06 2025 13:28:02 DPDK git baseline: Repo:dpdk Branch: master CommitID:7cf0355db9fdab5648b05fd787356c391c510534 153310-153322 --> testing issues Upstream job id: Generic-DPDK-Compile-Meson#385948 Test environment and result as below: +----------------------------------------+--------------------+ | Environment | dpdk_meson_compile | +========================================+====================+ | Fedora 40 (ARM) | FAIL | +----------------------------------------+--------------------+ | RHEL9 (ARM) | FAIL | +----------------------------------------+--------------------+ | Fedora 40 (ARM Clang) | PEND | +----------------------------------------+--------------------+ | Debian 12 with MUSDK | FAIL | +----------------------------------------+--------------------+ | Ubuntu 20.04 ARM GCC Cross Compile | PEND | +----------------------------------------+--------------------+ | Ubuntu 20.04 ARM SVE | PASS | +----------------------------------------+--------------------+ | CentOS Stream 9 (ARM) | FAIL | +----------------------------------------+--------------------+ | Ubuntu 20.04 aarch32 GCC Cross Compile | PEND | +----------------------------------------+--------------------+ | Fedora 41 (ARM Clang) | PEND | +----------------------------------------+--------------------+ | Ubuntu 20.04 (ARM) | FAIL | +----------------------------------------+--------------------+ | Fedora 41 (ARM) | FAIL | +----------------------------------------+--------------------+ | Ubuntu 24.04 (ARM) | FAIL | +----------------------------------------+--------------------+ | CentOS Stream 10 (ARM) | FAIL | +----------------------------------------+--------------------+ | Debian 12 (arm) | FAIL | +----------------------------------------+--------------------+ | Ubuntu 20.04 ARM Clang Cross Compile | PEND | +----------------------------------------+--------------------+ | Ubuntu 22.04 (ARM) | FAIL | +----------------------------------------+--------------------+ ==== 20 line log output for Ubuntu 22.04 (ARM) (dpdk_meson_compile): ==== from ../drivers/net/intel/i40e/i40e_rxtx_vec_neon.c:11: /usr/lib/gcc/aarch64-linux-gnu/11/include/arm_neon.h:26504:22: note: expected 'uint64_t *' {aka 'long unsigned int *'} but argument is of type 'volatile uint64_t *' {aka 'volatile long unsigned int *'} 26504 | vst1q_u64 (uint64_t *__a, uint64x2_t __b) | ~~~~~~~~~~^~~ In file included from ../lib/eal/include/dev_driver.h:8, from ../lib/ethdev/ethdev_driver.h:19, from ../drivers/net/intel/i40e/i40e_rxtx_vec_neon.c:8: ../lib/eal/include/rte_common.h:593:34: error: passing argument 1 of 'vst1q_u64' discards 'volatile' qualifier from pointer target type [-Werror=discarded-qualifiers] 593 | #define RTE_CAST_PTR(type, ptr) ((type)(uintptr_t)(ptr)) | ~^~~~~~~~~~~~~~~~~~~~~~~ ../drivers/net/intel/i40e/../common/rx_vec_neon.h:86:27: note: in expansion of macro 'RTE_CAST_PTR' 86 | vst1q_u64(RTE_CAST_PTR(volatile uint64_t *, ptr1), dma_addr1); | ^~~~~~~~~~~~ In file included from ../lib/eal/arm/include/rte_vect.h:11, from ../drivers/net/intel/i40e/i40e_rxtx_vec_neon.c:11: /usr/lib/gcc/aarch64-linux-gnu/11/include/arm_neon.h:26504:22: note: expected 'uint64_t *' {aka 'long unsigned int *'} but argument is of type 'volatile uint64_t *' {aka 'volatile long unsigned int *'} 26504 | vst1q_u64 (uint64_t *__a, uint64x2_t __b) | ~~~~~~~~~~^~~ cc1: all warnings being treated as errors ninja: build stopped: subcommand failed. ==== End log output ==== Fedora 40 (ARM) Kernel: Depends on container host Compiler: gcc 14.2.1 20240912 (Red Hat 14.2.1-3) RHEL9 (ARM) Kernel: Depends on container host Compiler: gcc 11.5.0 20240719 (Red Hat 11.5.0-2) Fedora 40 (ARM Clang) Kernel: Depends on container host Compiler: clang 18.1.8 (Fedora 18.1.8-1.fc40) Debian 12 with MUSDK Kernel: Depends on container host Compiler: gcc (Debian 12.2.0-14) 12.2.0 Ubuntu 20.04 ARM GCC Cross Compile Kernel: Depends on container host Compiler: aarch64-linux-gnu-gcc (Ubuntu 9.4.0-1ubuntu1~20.04.2) 9.4.0 Ubuntu 20.04 ARM SVE Kernel: Depends on container host Compiler: gcc (Ubuntu 10.5.0-1ubuntu1~20.04) 10.5.0 CentOS Stream 9 (ARM) Kernel: Depends on container host Compiler: gcc 11.5.0 20240719 (Red Hat 11.5.0-2) Ubuntu 20.04 aarch32 GCC Cross Compile Kernel: Depends on container host Compiler: gcc 9.4.0 Fedora 41 (ARM Clang) Kernel: Depends on container host Compiler: clang 19.1.5 (Fedora 19.1.5-1.fc41) Ubuntu 20.04 (ARM) Kernel: Depends on container host Compiler: gcc (Ubuntu 9.4.0-1ubuntu1~20.04.2) 9.4.0 Fedora 41 (ARM) Kernel: Depends on container host Compiler: gcc 14.2.1 20240912 (Red Hat 14.2.1-3) Ubuntu 24.04 (ARM) Kernel: Depends on container host Compiler: gcc (Ubuntu 13.3.0-6ubuntu2~24.04) 13.3.0 CentOS Stream 10 (ARM) Kernel: Depends on container host Compiler: gcc 14.2.1 20241104 (Red Hat 14.2.1-6) Debian 12 (arm) Kernel: Depends on container host Compiler: gcc (Debian 12.2.0-14) 12.2.0 Ubuntu 20.04 ARM Clang Cross Compile Kernel: Depends on container host Compiler: clang 10.0.0-4ubuntu1 Ubuntu 22.04 (ARM) Kernel: Depends on container host Compiler: gcc (Ubuntu 11.4.0-1ubuntu1~22.04) 11.4.0 To view detailed results, visit: https://lab.dpdk.org/results/dashboard/patchsets/33122/ UNH-IOL DPDK Community Lab To manage your email subscriptions, visit: https://lab.dpdk.org/results/dashboard/preferences/subscriptions/