From mboxrd@z Thu Jan 1 00:00:00 1970 Return-Path: Received: from mails.dpdk.org (mails.dpdk.org [217.70.189.124]) by inbox.dpdk.org (Postfix) with ESMTP id 7D9C7466E8 for ; Wed, 7 May 2025 11:55:57 +0200 (CEST) Received: from mails.dpdk.org (localhost [127.0.0.1]) by mails.dpdk.org (Postfix) with ESMTP id 745AE4025D; Wed, 7 May 2025 11:55:57 +0200 (CEST) Received: from mail-vk1-f226.google.com (mail-vk1-f226.google.com [209.85.221.226]) by mails.dpdk.org (Postfix) with ESMTP id 846384025A for ; Wed, 7 May 2025 11:55:55 +0200 (CEST) Received: by mail-vk1-f226.google.com with SMTP id 71dfb90a1353d-523f721bc63so524750e0c.0 for ; Wed, 07 May 2025 02:55:55 -0700 (PDT) DKIM-Signature: v=1; a=rsa-sha256; c=relaxed/relaxed; d=iol.unh.edu; s=unh-iol; t=1746611754; x=1747216554; darn=dpdk.org; h=references:in-reply-to:cc:to:from:subject:message-id:date:from:to :cc:subject:date:message-id:reply-to; bh=EIj7cy+n+gGXUBMruRH4NWPJ/HOFkXjrgg4mzj5bWZ8=; b=fJAx6clB5PEq4adcdIf34uQ2JtDhgDt8z+zPmqWFe5OI2MFDHQYp1V+26g+v/MORYi quy+ZKxvMnh8rEL+lZ0KcxqBVA2ZdO2mE1cauObyH1iRJjwAuxIikwGN16nUFbBaT66p N8B9sgXyFHyE8PUZdUNWxAha7VKIgpfeF4Pog= X-Google-DKIM-Signature: v=1; a=rsa-sha256; c=relaxed/relaxed; d=1e100.net; s=20230601; t=1746611754; x=1747216554; h=references:in-reply-to:cc:to:from:subject:message-id:date :x-gm-message-state:from:to:cc:subject:date:message-id:reply-to; bh=EIj7cy+n+gGXUBMruRH4NWPJ/HOFkXjrgg4mzj5bWZ8=; b=N4dTDhS3WIDavpVxKv0TLWzbxEQUcl81vrVHAsxsmsH1CIuO+Hz/Ocfzmed5OChzSk hrIRJH6wuRCRsgt06Kgi0cDV7GCgbRE5gkcELSuwOHJKp4wUdhLWhfQBeFnz4fgIcjYM uoAmDcZlva9MH8wKXlBY/EkfwuYLhbzSao4FxGFDpe4pMhSXsLRjyEpa6V7cCFDGnIGl mZxhtxBc1lftZfYbG8WZ6iZFhdekE0JL9ZIGuhjriBNldk7LfqoS8mstcgWYF4kDkidj 16tz/uTszEZB5lQGriTzzCTR/YWyVnUHlrp31brXZa2s9vViviegsVB1Nmi7ekK2ji0T ulHQ== X-Gm-Message-State: AOJu0Yyo1uQYwnvpPgJe+jcLxiewfr8aVWC3k7iAKOz2sIp0NtnITTV6 g7TWNOaRR2RarN+pM6zEsg+WuqM6S+HlIbJXemmRwhPodrR99cMYU8cX3p/zVyXu44jaG4VHA62 4GrPBFtdaxBpQvEywpr2JeYCBuZn142Eh4gDcnRkyAOayqos14fvx6psC X-Gm-Gg: ASbGnctIlfh1nTmC+l9AORLc55phjECWndLf3+8xGp97WZiDCH+yiFYbF9MiA/PKZQ7 ZaefvG8j+tpQ9Um0lbtrhi2KMbOAng6IKFAo+rKJ6zP0hwjjEVITEV6BU/tB6jd/IvqEfgBpne8 s0QCqglBdCiW7+x39BpsX53++8V6HMbHeJ/Pr6TFUX6CtLnC9ensKcPZ81ac+2Zwt0R7Yyp0PM8 vA+1VHFQ1/WXmfO+2LcVDw+UPEOZAOEdG7kuPK7UmUGw3NvUohGAeX70R/AkWN5n43MCNyeYT6I Iot1CceYNLImMwCxX+gWsUMqHyhq5jxcMtBC X-Google-Smtp-Source: AGHT+IGZeX/meQHvRvgg8gFopMcZN+SimXWmDY6zLDvpQvh3Zh9Q1/FxokGJ/Yv9PPWK4kei8rYXiq6ko62A X-Received: by 2002:a05:6122:21a0:b0:51f:a02b:45d4 with SMTP id 71dfb90a1353d-52c381fb4a8mr1311264e0c.1.1746611754667; Wed, 07 May 2025 02:55:54 -0700 (PDT) Received: from postal.iol.unh.edu (postal.iol.unh.edu. [2606:4100:3880:1234::84]) by smtp-relay.gmail.com with ESMTPS id 71dfb90a1353d-52ae41343d3sm2180593e0c.9.2025.05.07.02.55.54 (version=TLS1_2 cipher=ECDHE-ECDSA-AES128-GCM-SHA256 bits=128/128); Wed, 07 May 2025 02:55:54 -0700 (PDT) X-Relaying-Domain: iol.unh.edu Date: Wed, 07 May 2025 02:55:54 -0700 (PDT) Message-ID: <681b2e2a.050a0220.3959c8.c873SMTPIN_ADDED_MISSING@mx.google.com> Received: from [172.21.0.6] (unknown [172.18.0.240]) by postal.iol.unh.edu (Postfix) with ESMTP id 2A8936052471; Wed, 7 May 2025 05:55:54 -0400 (EDT) Subject: |FAILURE| pw153310-153322 [PATCH] [v1,13/13] net/intel: add common T From: dpdklab@iol.unh.edu To: Test Report Cc: dpdk-test-reports@iol.unh.edu, "Burakov, Anatoly" In-Reply-To: <3925dc733f7a3c4dfcc1a36a5df5d2b14a3c5372.1746538072.git.anatoly.burakov@intel.com> References: <3925dc733f7a3c4dfcc1a36a5df5d2b14a3c5372.1746538072.git.anatoly.burakov@intel.com> Content-Type: text/plain X-BeenThere: test-report@dpdk.org X-Mailman-Version: 2.1.29 Precedence: list List-Id: automatic DPDK test reports List-Unsubscribe: , List-Archive: List-Post: List-Help: List-Subscribe: , Errors-To: test-report-bounces@dpdk.org Test-Label: iol-compile-arm64-testing Test-Status: FAILURE http://dpdk.org/patch/153322 _Testing issues_ Submitter: Burakov, Anatoly Date: Tuesday, May 06 2025 13:28:02 DPDK git baseline: Repo:dpdk Branch: master CommitID:7cf0355db9fdab5648b05fd787356c391c510534 153310-153322 --> testing issues Upstream job id: Generic-DPDK-Compile-Meson#385952 Test environment and result as below: +----------------------------------------+--------------------+ | Environment | dpdk_meson_compile | +========================================+====================+ | Fedora 40 (ARM) | FAIL | +----------------------------------------+--------------------+ | RHEL9 (ARM) | FAIL | +----------------------------------------+--------------------+ | Fedora 40 (ARM Clang) | PEND | +----------------------------------------+--------------------+ | Debian 12 with MUSDK | FAIL | +----------------------------------------+--------------------+ | Ubuntu 20.04 ARM GCC Cross Compile | PEND | +----------------------------------------+--------------------+ | Ubuntu 20.04 ARM SVE | PASS | +----------------------------------------+--------------------+ | CentOS Stream 9 (ARM) | FAIL | +----------------------------------------+--------------------+ | Ubuntu 20.04 aarch32 GCC Cross Compile | PEND | +----------------------------------------+--------------------+ | Fedora 41 (ARM Clang) | PEND | +----------------------------------------+--------------------+ | Ubuntu 20.04 (ARM) | FAIL | +----------------------------------------+--------------------+ | Fedora 41 (ARM) | FAIL | +----------------------------------------+--------------------+ | Ubuntu 24.04 (ARM) | FAIL | +----------------------------------------+--------------------+ | CentOS Stream 10 (ARM) | FAIL | +----------------------------------------+--------------------+ | Debian 12 (arm) | FAIL | +----------------------------------------+--------------------+ | Ubuntu 20.04 ARM Clang Cross Compile | PEND | +----------------------------------------+--------------------+ | Ubuntu 22.04 (ARM) | FAIL | +----------------------------------------+--------------------+ ==== 20 line log output for Ubuntu 22.04 (ARM) (dpdk_meson_compile): ==== from ../drivers/net/intel/i40e/i40e_rxtx_vec_neon.c:11: /usr/lib/gcc/aarch64-linux-gnu/11/include/arm_neon.h:26504:22: note: expected 'uint64_t *' {aka 'long unsigned int *'} but argument is of type 'volatile uint64_t *' {aka 'volatile long unsigned int *'} 26504 | vst1q_u64 (uint64_t *__a, uint64x2_t __b) | ~~~~~~~~~~^~~ In file included from ../lib/eal/include/dev_driver.h:8, from ../lib/ethdev/ethdev_driver.h:19, from ../drivers/net/intel/i40e/i40e_rxtx_vec_neon.c:8: ../lib/eal/include/rte_common.h:593:34: error: passing argument 1 of 'vst1q_u64' discards 'volatile' qualifier from pointer target type [-Werror=discarded-qualifiers] 593 | #define RTE_CAST_PTR(type, ptr) ((type)(uintptr_t)(ptr)) | ~^~~~~~~~~~~~~~~~~~~~~~~ ../drivers/net/intel/i40e/../common/rx_vec_neon.h:86:27: note: in expansion of macro 'RTE_CAST_PTR' 86 | vst1q_u64(RTE_CAST_PTR(volatile uint64_t *, ptr1), dma_addr1); | ^~~~~~~~~~~~ In file included from ../lib/eal/arm/include/rte_vect.h:11, from ../drivers/net/intel/i40e/i40e_rxtx_vec_neon.c:11: /usr/lib/gcc/aarch64-linux-gnu/11/include/arm_neon.h:26504:22: note: expected 'uint64_t *' {aka 'long unsigned int *'} but argument is of type 'volatile uint64_t *' {aka 'volatile long unsigned int *'} 26504 | vst1q_u64 (uint64_t *__a, uint64x2_t __b) | ~~~~~~~~~~^~~ cc1: all warnings being treated as errors ninja: build stopped: subcommand failed. ==== End log output ==== Fedora 40 (ARM) Kernel: Depends on container host Compiler: gcc 14.2.1 20240912 (Red Hat 14.2.1-3) RHEL9 (ARM) Kernel: Depends on container host Compiler: gcc 11.5.0 20240719 (Red Hat 11.5.0-2) Fedora 40 (ARM Clang) Kernel: Depends on container host Compiler: clang 18.1.8 (Fedora 18.1.8-1.fc40) Debian 12 with MUSDK Kernel: Depends on container host Compiler: gcc (Debian 12.2.0-14) 12.2.0 Ubuntu 20.04 ARM GCC Cross Compile Kernel: Depends on container host Compiler: aarch64-linux-gnu-gcc (Ubuntu 9.4.0-1ubuntu1~20.04.2) 9.4.0 Ubuntu 20.04 ARM SVE Kernel: Depends on container host Compiler: gcc (Ubuntu 10.5.0-1ubuntu1~20.04) 10.5.0 CentOS Stream 9 (ARM) Kernel: Depends on container host Compiler: gcc 11.5.0 20240719 (Red Hat 11.5.0-2) Ubuntu 20.04 aarch32 GCC Cross Compile Kernel: Depends on container host Compiler: gcc 9.4.0 Fedora 41 (ARM Clang) Kernel: Depends on container host Compiler: clang 19.1.5 (Fedora 19.1.5-1.fc41) Ubuntu 20.04 (ARM) Kernel: Depends on container host Compiler: gcc (Ubuntu 9.4.0-1ubuntu1~20.04.2) 9.4.0 Fedora 41 (ARM) Kernel: Depends on container host Compiler: gcc 14.2.1 20240912 (Red Hat 14.2.1-3) Ubuntu 24.04 (ARM) Kernel: Depends on container host Compiler: gcc (Ubuntu 13.3.0-6ubuntu2~24.04) 13.3.0 CentOS Stream 10 (ARM) Kernel: Depends on container host Compiler: gcc 14.2.1 20241104 (Red Hat 14.2.1-6) Debian 12 (arm) Kernel: Depends on container host Compiler: gcc (Debian 12.2.0-14) 12.2.0 Ubuntu 20.04 ARM Clang Cross Compile Kernel: Depends on container host Compiler: clang 10.0.0-4ubuntu1 Ubuntu 22.04 (ARM) Kernel: Depends on container host Compiler: gcc (Ubuntu 11.4.0-1ubuntu1~22.04) 11.4.0 To view detailed results, visit: https://lab.dpdk.org/results/dashboard/patchsets/33122/ UNH-IOL DPDK Community Lab To manage your email subscriptions, visit: https://lab.dpdk.org/results/dashboard/preferences/subscriptions/