From mboxrd@z Thu Jan 1 00:00:00 1970 Return-Path: Received: from mails.dpdk.org (mails.dpdk.org [217.70.189.124]) by inbox.dpdk.org (Postfix) with ESMTP id 8D456466E8 for ; Wed, 7 May 2025 11:56:14 +0200 (CEST) Received: from mails.dpdk.org (localhost [127.0.0.1]) by mails.dpdk.org (Postfix) with ESMTP id 885A14025D; Wed, 7 May 2025 11:56:14 +0200 (CEST) Received: from mail-oi1-f227.google.com (mail-oi1-f227.google.com [209.85.167.227]) by mails.dpdk.org (Postfix) with ESMTP id 60DBA4025A for ; Wed, 7 May 2025 11:56:12 +0200 (CEST) Received: by mail-oi1-f227.google.com with SMTP id 5614622812f47-3fcfc85f1f5so1619708b6e.2 for ; Wed, 07 May 2025 02:56:12 -0700 (PDT) DKIM-Signature: v=1; a=rsa-sha256; c=relaxed/relaxed; d=iol.unh.edu; s=unh-iol; t=1746611771; x=1747216571; darn=dpdk.org; h=references:in-reply-to:cc:to:from:subject:message-id:date:from:to :cc:subject:date:message-id:reply-to; bh=RUtLE6pwfi2ag/snNezTftrXoId+yqDpfmM6fkLJoV8=; b=P2tR4meD8kLXI3ghewZEeyQAhuB0bK4751QFOxnbFm81Fo6CwWeukOJkQkiX3iLxub i7XcnuxLejaaeU0C8Ys5mdSBsGN+2DM5uZi5qi32T2uJX9Iwl4F8ZYnpAJiXPajVtkfv XQ76K2ND26PrCmVZ6yCbkkxGqe11MzKFpbwvI= X-Google-DKIM-Signature: v=1; a=rsa-sha256; c=relaxed/relaxed; d=1e100.net; s=20230601; t=1746611771; x=1747216571; h=references:in-reply-to:cc:to:from:subject:message-id:date :x-gm-message-state:from:to:cc:subject:date:message-id:reply-to; bh=RUtLE6pwfi2ag/snNezTftrXoId+yqDpfmM6fkLJoV8=; b=gHYekeWTb3Wo9OvCIcjFA+Jmmw6509YfcnV2+OriVnksmSkF4QuwXYHQmcwLsZt16E boyb6yV/qucelM5h+/Ha7EQOf9Oescl2IwlSx3UX449ag8s2zwt3+TQiHCDm6W1nqjBc lyzsVa7fUAzG5U+/BnqGiDKBUnwIp/RRC+E97nrgiEn8hpd+/Rcx1N8bbYwW1Ya18BLk K1xLqxxup8IeGdpCIfAA/ygUgRURQ8S4GCO8ikNaiJOhJPiqeizPUi1XMROagHGKa2Dr 7wuAzf3GeIax3E/H83P4+/zPBUOTCUnTcGBzlh7Esk0EDvlYkLlQam+liaPK+gomxpwW L08w== X-Gm-Message-State: AOJu0Ywz75qZeXB9G+zjxJDI6AiGIlImO+WZRuUq/NV/mxIRFTv2AkUm 1LU05TSZEgS6t0xZreap272sS8CSwHtPDs5FIzoxRbkemp05Qd3RLP3MOhdnlo3F+DZi9HYhYUX KU94b3sNusuxAr5plxOrAShmmzTXiJ2iJVaM138p7aRPgyTvobYl6rCIO X-Gm-Gg: ASbGncu99fpNzH0VRSALiX2U0lHIuMX43Nk33wSQ5fJ8Nwi9W4wbsn1siWyO2BR3pzX 1cZPtjSoOSW8/2m4fgWpeaPlFubdII3md3NrSdt1+QxcLfBKfrSUWmmeiSSKBse4gjrE7NFuG6Y nTz4pmeyMH2lObRyshP8z0fuAMclUBp0D2Dni6lAZ2r08bwIKZK1e7rj5M2QeES0bBAg7YzRPud g03B2V7rOFe+FQcPk6V65Mg0hkAFLrEifp//54HXI2lJUWZH8FUSLDoZryJhK9sd/BqOWTpN6eZ lIHOQdvGNZsKdsXB0l8OA+Jn71hHb1LFAOQS X-Google-Smtp-Source: AGHT+IEJNDmrixUlArKzjU12z4aiNBDCdW/LrPrAUEeoGLdh1sL+Zh15efnToEPSFUYRqWc3c21kZXi6OUs8 X-Received: by 2002:a05:6808:2a85:b0:400:fa6a:d9f6 with SMTP id 5614622812f47-4036f0c578emr1160898b6e.25.1746611771400; Wed, 07 May 2025 02:56:11 -0700 (PDT) Received: from postal.iol.unh.edu (postal.iol.unh.edu. [2606:4100:3880:1234::84]) by smtp-relay.gmail.com with ESMTPS id 006d021491bc7-607e7db06edsm1558706eaf.13.2025.05.07.02.56.11 (version=TLS1_2 cipher=ECDHE-ECDSA-AES128-GCM-SHA256 bits=128/128); Wed, 07 May 2025 02:56:11 -0700 (PDT) X-Relaying-Domain: iol.unh.edu Date: Wed, 07 May 2025 02:56:11 -0700 (PDT) Message-ID: <681b2e3b.050a0220.20289c.09a2SMTPIN_ADDED_MISSING@mx.google.com> Received: from [172.21.0.5] (unknown [172.18.0.240]) by postal.iol.unh.edu (Postfix) with ESMTP id 0179C6052471; Wed, 7 May 2025 05:56:11 -0400 (EDT) Subject: |FAILURE| pw153310-153322 [PATCH] [v1,13/13] net/intel: add common T From: dpdklab@iol.unh.edu To: Test Report Cc: dpdk-test-reports@iol.unh.edu, "Burakov, Anatoly" In-Reply-To: <3925dc733f7a3c4dfcc1a36a5df5d2b14a3c5372.1746538072.git.anatoly.burakov@intel.com> References: <3925dc733f7a3c4dfcc1a36a5df5d2b14a3c5372.1746538072.git.anatoly.burakov@intel.com> Content-Type: text/plain X-BeenThere: test-report@dpdk.org X-Mailman-Version: 2.1.29 Precedence: list List-Id: automatic DPDK test reports List-Unsubscribe: , List-Archive: List-Post: List-Help: List-Subscribe: , Errors-To: test-report-bounces@dpdk.org Test-Label: iol-compile-arm64-testing Test-Status: FAILURE http://dpdk.org/patch/153322 _Testing issues_ Submitter: Burakov, Anatoly Date: Tuesday, May 06 2025 13:28:02 DPDK git baseline: Repo:dpdk Branch: master CommitID:7cf0355db9fdab5648b05fd787356c391c510534 153310-153322 --> testing issues Upstream job id: Generic-DPDK-Compile-Meson#385954 Test environment and result as below: +----------------------------------------+--------------------+ | Environment | dpdk_meson_compile | +========================================+====================+ | Fedora 40 (ARM) | FAIL | +----------------------------------------+--------------------+ | RHEL9 (ARM) | FAIL | +----------------------------------------+--------------------+ | Fedora 40 (ARM Clang) | PEND | +----------------------------------------+--------------------+ | Debian 12 with MUSDK | FAIL | +----------------------------------------+--------------------+ | Ubuntu 20.04 ARM GCC Cross Compile | PEND | +----------------------------------------+--------------------+ | Ubuntu 20.04 ARM SVE | PASS | +----------------------------------------+--------------------+ | CentOS Stream 9 (ARM) | FAIL | +----------------------------------------+--------------------+ | Ubuntu 20.04 aarch32 GCC Cross Compile | PEND | +----------------------------------------+--------------------+ | Fedora 41 (ARM Clang) | PEND | +----------------------------------------+--------------------+ | Ubuntu 20.04 (ARM) | FAIL | +----------------------------------------+--------------------+ | Fedora 41 (ARM) | FAIL | +----------------------------------------+--------------------+ | Ubuntu 24.04 (ARM) | FAIL | +----------------------------------------+--------------------+ | CentOS Stream 10 (ARM) | FAIL | +----------------------------------------+--------------------+ | Debian 12 (arm) | FAIL | +----------------------------------------+--------------------+ | Ubuntu 20.04 ARM Clang Cross Compile | PEND | +----------------------------------------+--------------------+ | Ubuntu 22.04 (ARM) | FAIL | +----------------------------------------+--------------------+ ==== 20 line log output for Ubuntu 22.04 (ARM) (dpdk_meson_compile): ==== from ../drivers/net/intel/i40e/i40e_rxtx_vec_neon.c:11: /usr/lib/gcc/aarch64-linux-gnu/11/include/arm_neon.h:26504:22: note: expected 'uint64_t *' {aka 'long unsigned int *'} but argument is of type 'volatile uint64_t *' {aka 'volatile long unsigned int *'} 26504 | vst1q_u64 (uint64_t *__a, uint64x2_t __b) | ~~~~~~~~~~^~~ In file included from ../lib/eal/include/dev_driver.h:8, from ../lib/ethdev/ethdev_driver.h:19, from ../drivers/net/intel/i40e/i40e_rxtx_vec_neon.c:8: ../lib/eal/include/rte_common.h:593:34: error: passing argument 1 of 'vst1q_u64' discards 'volatile' qualifier from pointer target type [-Werror=discarded-qualifiers] 593 | #define RTE_CAST_PTR(type, ptr) ((type)(uintptr_t)(ptr)) | ~^~~~~~~~~~~~~~~~~~~~~~~ ../drivers/net/intel/i40e/../common/rx_vec_neon.h:86:27: note: in expansion of macro 'RTE_CAST_PTR' 86 | vst1q_u64(RTE_CAST_PTR(volatile uint64_t *, ptr1), dma_addr1); | ^~~~~~~~~~~~ In file included from ../lib/eal/arm/include/rte_vect.h:11, from ../drivers/net/intel/i40e/i40e_rxtx_vec_neon.c:11: /usr/lib/gcc/aarch64-linux-gnu/11/include/arm_neon.h:26504:22: note: expected 'uint64_t *' {aka 'long unsigned int *'} but argument is of type 'volatile uint64_t *' {aka 'volatile long unsigned int *'} 26504 | vst1q_u64 (uint64_t *__a, uint64x2_t __b) | ~~~~~~~~~~^~~ cc1: all warnings being treated as errors ninja: build stopped: subcommand failed. ==== End log output ==== Fedora 40 (ARM) Kernel: Depends on container host Compiler: gcc 14.2.1 20240912 (Red Hat 14.2.1-3) RHEL9 (ARM) Kernel: Depends on container host Compiler: gcc 11.5.0 20240719 (Red Hat 11.5.0-2) Fedora 40 (ARM Clang) Kernel: Depends on container host Compiler: clang 18.1.8 (Fedora 18.1.8-1.fc40) Debian 12 with MUSDK Kernel: Depends on container host Compiler: gcc (Debian 12.2.0-14) 12.2.0 Ubuntu 20.04 ARM GCC Cross Compile Kernel: Depends on container host Compiler: aarch64-linux-gnu-gcc (Ubuntu 9.4.0-1ubuntu1~20.04.2) 9.4.0 Ubuntu 20.04 ARM SVE Kernel: Depends on container host Compiler: gcc (Ubuntu 10.5.0-1ubuntu1~20.04) 10.5.0 CentOS Stream 9 (ARM) Kernel: Depends on container host Compiler: gcc 11.5.0 20240719 (Red Hat 11.5.0-2) Ubuntu 20.04 aarch32 GCC Cross Compile Kernel: Depends on container host Compiler: gcc 9.4.0 Fedora 41 (ARM Clang) Kernel: Depends on container host Compiler: clang 19.1.5 (Fedora 19.1.5-1.fc41) Ubuntu 20.04 (ARM) Kernel: Depends on container host Compiler: gcc (Ubuntu 9.4.0-1ubuntu1~20.04.2) 9.4.0 Fedora 41 (ARM) Kernel: Depends on container host Compiler: gcc 14.2.1 20240912 (Red Hat 14.2.1-3) Ubuntu 24.04 (ARM) Kernel: Depends on container host Compiler: gcc (Ubuntu 13.3.0-6ubuntu2~24.04) 13.3.0 CentOS Stream 10 (ARM) Kernel: Depends on container host Compiler: gcc 14.2.1 20241104 (Red Hat 14.2.1-6) Debian 12 (arm) Kernel: Depends on container host Compiler: gcc (Debian 12.2.0-14) 12.2.0 Ubuntu 20.04 ARM Clang Cross Compile Kernel: Depends on container host Compiler: clang 10.0.0-4ubuntu1 Ubuntu 22.04 (ARM) Kernel: Depends on container host Compiler: gcc (Ubuntu 11.4.0-1ubuntu1~22.04) 11.4.0 To view detailed results, visit: https://lab.dpdk.org/results/dashboard/patchsets/33122/ UNH-IOL DPDK Community Lab To manage your email subscriptions, visit: https://lab.dpdk.org/results/dashboard/preferences/subscriptions/