From mboxrd@z Thu Jan 1 00:00:00 1970 Return-Path: Received: from mails.dpdk.org (mails.dpdk.org [217.70.189.124]) by inbox.dpdk.org (Postfix) with ESMTP id B7E36466E8 for ; Wed, 7 May 2025 11:57:05 +0200 (CEST) Received: from mails.dpdk.org (localhost [127.0.0.1]) by mails.dpdk.org (Postfix) with ESMTP id B37A44025D; Wed, 7 May 2025 11:57:05 +0200 (CEST) Received: from mail-qv1-f97.google.com (mail-qv1-f97.google.com [209.85.219.97]) by mails.dpdk.org (Postfix) with ESMTP id 9E8A84025A for ; Wed, 7 May 2025 11:57:04 +0200 (CEST) Received: by mail-qv1-f97.google.com with SMTP id 6a1803df08f44-6ecfbf1c7cbso119603566d6.2 for ; Wed, 07 May 2025 02:57:04 -0700 (PDT) DKIM-Signature: v=1; a=rsa-sha256; c=relaxed/relaxed; d=iol.unh.edu; s=unh-iol; t=1746611824; x=1747216624; darn=dpdk.org; h=references:in-reply-to:cc:to:from:subject:message-id:date:from:to :cc:subject:date:message-id:reply-to; bh=QKVett0bLMyAwO48IQSUwXu6zHC3diHvb/BYO92oEOw=; b=W07/GVNDiWp3amb4FltOTk5KEjFF/bWMGbgMUphI/E2s0PIuP67UliNh8LGBGirGU1 CMmCHT+ztWsa+NnVm6nr2RjiKuYR9exEkyXkrnhCzAnbNjzOg3bz3iMwYY76THU7LNVj w7MADRfX99ctRBnBz3xYvjXa0Z817vcn8Lo0A= X-Google-DKIM-Signature: v=1; a=rsa-sha256; c=relaxed/relaxed; d=1e100.net; s=20230601; t=1746611824; x=1747216624; h=references:in-reply-to:cc:to:from:subject:message-id:date :x-gm-message-state:from:to:cc:subject:date:message-id:reply-to; bh=QKVett0bLMyAwO48IQSUwXu6zHC3diHvb/BYO92oEOw=; b=ZjS2mYmN6YjoGfMCIrioYYtsOv8r8+SEyfPC7RStzqHH8DYc0gkfActy7MVQte0bTY Ju4UHH0zUErWD4PuWoAKo1N9XYWEW7t81gm4ZnygFsM7pudGp1ZuMeVsDqx7lpGIDqsu A9r2/qDpkZh20ofvfrGAaLfmwBRM9Jvw5ru0rnbnqjwdi/qGbOWsyxLSJa9JUmjNytzC zhpZMfzgT+6ul1J8zMRLJ7oWHguqlOXvEiv3jDjlmRkVGjAkNNNsVI4KmXxQXvfx1meL +tx858GVd8b+DH/xPc1lfg6wK3s4FvaFwv0hszIZs4We0/2Ru2k0QjFRs0yhFISSXeSq 62FA== X-Gm-Message-State: AOJu0YxvK3dI42N+r9UnTKzpi2dCB409Vg5gp7B/VRgfNtZVgvwelGHM hZ72kAGjnqrq3Th+Qw+4xGsgqV3MLttRfIeEdr5MaQ+Dq1UYj0Gkd7NHMufdQhKjZOJzXmutW40 UG41auQetY2AS5sFUdaiiSyqaBw9ZuI5oPrO4aW5J X-Gm-Gg: ASbGnctJb4pw6ZyZ2PNapBRnTTs8Npmja9DC09qRTVkIr5ZPgAr9W3ACiNEopaxv6zG 3TJiKo4CBxqjjKQYtGZfgmw3CuymtcX7hgG8OZVUqTPRo4UvUujL9qxK8qKHJhcywQQenZSAt4A gf6SPOBxg/qOl3d1m+bIM30GY7FbBinR/amvrkHyzlRhmrRlOOL7iZyg6a9RO5hs3XNWAbjkFcN JJUCHtYGIJvYPXrOoSQk0q79ves1sqU2w3u63zm5gn5mp8ihpgE1JiWtckzPJvtr57EEHDRg4Bx yt6RKvFVcwxCvFvJhFH39FRKSU3fCTf8ZqsCTiOUpjJtepL35NcA5+o2EtA= X-Google-Smtp-Source: AGHT+IEF/ToutRTss9Y8zwCxFWOOSeH9kJ6j1mNi0qwwZRNTjFd0QpuBgmjXxYSifTnP4vY6+fCRT/41SZCv X-Received: by 2002:ad4:5dc3:0:b0:6f5:38a2:52dd with SMTP id 6a1803df08f44-6f542aa2aebmr46894676d6.31.1746611824007; Wed, 07 May 2025 02:57:04 -0700 (PDT) Received: from postal.iol.unh.edu (postal.iol.unh.edu. [132.177.123.84]) by smtp-relay.gmail.com with ESMTPS id 6a1803df08f44-6f542769993sm966986d6.48.2025.05.07.02.57.03 (version=TLS1_2 cipher=ECDHE-ECDSA-AES128-GCM-SHA256 bits=128/128); Wed, 07 May 2025 02:57:03 -0700 (PDT) X-Relaying-Domain: iol.unh.edu Date: Wed, 07 May 2025 02:57:03 -0700 (PDT) Message-ID: <681b2e6f.d40a0220.28f557.563fSMTPIN_ADDED_MISSING@mx.google.com> Received: from [172.21.0.6] (unknown [172.18.0.240]) by postal.iol.unh.edu (Postfix) with ESMTP id B43FF6052471; Wed, 7 May 2025 05:57:03 -0400 (EDT) Subject: |FAILURE| pw153310-153322 [PATCH] [v1,13/13] net/intel: add common T From: dpdklab@iol.unh.edu To: Test Report Cc: dpdk-test-reports@iol.unh.edu, "Burakov, Anatoly" In-Reply-To: <3925dc733f7a3c4dfcc1a36a5df5d2b14a3c5372.1746538072.git.anatoly.burakov@intel.com> References: <3925dc733f7a3c4dfcc1a36a5df5d2b14a3c5372.1746538072.git.anatoly.burakov@intel.com> Content-Type: text/plain X-BeenThere: test-report@dpdk.org X-Mailman-Version: 2.1.29 Precedence: list List-Id: automatic DPDK test reports List-Unsubscribe: , List-Archive: List-Post: List-Help: List-Subscribe: , Errors-To: test-report-bounces@dpdk.org Test-Label: iol-compile-arm64-testing Test-Status: FAILURE http://dpdk.org/patch/153322 _Testing issues_ Submitter: Burakov, Anatoly Date: Tuesday, May 06 2025 13:28:02 DPDK git baseline: Repo:dpdk Branch: master CommitID:7cf0355db9fdab5648b05fd787356c391c510534 153310-153322 --> testing issues Upstream job id: Generic-DPDK-Compile-Meson#385951 Test environment and result as below: +----------------------------------------+--------------------+ | Environment | dpdk_meson_compile | +========================================+====================+ | Fedora 40 (ARM) | FAIL | +----------------------------------------+--------------------+ | RHEL9 (ARM) | FAIL | +----------------------------------------+--------------------+ | Fedora 40 (ARM Clang) | PEND | +----------------------------------------+--------------------+ | Debian 12 with MUSDK | FAIL | +----------------------------------------+--------------------+ | Ubuntu 20.04 ARM GCC Cross Compile | PEND | +----------------------------------------+--------------------+ | Ubuntu 20.04 ARM SVE | PASS | +----------------------------------------+--------------------+ | CentOS Stream 9 (ARM) | FAIL | +----------------------------------------+--------------------+ | Ubuntu 20.04 aarch32 GCC Cross Compile | PEND | +----------------------------------------+--------------------+ | Fedora 41 (ARM Clang) | PEND | +----------------------------------------+--------------------+ | Ubuntu 20.04 (ARM) | FAIL | +----------------------------------------+--------------------+ | Fedora 41 (ARM) | FAIL | +----------------------------------------+--------------------+ | Ubuntu 24.04 (ARM) | FAIL | +----------------------------------------+--------------------+ | CentOS Stream 10 (ARM) | FAIL | +----------------------------------------+--------------------+ | Debian 12 (arm) | FAIL | +----------------------------------------+--------------------+ | Ubuntu 20.04 ARM Clang Cross Compile | PEND | +----------------------------------------+--------------------+ | Ubuntu 22.04 (ARM) | FAIL | +----------------------------------------+--------------------+ ==== 20 line log output for Ubuntu 22.04 (ARM) (dpdk_meson_compile): ==== from ../drivers/net/intel/i40e/i40e_rxtx_vec_neon.c:11: /usr/lib/gcc/aarch64-linux-gnu/11/include/arm_neon.h:26504:22: note: expected 'uint64_t *' {aka 'long unsigned int *'} but argument is of type 'volatile uint64_t *' {aka 'volatile long unsigned int *'} 26504 | vst1q_u64 (uint64_t *__a, uint64x2_t __b) | ~~~~~~~~~~^~~ In file included from ../lib/eal/include/dev_driver.h:8, from ../lib/ethdev/ethdev_driver.h:19, from ../drivers/net/intel/i40e/i40e_rxtx_vec_neon.c:8: ../lib/eal/include/rte_common.h:593:34: error: passing argument 1 of 'vst1q_u64' discards 'volatile' qualifier from pointer target type [-Werror=discarded-qualifiers] 593 | #define RTE_CAST_PTR(type, ptr) ((type)(uintptr_t)(ptr)) | ~^~~~~~~~~~~~~~~~~~~~~~~ ../drivers/net/intel/i40e/../common/rx_vec_neon.h:86:27: note: in expansion of macro 'RTE_CAST_PTR' 86 | vst1q_u64(RTE_CAST_PTR(volatile uint64_t *, ptr1), dma_addr1); | ^~~~~~~~~~~~ In file included from ../lib/eal/arm/include/rte_vect.h:11, from ../drivers/net/intel/i40e/i40e_rxtx_vec_neon.c:11: /usr/lib/gcc/aarch64-linux-gnu/11/include/arm_neon.h:26504:22: note: expected 'uint64_t *' {aka 'long unsigned int *'} but argument is of type 'volatile uint64_t *' {aka 'volatile long unsigned int *'} 26504 | vst1q_u64 (uint64_t *__a, uint64x2_t __b) | ~~~~~~~~~~^~~ cc1: all warnings being treated as errors ninja: build stopped: subcommand failed. ==== End log output ==== Fedora 40 (ARM) Kernel: Depends on container host Compiler: gcc 14.2.1 20240912 (Red Hat 14.2.1-3) RHEL9 (ARM) Kernel: Depends on container host Compiler: gcc 11.5.0 20240719 (Red Hat 11.5.0-2) Fedora 40 (ARM Clang) Kernel: Depends on container host Compiler: clang 18.1.8 (Fedora 18.1.8-1.fc40) Debian 12 with MUSDK Kernel: Depends on container host Compiler: gcc (Debian 12.2.0-14) 12.2.0 Ubuntu 20.04 ARM GCC Cross Compile Kernel: Depends on container host Compiler: aarch64-linux-gnu-gcc (Ubuntu 9.4.0-1ubuntu1~20.04.2) 9.4.0 Ubuntu 20.04 ARM SVE Kernel: Depends on container host Compiler: gcc (Ubuntu 10.5.0-1ubuntu1~20.04) 10.5.0 CentOS Stream 9 (ARM) Kernel: Depends on container host Compiler: gcc 11.5.0 20240719 (Red Hat 11.5.0-2) Ubuntu 20.04 aarch32 GCC Cross Compile Kernel: Depends on container host Compiler: gcc 9.4.0 Fedora 41 (ARM Clang) Kernel: Depends on container host Compiler: clang 19.1.5 (Fedora 19.1.5-1.fc41) Ubuntu 20.04 (ARM) Kernel: Depends on container host Compiler: gcc (Ubuntu 9.4.0-1ubuntu1~20.04.2) 9.4.0 Fedora 41 (ARM) Kernel: Depends on container host Compiler: gcc 14.2.1 20240912 (Red Hat 14.2.1-3) Ubuntu 24.04 (ARM) Kernel: Depends on container host Compiler: gcc (Ubuntu 13.3.0-6ubuntu2~24.04) 13.3.0 CentOS Stream 10 (ARM) Kernel: Depends on container host Compiler: gcc 14.2.1 20241104 (Red Hat 14.2.1-6) Debian 12 (arm) Kernel: Depends on container host Compiler: gcc (Debian 12.2.0-14) 12.2.0 Ubuntu 20.04 ARM Clang Cross Compile Kernel: Depends on container host Compiler: clang 10.0.0-4ubuntu1 Ubuntu 22.04 (ARM) Kernel: Depends on container host Compiler: gcc (Ubuntu 11.4.0-1ubuntu1~22.04) 11.4.0 To view detailed results, visit: https://lab.dpdk.org/results/dashboard/patchsets/33122/ UNH-IOL DPDK Community Lab To manage your email subscriptions, visit: https://lab.dpdk.org/results/dashboard/preferences/subscriptions/