From mboxrd@z Thu Jan 1 00:00:00 1970 Return-Path: Received: from mails.dpdk.org (mails.dpdk.org [217.70.189.124]) by inbox.dpdk.org (Postfix) with ESMTP id 7CE5846676 for ; Wed, 7 May 2025 12:54:47 +0200 (CEST) Received: from mails.dpdk.org (localhost [127.0.0.1]) by mails.dpdk.org (Postfix) with ESMTP id 5BC664025D; Wed, 7 May 2025 12:54:47 +0200 (CEST) Received: from mail-pl1-f226.google.com (mail-pl1-f226.google.com [209.85.214.226]) by mails.dpdk.org (Postfix) with ESMTP id 9CF064025A for ; Wed, 7 May 2025 12:54:46 +0200 (CEST) Received: by mail-pl1-f226.google.com with SMTP id d9443c01a7336-22e16234307so7383765ad.0 for ; Wed, 07 May 2025 03:54:46 -0700 (PDT) DKIM-Signature: v=1; a=rsa-sha256; c=relaxed/relaxed; d=iol.unh.edu; s=unh-iol; t=1746615285; x=1747220085; darn=dpdk.org; h=cc:to:from:subject:message-id:date:from:to:cc:subject:date :message-id:reply-to; bh=dgEyPNFwqcg8fMuk6P1tWTy4NKTc7xsVAaOMKs/gO08=; b=NOh2SBNK3NMfDOwQglEMnrNBSpETO7jq+xqT4tT/VR3CRE2qNft0CwXc4n0i1YcnIm jbweN2NYoklhOcHwcJE83SvFWDQvJUBtX6sgZnGpKE7QpFzBoH3NOqPifk0EIyQowzI2 5ZkGzHg5FvvfziUTXq7Y7PvKzXDNjTwQjSF9Y= X-Google-DKIM-Signature: v=1; a=rsa-sha256; c=relaxed/relaxed; d=1e100.net; s=20230601; t=1746615285; x=1747220085; h=cc:to:from:subject:message-id:date:x-gm-message-state:from:to:cc :subject:date:message-id:reply-to; bh=dgEyPNFwqcg8fMuk6P1tWTy4NKTc7xsVAaOMKs/gO08=; b=PRCo604gHmQnUoSzGmmgXZu27BfOykSkZSX+dxsOVQzz2Cuk6nhnATK7gl8RMYH7nG sawGEENJTzShVExYhOc5g9l6P4woSFuDLK04TLgBpVgqQjN30oLKp2HxGOr/f/86typN oG/DCokLwsz4aq8hfxreJ22Qp5TjQ23vbxGWdDPCk+65CGP1jNEfEluoETK4inrzyNzm msYWH4BC7owHq1gRHQxBLn2gvMKWqlcEcrIlTWwEhhB5mwFaZEVj8jDKCKv+0JLCMUjM yHCqsz7XXbBjt6UNZVVmZOniJg5lTziEbDGNyLFkXMwZjwT6MzzAoBURf5Dxlb2PehT1 5WnQ== X-Gm-Message-State: AOJu0Yw0YBZknqmCucrdsGgJonO2Q+VTulcfcPpWYb+7kUVSJS24zEnC y4Ble/Kub6Ckx3kdFkEOdWIpcaT04u8xWg+Ovc6Qe9+mzeFOYg/b170dq6Lno0RVicEmxjLzOdh emZC/7+p6CJWZoY7lpxniJr+294rJNKImgnSEHU5xWS2v8eMK X-Gm-Gg: ASbGncvZOvZfH6qFQpWLvdA24HM0mCXHrV1xLWG6xEWBrr5C8/dkwArDjPna/wo8dak DhHjs+zWh63wB14nDGpjOJTuxl3SY2a3UPSjEPvuf7YhkMQA/wt4tIwzgxehjVM8JS57cqwOjKC w/Az81zKejXQFW3Lixf5IcgjQRFSTezVPent8YCM5wf/Krlj0zRwexU6TILnH76+BDzQIWZdKjv rEbkPgZFxZHFhLtOibn7DiMSbUohsBODtab6zZAVky3j9zsLOqMegoxEhH1VQ5axg21S8iD3YR5 J5zf7Co7WFKnrTdDXbqHo8si++WXpLK2gzlR X-Google-Smtp-Source: AGHT+IF7YAAJoRKsHj9mQ/EEp28xdwD4in7GWcoAKZJmuGf0O206gKIyjIgdrO5e2BXK3PfJ2lkobJW//I+Y X-Received: by 2002:a17:902:ce04:b0:223:4d5e:7592 with SMTP id d9443c01a7336-22e5dae86b2mr45503145ad.21.1746615285296; Wed, 07 May 2025 03:54:45 -0700 (PDT) Received: from postal.iol.unh.edu (postal.iol.unh.edu. [2606:4100:3880:1234::84]) by smtp-relay.gmail.com with ESMTPS id d9443c01a7336-22e35b83e9csm1514285ad.43.2025.05.07.03.54.45 (version=TLS1_2 cipher=ECDHE-ECDSA-AES128-GCM-SHA256 bits=128/128); Wed, 07 May 2025 03:54:45 -0700 (PDT) X-Relaying-Domain: iol.unh.edu Date: Wed, 07 May 2025 03:54:45 -0700 (PDT) Message-ID: <681b3bf5.170a0220.1329f1.7facSMTPIN_ADDED_MISSING@mx.google.com> Received: from [172.21.0.6] (unknown [172.18.0.240]) by postal.iol.unh.edu (Postfix) with ESMTP id 75A4A6052471; Wed, 7 May 2025 06:54:44 -0400 (EDT) Subject: |FAILURE| [GIT MASTER] 4401486b5e30d43a134f80f9802f60b5f43e74a8 From: dpdklab@iol.unh.edu To: Test Report Cc: dpdk-test-reports@iol.unh.edu, Xueming Li , Christian Ehrhardt , Kevin Traynor , Luca Boccassi Content-Type: text/plain X-BeenThere: test-report@dpdk.org X-Mailman-Version: 2.1.29 Precedence: list List-Id: automatic DPDK test reports List-Unsubscribe: , List-Archive: List-Post: List-Help: List-Subscribe: , Errors-To: test-report-bounces@dpdk.org _Testing issues_ Branch: tags/v22.11 4401486b5e30d43a134f80f9802f60b5f43e74a8 --> testing issues Upstream job id: Generic-Unit-Test-DPDK#336102 Test environment and result as below: +-------------------+----------------+ | Environment | dpdk_unit_test | +===================+================+ | CentOS Stream 9 | FAIL | +-------------------+----------------+ | CentOS Stream 10 | FAIL | +-------------------+----------------+ | Ubuntu 20.04 | FAIL | +-------------------+----------------+ | Debian 12 | FAIL | +-------------------+----------------+ | Ubuntu 24.04 | FAIL | +-------------------+----------------+ | Ubuntu 22.04 | FAIL | +-------------------+----------------+ | Fedora 40 | FAIL | +-------------------+----------------+ | RHEL8 | FAIL | +-------------------+----------------+ | Fedora 40 (Clang) | FAIL | +-------------------+----------------+ | Fedora 41 | FAIL | +-------------------+----------------+ | RHEL9 | FAIL | +-------------------+----------------+ | Fedora 41 (Clang) | FAIL | +-------------------+----------------+ ==== Unit test summary for Fedora 41 (Clang) (dpdk_unit_test): ==== ninja: Entering directory `/root/workspace/Generic-Unit-Test-DPDK/dpdk/build' ninja: no work to do. 1/105 DPDK:fast-tests / acl_autotest OK 4.96 s 2/105 DPDK:fast-tests / atomic_autotest OK 0.66 s 3/105 DPDK:fast-tests / bitmap_autotest OK 0.17 s 4/105 DPDK:fast-tests / bitops_autotest OK 0.36 s 5/105 DPDK:fast-tests / byteorder_autotest OK 0.17 s 6/105 DPDK:fast-tests / cksum_autotest OK 0.29 s 7/105 DPDK:fast-tests / cmdline_autotest OK 0.32 s 8/105 DPDK:fast-tests / common_autotest OK 0.71 s 9/105 DPDK:fast-tests / cpuflags_autotest OK 0.17 s 10/105 DPDK:fast-tests / debug_autotest OK 0.41 s 11/105 DPDK:fast-tests / devargs_autotest OK 0.28 s 12/105 DPDK:fast-tests / eal_flags_c_opt_autotest OK 0.74 s 13/105 DPDK:fast-tests / eal_flags_main_opt_autotest OK 0.32 s 14/105 DPDK:fast-tests / eal_flags_n_opt_autotest OK 0.51 s 15/105 DPDK:fast-tests / eal_flags_hpet_autotest OK 0.24 s 16/105 DPDK:fast-tests / eal_flags_no_huge_autotest OK 0.65 s 17/105 DPDK:fast-tests / eal_flags_a_opt_autotest OK 0.41 s 18/105 DPDK:fast-tests / eal_flags_b_opt_autotest OK 0.30 s 19/105 DPDK:fast-tests / eal_flags_vdev_opt_autotest OK 0.71 s 20/105 DPDK:fast-tests / eal_flags_r_opt_autotest OK 0.33 s 21/105 DPDK:fast-tests / eal_flags_mem_autotest OK 0.89 s 22/105 DPDK:fast-tests / eal_flags_file_prefix_autotest OK 5.59 s 23/105 DPDK:fast-tests / eal_flags_misc_autotest OK 2.00 s 24/105 DPDK:fast-tests / eal_fs_autotest OK 0.30 s 25/105 DPDK:fast-tests / errno_autotest OK 0.25 s 26/105 DPDK:fast-tests / ethdev_link_status OK 0.24 s 27/105 DPDK:fast-tests / event_ring_autotest OK 0.27 s 28/105 DPDK:fast-tests / fib_autotest OK 0.85 s 29/105 DPDK:fast-tests / fib6_autotest OK 0.95 s 30/105 DPDK:fast-tests / func_reentrancy_autotest OK 0.85 s 31/105 DPDK:fast-tests / hash_autotest OK 0.35 s 32/105 DPDK:fast-tests / interrupt_autotest OK 1.69 s 33/105 DPDK:fast-tests / ipfrag_autotest OK 0.27 s 34/105 DPDK:fast-tests / lcores_autotest OK 2.61 s 35/105 DPDK:fast-tests / logs_autotest OK 0.25 s 36/105 DPDK:fast-tests / lpm_autotest OK 5.73 s 37/105 DPDK:fast-tests / lpm6_autotest OK 7.75 s 38/105 DPDK:fast-tests / malloc_autotest OK 0.87 s 39/105 DPDK:fast-tests / mbuf_autotest OK 0.31 s 40/105 DPDK:fast-tests / mcslock_autotest OK 0.70 s 41/105 DPDK:fast-tests / memcpy_autotest OK 2.70 s 42/105 DPDK:fast-tests / memory_autotest OK 0.27 s 43/105 DPDK:fast-tests / mempool_autotest OK 0.50 s 44/105 DPDK:fast-tests / memzone_autotest OK 0.28 s 45/105 DPDK:fast-tests / meter_autotest OK 0.17 s 46/105 DPDK:fast-tests / multiprocess_autotest OK 0.24 s 47/105 DPDK:fast-tests / node_list_dump OK 0.19 s 48/105 DPDK:fast-tests / per_lcore_autotest OK 0.35 s 49/105 DPDK:fast-tests / pflock_autotest OK 0.32 s 50/105 DPDK:fast-tests / prefetch_autotest OK 0.26 s 51/105 DPDK:fast-tests / rcu_qsbr_autotest OK 0.47 s 52/105 DPDK:fast-tests / pie_autotest OK 0.17 s 53/105 DPDK:fast-tests / rib_autotest OK 6.59 s 54/105 DPDK:fast-tests / rib6_autotest OK 6.77 s 55/105 DPDK:fast-tests / ring_autotest OK 0.17 s 56/105 DPDK:fast-tests / rwlock_test1_autotest OK 0.37 s 57/105 DPDK:fast-tests / rwlock_rda_autotest OK 5.30 s 58/105 DPDK:fast-tests / rwlock_rds_wrm_autotest OK 5.14 s 59/105 DPDK:fast-tests / rwlock_rde_wro_autotest OK 5.45 s 60/105 DPDK:fast-tests / sched_autotest OK 0.28 s 61/105 DPDK:fast-tests / security_autotest OK 0.17 s 62/105 DPDK:fast-tests / seqlock_autotest SKIP 0.25 s 63/105 DPDK:fast-tests / spinlock_autotest OK 0.26 s 64/105 DPDK:fast-tests / stack_autotest OK 0.30 s 65/105 DPDK:fast-tests / stack_lf_autotest OK 0.36 s 66/105 DPDK:fast-tests / string_autotest OK 0.30 s 67/105 DPDK:fast-tests / tailq_autotest OK 0.26 s 68/105 DPDK:fast-tests / ticketlock_autotest OK 0.17 s 69/105 DPDK:fast-tests / timer_autotest OK 2.90 s 70/105 DPDK:fast-tests / user_delay_us OK 0.35 s 71/105 DPDK:fast-tests / version_autotest OK 0.31 s 72/105 DPDK:fast-tests / crc_autotest OK 0.17 s 73/105 DPDK:fast-tests / distributor_autotest OK 1.52 s 74/105 DPDK:fast-tests / eventdev_common_autotest OK 0.27 s 75/105 DPDK:fast-tests / fbarray_autotest OK 0.17 s 76/105 DPDK:fast-tests / hash_readwrite_func_autotest SKIP 0.27 s 77/105 DPDK:fast-tests / ipsec_autotest SKIP 0.31 s 78/105 DPDK:fast-tests / kni_autotest SKIP 0.25 s 79/105 DPDK:fast-tests / kvargs_autotest OK 0.17 s 80/105 DPDK:fast-tests / member_autotest OK 1.15 s 81/105 DPDK:fast-tests / power_cpufreq_autotest SKIP 0.31 s 82/105 DPDK:fast-tests / power_autotest OK 0.29 s 83/105 DPDK:fast-tests / power_kvm_vm_autotest SKIP 0.25 s 84/105 DPDK:fast-tests / power_intel_uncore_autotest SKIP 0.32 s 85/105 DPDK:fast-tests / reorder_autotest OK 0.33 s 86/105 DPDK:fast-tests / service_autotest OK 1.58 s 87/105 DPDK:fast-tests / thash_autotest OK 0.28 s 88/105 DPDK:fast-tests / threads_autotest OK 0.44 s 89/105 DPDK:fast-tests / trace_autotest OK 0.31 s 90/105 DPDK:fast-tests / trace_autotest_with_traces OK 0.32 s 91/105 DPDK:fast-tests / graph_autotest OK 0.17 s 92/105 DPDK:fast-tests / metrics_autotest OK 0.29 s 93/105 DPDK:fast-tests / telemetry_json_autotest OK 0.28 s 94/105 DPDK:fast-tests / telemetry_data_autotest OK 0.19 s 95/105 DPDK:fast-tests / table_autotest FAIL 1.56 s (exit status 255 or signal 127 SIGinvalid) 96/105 DPDK:fast-tests / ring_pmd_autotest OK 0.18 s 97/105 DPDK:fast-tests / event_eth_tx_adapter_autotest OK 1.03 s 98/105 DPDK:fast-tests / bitratestats_autotest OK 0.36 s 99/105 DPDK:fast-tests / latencystats_autotest OK 0.32 s 100/105 DPDK:fast-tests / pdump_autotest OK 5.34 s 101/105 DPDK:fast-tests / vdev_autotest OK 0.31 s 102/105 DPDK:fast-tests / bpf_autotest OK 0.17 s 103/105 DPDK:fast-tests / bpf_convert_autotest OK 0.18 s 104/105 DPDK:fast-tests / compressdev_autotest SKIP 0.17 s 105/105 DPDK:fast-tests / telemetry_all SKIP 0.01 s Ok: 95 Expected Fail: 0 Fail: 1 Unexpected Pass: 0 Skipped: 9 Timeout: 0 Full log written to /root/workspace/Generic-Unit-Test-DPDK/dpdk/build/meson-logs/testlog.txt Test log output from the failed test table_autotest: Sorry, we were not able to find the logs for this test. Download the log output from the CI site for this test run. ==== End log output ==== CentOS Stream 9 Kernel: Depends on container host Compiler: gcc 11.5.0 20240719 (Red Hat 11.5.0-2) CentOS Stream 10 Kernel: Depends on container host Compiler: gcc 14.2.1 20241104 (Red Hat 14.2.1-6) Ubuntu 20.04 Kernel: Depends on container host Compiler: gcc (Ubuntu 9.4.0-1ubuntu1~20.04.2) 9.4.0 Debian 12 Kernel: Depends on container host Compiler: gcc (Debian 12.2.0-14) 12.2.0 Ubuntu 24.04 Kernel: Depends on container host Compiler: gcc (Ubuntu 13.3.0-6ubuntu2~24.04) 13.3.0 Ubuntu 22.04 Kernel: Depends on container host Compiler: gcc (Ubuntu 11.4.0-1ubuntu1~22.04) 11.4.0 Fedora 40 Kernel: Depends on container host Compiler: gcc 14.2.1 20240912 (Red Hat 14.2.1-3) RHEL8 Kernel: Depends on container host Compiler: gcc 8.5.0 20210514 (Red Hat 8.5.0-22) Fedora 40 (Clang) Kernel: Depends on container host Compiler: clang 18.1.8 (Fedora 18.1.8-1.fc40) Fedora 41 Kernel: Depends on container host Compiler: gcc 14.2.1 20240912 (Red Hat 14.2.1-3) RHEL9 Kernel: Depends on container host Compiler: gcc 11.5.0 20240719 (Red Hat 11.5.0-2) Fedora 41 (Clang) Kernel: Depends on container host Compiler: clang 19.1.5 (Fedora 19.1.5-1.fc41) To view detailed results, visit: https://lab.dpdk.org/results/dashboard/tarballs/33462/ UNH-IOL DPDK Community Lab To manage your email subscriptions, visit: https://lab.dpdk.org/results/dashboard/preferences/subscriptions/