From mboxrd@z Thu Jan 1 00:00:00 1970 Return-Path: Received: from mails.dpdk.org (mails.dpdk.org [217.70.189.124]) by inbox.dpdk.org (Postfix) with ESMTP id 4082F466B3 for ; Wed, 7 May 2025 13:58:17 +0200 (CEST) Received: from mails.dpdk.org (localhost [127.0.0.1]) by mails.dpdk.org (Postfix) with ESMTP id 3B63C4025D; Wed, 7 May 2025 13:58:17 +0200 (CEST) Received: from mail-pl1-f226.google.com (mail-pl1-f226.google.com [209.85.214.226]) by mails.dpdk.org (Postfix) with ESMTP id 0BBE04025A for ; Wed, 7 May 2025 13:58:16 +0200 (CEST) Received: by mail-pl1-f226.google.com with SMTP id d9443c01a7336-227d6b530d8so65402755ad.3 for ; Wed, 07 May 2025 04:58:15 -0700 (PDT) DKIM-Signature: v=1; a=rsa-sha256; c=relaxed/relaxed; d=iol.unh.edu; s=unh-iol; t=1746619095; x=1747223895; darn=dpdk.org; h=cc:to:from:subject:message-id:date:from:to:cc:subject:date :message-id:reply-to; bh=+YQUKFOHGLWiT9dc6y44H/35Mo0Bh6aq/aonusgaABY=; b=hMZjb6e/jjLHb0gHZh3IgSugdI0N4/Mqh8o9ZHthKT9hzn+9DVo6P0cX4X+U+2aqdO iG5EwmX83MmoFUVAEWoOJZ1fiZe6VQrRCawvCJeRj74giLBuRMk9bKU9iftTsCi/7buK XL0ti77bR/Ro1xnCJ2m1bS41e06MGUrqpihkM= X-Google-DKIM-Signature: v=1; a=rsa-sha256; c=relaxed/relaxed; d=1e100.net; s=20230601; t=1746619095; x=1747223895; h=cc:to:from:subject:message-id:date:x-gm-message-state:from:to:cc :subject:date:message-id:reply-to; bh=+YQUKFOHGLWiT9dc6y44H/35Mo0Bh6aq/aonusgaABY=; b=ZCjbOs6rpjhXRZ1l14RUKLM/CBr1sQhoAu1dUhuiG0nUGXKk9T4qpzyl5QDhfe7SKf rb9QFMKQcsFc35VnoKTs+sDgO5l6L39LVDBKqHzc6G/N31DTlfVNAfVT5uJVGjcfcK1h hGmskw7EqA7zE9ryLW9P8nel2KJLu/90eza7bJU4w7DejU3lz0Vzhd3Alwqwxuxe8Rfp mgr8+nMa5Qa/7AfKZGPx94FfbsUbxoDTiWpXp4CoVDQQBISaltVHoVKHNJfA4Znh6hal HMm999nKmweKc/dmmL53ZQcAJ2+aqwy9Jcri7KlfGyS0KljVGCU+8/8Wwqw9R6jZP8RL okcA== X-Gm-Message-State: AOJu0YxZH54Jn5ietzFDyFX5NMSmsqAPWks0EnXJ2Hrw/d5JGB7kqy9t 9PD/PwtnMyLbgXrnoq/UJ/ebdDHNVLPrBFcoEVY+L7z6B+z91FkKJFfU+c0V2VJ4bj13G8D5Oiv KVUU4GVzkjcoSw1Sgb2b8RzdH7n1Xvm4H X-Gm-Gg: ASbGncsviWIJM7yINtXcm0ODHEFzyZijRFwSepr3pgk6juTTWmeXtbpLaCMS2B4mw7C DKGJrRbToqi0IdFF+4ASPnpHQGDbOLxxgxYU7dX9qz5lC5JqpXhKEoOkwr0kvx2kdhy8XRc6d9u jg5oQ2jjEipt/JgNRVbUscsf4n6U2u/x0dFYvgWMv9MJnfzW5R/7BoLafejMtp2Y68ilKSH+LB1 xEhN7d53I90HIxlqomWu5Nm9YTjj8QG79J1L0NL8njq71mi5YRlsE25LRsl4NQIZg4DzfJu6hZr u8gPPLWXBoDMblFAPaJpJSR0cf/w1kS8bZ/oZylZ9lk2p3bblKkowdKnSsg= X-Google-Smtp-Source: AGHT+IFylWYiOtjuY+elkv6t/3/HZRfcr1/+tnI1vpKfLbIihp5nU9MuBHq6cKScnxZ/TMCCdPpIf92w1rxm X-Received: by 2002:a17:903:22cd:b0:223:7006:4db2 with SMTP id d9443c01a7336-22e5ec9eb02mr44078985ad.31.1746619094917; Wed, 07 May 2025 04:58:14 -0700 (PDT) Received: from postal.iol.unh.edu (postal.iol.unh.edu. [132.177.123.84]) by smtp-relay.gmail.com with ESMTPS id d9443c01a7336-22e151e97b6sm18612445ad.34.2025.05.07.04.58.14 (version=TLS1_2 cipher=ECDHE-ECDSA-AES128-GCM-SHA256 bits=128/128); Wed, 07 May 2025 04:58:14 -0700 (PDT) X-Relaying-Domain: iol.unh.edu Date: Wed, 07 May 2025 04:58:14 -0700 (PDT) Message-ID: <681b4ad6.170a0220.2feb39.aac6SMTPIN_ADDED_MISSING@mx.google.com> Received: from [172.21.0.15] (unknown [172.18.0.240]) by postal.iol.unh.edu (Postfix) with ESMTP id 1FA2C6052471; Wed, 7 May 2025 07:58:14 -0400 (EDT) Subject: |FAILURE| [GIT MASTER] 83a7a648344674c0269fcaeb71d8d16468421a0e From: dpdklab@iol.unh.edu To: Test Report Cc: dpdk-test-reports@iol.unh.edu, Xueming Li , Christian Ehrhardt , Kevin Traynor , Luca Boccassi Content-Type: text/plain X-BeenThere: test-report@dpdk.org X-Mailman-Version: 2.1.29 Precedence: list List-Id: automatic DPDK test reports List-Unsubscribe: , List-Archive: List-Post: List-Help: List-Subscribe: , Errors-To: test-report-bounces@dpdk.org _Testing issues_ Branch: tags/v23.11 83a7a648344674c0269fcaeb71d8d16468421a0e --> testing issues Upstream job id: Aarch32-Unit-Test#6163 Test environment and result as below: +-----------------------------+----------------+---------------------------+--------------+------------------------------+ | Environment | dpdk_unit_test | cryptodev_sw_zuc_autotest | lpm_autotest | cryptodev_sw_snow3g_autotest | +=============================+================+===========================+==============+==============================+ | CentOS Stream 10 (ARM) | PASS | SKIPPED | SKIPPED | SKIPPED | +-----------------------------+----------------+---------------------------+--------------+------------------------------+ | CentOS Stream 9 (ARM) | PASS | SKIPPED | SKIPPED | SKIPPED | +-----------------------------+----------------+---------------------------+--------------+------------------------------+ | Fedora 40 (ARM Clang) | PASS | SKIPPED | SKIPPED | SKIPPED | +-----------------------------+----------------+---------------------------+--------------+------------------------------+ | Debian 12 (arm) | PASS | PASS | SKIPPED | PASS | +-----------------------------+----------------+---------------------------+--------------+------------------------------+ | Fedora 41 (ARM) | PASS | SKIPPED | SKIPPED | SKIPPED | +-----------------------------+----------------+---------------------------+--------------+------------------------------+ | Fedora 40 (ARM) | PASS | SKIPPED | SKIPPED | SKIPPED | +-----------------------------+----------------+---------------------------+--------------+------------------------------+ | Fedora 41 (ARM Clang) | PASS | SKIPPED | SKIPPED | SKIPPED | +-----------------------------+----------------+---------------------------+--------------+------------------------------+ | RHEL9 (ARM) | FAIL | SKIPPED | SKIPPED | SKIPPED | +-----------------------------+----------------+---------------------------+--------------+------------------------------+ | Ubuntu 24.04 (ARM) | PASS | SKIPPED | SKIPPED | SKIPPED | +-----------------------------+----------------+---------------------------+--------------+------------------------------+ | Ubuntu 22.04 (ARM) | PASS | SKIPPED | SKIPPED | SKIPPED | +-----------------------------+----------------+---------------------------+--------------+------------------------------+ | Ubuntu 20.04 (ARM) | PASS | SKIPPED | SKIPPED | SKIPPED | +-----------------------------+----------------+---------------------------+--------------+------------------------------+ | 32-bit Ubuntu 22.04.4 (ARM) | PASS | SKIPPED | SKIPPED | SKIPPED | +-----------------------------+----------------+---------------------------+--------------+------------------------------+ | Ubuntu 20.04 ARM SVE | SKIPPED | SKIPPED | PASS | SKIPPED | +-----------------------------+----------------+---------------------------+--------------+------------------------------+ ==== Unit test summary for RHEL9 (ARM) (dpdk_unit_test): ==== ninja: Entering directory `/home-local/jenkins-local/jenkins-agent/workspace/Generic-Unit-Test-DPDK/dpdk/build' ninja: no work to do. 1/110 DPDK:fast-tests / acl_autotest OK 4.78 s 2/110 DPDK:fast-tests / atomic_autotest OK 4.33 s 3/110 DPDK:fast-tests / bitcount_autotest OK 0.22 s 4/110 DPDK:fast-tests / bitmap_autotest OK 0.17 s 5/110 DPDK:fast-tests / bitops_autotest OK 0.22 s 6/110 DPDK:fast-tests / bitratestats_autotest OK 0.17 s 7/110 DPDK:fast-tests / bpf_autotest OK 0.17 s 8/110 DPDK:fast-tests / bpf_convert_autotest OK 0.17 s 9/110 DPDK:fast-tests / byteorder_autotest OK 0.17 s 10/110 DPDK:fast-tests / cksum_autotest OK 0.17 s 11/110 DPDK:fast-tests / cmdline_autotest OK 0.17 s 12/110 DPDK:fast-tests / common_autotest OK 0.92 s 13/110 DPDK:fast-tests / compressdev_autotest SKIP 0.07 s 14/110 DPDK:fast-tests / cpuflags_autotest OK 0.17 s 15/110 DPDK:fast-tests / crc_autotest OK 0.17 s 16/110 DPDK:fast-tests / user_delay_us OK 0.17 s 17/110 DPDK:fast-tests / debug_autotest OK 0.87 s 18/110 DPDK:fast-tests / devargs_autotest OK 0.17 s 19/110 DPDK:fast-tests / dispatcher_autotest FAIL 2.22 s (exit status 255 or signal 127 SIGinvalid) 20/110 DPDK:fast-tests / distributor_autotest OK 0.82 s 21/110 DPDK:fast-tests / eal_flags_c_opt_autotest OK 0.72 s 22/110 DPDK:fast-tests / eal_flags_main_opt_autotest OK 0.22 s 23/110 DPDK:fast-tests / eal_flags_n_opt_autotest OK 0.22 s 24/110 DPDK:fast-tests / eal_flags_hpet_autotest OK 0.17 s 25/110 DPDK:fast-tests / eal_flags_no_huge_autotest OK 0.22 s 26/110 DPDK:fast-tests / eal_flags_a_opt_autotest OK 0.32 s 27/110 DPDK:fast-tests / eal_flags_b_opt_autotest OK 0.27 s 28/110 DPDK:fast-tests / eal_flags_vdev_opt_autotest OK 0.22 s 29/110 DPDK:fast-tests / eal_flags_r_opt_autotest OK 0.17 s 30/110 DPDK:fast-tests / eal_flags_mem_autotest OK 0.32 s 31/110 DPDK:fast-tests / eal_flags_file_prefix_autotest OK 1.22 s 32/110 DPDK:fast-tests / eal_flags_misc_autotest OK 0.87 s 33/110 DPDK:fast-tests / eal_fs_autotest OK 0.17 s 34/110 DPDK:fast-tests / errno_autotest OK 0.17 s 35/110 DPDK:fast-tests / ethdev_link_status OK 0.17 s 36/110 DPDK:fast-tests / event_eth_tx_adapter_autotest OK 1.22 s 37/110 DPDK:fast-tests / event_ring_autotest OK 0.17 s 38/110 DPDK:fast-tests / eventdev_common_autotest OK 0.17 s 39/110 DPDK:fast-tests / eventdev_selftest_sw OK 6.58 s 40/110 DPDK:fast-tests / fbarray_autotest OK 0.17 s 41/110 DPDK:fast-tests / fib_autotest OK 0.77 s 42/110 DPDK:fast-tests / fib6_autotest OK 0.87 s 43/110 DPDK:fast-tests / func_reentrancy_autotest OK 0.77 s 44/110 DPDK:fast-tests / graph_autotest OK 0.17 s 45/110 DPDK:fast-tests / node_list_dump OK 0.17 s 46/110 DPDK:fast-tests / hash_autotest OK 0.52 s 47/110 DPDK:fast-tests / hash_readwrite_func_autotest OK 7.23 s 48/110 DPDK:fast-tests / interrupt_autotest OK 1.17 s 49/110 DPDK:fast-tests / ipfrag_autotest OK 0.07 s 50/110 DPDK:fast-tests / ipsec_autotest SKIP 0.17 s 51/110 DPDK:fast-tests / kvargs_autotest OK 0.17 s 52/110 DPDK:fast-tests / latencystats_autotest OK 0.17 s 53/110 DPDK:fast-tests / lcores_autotest OK 3.03 s 54/110 DPDK:fast-tests / logs_autotest OK 0.17 s 55/110 DPDK:fast-tests / lpm_autotest OK 1.62 s 56/110 DPDK:fast-tests / lpm6_autotest OK 4.88 s 57/110 DPDK:fast-tests / malloc_autotest OK 0.42 s 58/110 DPDK:fast-tests / mbuf_autotest OK 4.83 s 59/110 DPDK:fast-tests / mcslock_autotest OK 0.87 s 60/110 DPDK:fast-tests / member_autotest OK 1.37 s 61/110 DPDK:fast-tests / memcpy_autotest OK 5.33 s 62/110 DPDK:fast-tests / memory_autotest OK 0.07 s 63/110 DPDK:fast-tests / mempool_autotest OK 0.47 s 64/110 DPDK:fast-tests / memzone_autotest OK 0.08 s 65/110 DPDK:fast-tests / meter_autotest OK 0.17 s 66/110 DPDK:fast-tests / metrics_autotest OK 0.17 s 67/110 DPDK:fast-tests / multiprocess_autotest OK 0.22 s 68/110 DPDK:fast-tests / net_ether_autotest OK 0.97 s 69/110 DPDK:fast-tests / pdcp_autotest SKIP 0.07 s 70/110 DPDK:fast-tests / pdump_autotest OK 0.37 s 71/110 DPDK:fast-tests / per_lcore_autotest OK 0.27 s 72/110 DPDK:fast-tests / pflock_autotest OK 0.47 s 73/110 DPDK:fast-tests / pie_autotest OK 0.17 s 74/110 DPDK:fast-tests / ring_pmd_autotest OK 0.17 s 75/110 DPDK:fast-tests / power_autotest OK 0.17 s 76/110 DPDK:fast-tests / power_cpufreq_autotest SKIP 0.07 s 77/110 DPDK:fast-tests / power_intel_uncore_autotest SKIP 0.17 s 78/110 DPDK:fast-tests / power_kvm_vm_autotest SKIP 0.07 s 79/110 DPDK:fast-tests / prefetch_autotest OK 0.17 s 80/110 DPDK:fast-tests / rawdev_autotest OK 0.17 s 81/110 DPDK:fast-tests / rcu_qsbr_autotest OK 0.62 s 82/110 DPDK:fast-tests / reorder_autotest OK 0.42 s 83/110 DPDK:fast-tests / rib_autotest OK 3.93 s 84/110 DPDK:fast-tests / rib6_autotest OK 3.93 s 85/110 DPDK:fast-tests / ring_autotest OK 0.17 s 86/110 DPDK:fast-tests / rwlock_test1_autotest OK 0.47 s 87/110 DPDK:fast-tests / rwlock_rda_autotest OK 5.13 s 88/110 DPDK:fast-tests / rwlock_rds_wrm_autotest OK 5.18 s 89/110 DPDK:fast-tests / rwlock_rde_wro_autotest OK 5.13 s 90/110 DPDK:fast-tests / sched_autotest OK 0.17 s 91/110 DPDK:fast-tests / security_autotest OK 0.07 s 92/110 DPDK:fast-tests / seqlock_autotest OK 2.17 s 93/110 DPDK:fast-tests / service_autotest OK 2.87 s 94/110 DPDK:fast-tests / spinlock_autotest OK 0.17 s 95/110 DPDK:fast-tests / stack_autotest OK 0.27 s 96/110 DPDK:fast-tests / stack_lf_autotest OK 0.32 s 97/110 DPDK:fast-tests / string_autotest OK 0.17 s 98/110 DPDK:fast-tests / table_autotest OK 7.08 s 99/110 DPDK:fast-tests / tailq_autotest OK 0.17 s 100/110 DPDK:fast-tests / telemetry_data_autotest OK 0.17 s 101/110 DPDK:fast-tests / telemetry_json_autotest OK 0.17 s 102/110 DPDK:fast-tests / thash_autotest OK 0.17 s 103/110 DPDK:fast-tests / threads_autotest OK 0.32 s 104/110 DPDK:fast-tests / ticketlock_autotest OK 0.17 s 105/110 DPDK:fast-tests / timer_autotest OK 2.82 s 106/110 DPDK:fast-tests / trace_autotest OK 0.17 s 107/110 DPDK:fast-tests / trace_autotest_with_traces OK 0.17 s 108/110 DPDK:fast-tests / vdev_autotest OK 0.17 s 109/110 DPDK:fast-tests / version_autotest OK 0.17 s 110/110 DPDK:fast-tests / telemetry_all SKIP 0.01 s Ok: 102 Expected Fail: 0 Fail: 1 Unexpected Pass: 0 Skipped: 7 Timeout: 0 Full log written to /home-local/jenkins-local/jenkins-agent/workspace/Generic-Unit-Test-DPDK/dpdk/build/meson-logs/testlog.txt Test log output from the failed test dispatcher_autotest: Sorry, we were not able to find the logs for this test. Download the log output from the CI site for this test run. ==== End log output ==== CentOS Stream 10 (ARM) Kernel: Depends on container host Compiler: gcc 14.2.1 20241104 (Red Hat 14.2.1-6) CentOS Stream 9 (ARM) Kernel: Depends on container host Compiler: gcc 11.5.0 20240719 (Red Hat 11.5.0-2) Fedora 40 (ARM Clang) Kernel: Depends on container host Compiler: clang 18.1.8 (Fedora 18.1.8-1.fc40) Debian 12 (arm) Kernel: Depends on container host Compiler: gcc (Debian 12.2.0-14) 12.2.0 Fedora 41 (ARM) Kernel: Depends on container host Compiler: gcc 14.2.1 20240912 (Red Hat 14.2.1-3) Fedora 40 (ARM) Kernel: Depends on container host Compiler: gcc 14.2.1 20240912 (Red Hat 14.2.1-3) Fedora 41 (ARM Clang) Kernel: Depends on container host Compiler: clang 19.1.5 (Fedora 19.1.5-1.fc41) RHEL9 (ARM) Kernel: Depends on container host Compiler: gcc 11.5.0 20240719 (Red Hat 11.5.0-2) Ubuntu 24.04 (ARM) Kernel: Depends on container host Compiler: gcc (Ubuntu 13.3.0-6ubuntu2~24.04) 13.3.0 Ubuntu 22.04 (ARM) Kernel: Depends on container host Compiler: gcc (Ubuntu 11.4.0-1ubuntu1~22.04) 11.4.0 Ubuntu 20.04 (ARM) Kernel: Depends on container host Compiler: gcc (Ubuntu 9.4.0-1ubuntu1~20.04.2) 9.4.0 32-bit Ubuntu 22.04.4 (ARM) Kernel: 5.15.83+ aarch64 Compiler: gcc (Ubuntu 11.4.0-1ubuntu1~22.04) 11.4.0 Ubuntu 20.04 ARM SVE Kernel: Depends on container host Compiler: gcc (Ubuntu 10.5.0-1ubuntu1~20.04) 10.5.0 To view detailed results, visit: https://lab.dpdk.org/results/dashboard/tarballs/33463/ UNH-IOL DPDK Community Lab To manage your email subscriptions, visit: https://lab.dpdk.org/results/dashboard/preferences/subscriptions/