From mboxrd@z Thu Jan 1 00:00:00 1970 Return-Path: Received: from mails.dpdk.org (mails.dpdk.org [217.70.189.124]) by inbox.dpdk.org (Postfix) with ESMTP id 7E40E466DD for ; Wed, 7 May 2025 14:46:50 +0200 (CEST) Received: from mails.dpdk.org (localhost [127.0.0.1]) by mails.dpdk.org (Postfix) with ESMTP id 67F3C402EB; Wed, 7 May 2025 14:46:50 +0200 (CEST) Received: from mail-pl1-f226.google.com (mail-pl1-f226.google.com [209.85.214.226]) by mails.dpdk.org (Postfix) with ESMTP id 1E59E4025A for ; Wed, 7 May 2025 14:46:47 +0200 (CEST) Received: by mail-pl1-f226.google.com with SMTP id d9443c01a7336-22e7e5bce38so798915ad.1 for ; Wed, 07 May 2025 05:46:47 -0700 (PDT) DKIM-Signature: v=1; a=rsa-sha256; c=relaxed/relaxed; d=iol.unh.edu; s=unh-iol; t=1746622006; x=1747226806; darn=dpdk.org; h=references:in-reply-to:cc:to:from:subject:message-id:date:from:to :cc:subject:date:message-id:reply-to; bh=1KrNmbzdDwFbC56EEZlhBlMXUldZvjKix2IDvXfE3Jg=; b=F4AYhU4YA5IWOtSU1SJDlsTd64DaaYiwAJyNBd3+ROXcccz+A3SKqJQhOeuZIbsgXj 9draz8FP1ah17zs4IFBxRg27dtQPS9rn/ktUKwy5ytP3QwKnnGCpcG3g3/iiKRFjr3hT GPkY7QDTSfQR7wPAbJIkG13SM0QxK/AcDCJmU= X-Google-DKIM-Signature: v=1; a=rsa-sha256; c=relaxed/relaxed; d=1e100.net; s=20230601; t=1746622006; x=1747226806; h=references:in-reply-to:cc:to:from:subject:message-id:date :x-gm-message-state:from:to:cc:subject:date:message-id:reply-to; bh=1KrNmbzdDwFbC56EEZlhBlMXUldZvjKix2IDvXfE3Jg=; b=skZpSFpD3QSFo12AFiqj3pWTspcsYWcaGIxsQ3sbNBDxg0Ca8Ji5jXhZVyFIL2vZma Pl4kQ23reh9xEyIJp2RfQVqmLr9B390aUZ4LylLhQFOsz8WaVZJUfoHAZrNGZmD+hmVf xlBGS4seS2ZRaHJMbcdzggMuwcWzOmCAQ0sBymj3wdyl//aWVtnRuxE/2nX8tURQbjJp zv1Q3NDziNr3gZFtKro+tIOcq4TB/bxxIl5KroGG240L9Y9Q7mr+VHYoGyLVlUwfkOzV fj+E+MMFb1ytjrhYbCrE2Nu9zkP8SNZ8pZaiOw1hIGPnOWgkU2cYSNqXi3yibz4IfYFV X/1Q== X-Gm-Message-State: AOJu0YxzSVqxUjHcmYWwFRXX8Z1viTbQ7vRNgq2DaOGDo1y6OKLLQfvb NBCqxqJ9lZDLnw87FfocWl7bZFsQX+BViwGIX0xFzMMi+Hb/slZMELWPnsQyYkDf0YBjuFeddXs SVFfuZ/jGlMCHPHswf8dQjsXCM2vh35sC4R1eVUawo2G6gt2Jd37tTlMu X-Gm-Gg: ASbGncvQjZulHMFDl0TrAXm9zO95SDvFaKxps+ZJ6tyxmIFmMTkLXLkOZ8AXxE/nuq0 YRpn0Bza4xrtkFzCuADC/lp19xY81RsJ7NQFWbQ15ofaw9GI/9EttTb4vwfSyLd0TVbjbdJger9 IxOpcsqly1m2sKhGjLPdk29PbGTFMAzDxkQyYiLhdMuHz+PC/DAPmnCX2p8tth32yw3lAOevbCB qCKZazukazq5u8/ac49NI2u3TxjPbHjpOnu8uOPjBL115wtm0vFpJ6bPvru9rQ9I0g+rFUDXTky mHmxMjfMQIVhwtR2fgosC005f0Rgd6Sbu4uk X-Google-Smtp-Source: AGHT+IH6s3GhM74XHy27cssU2v3zGjLFX5eqQiSKA7CIYt3MkDlpswkA+eK35kIYxKagwikLe6EYyEeApGco X-Received: by 2002:a17:902:ecc4:b0:224:24d3:6103 with SMTP id d9443c01a7336-22e5ecd1211mr53552555ad.35.1746622005886; Wed, 07 May 2025 05:46:45 -0700 (PDT) Received: from postal.iol.unh.edu (postal.iol.unh.edu. [2606:4100:3880:1234::84]) by smtp-relay.gmail.com with ESMTPS id d9443c01a7336-22e15233334sm18132635ad.102.2025.05.07.05.46.45 (version=TLS1_2 cipher=ECDHE-ECDSA-AES128-GCM-SHA256 bits=128/128); Wed, 07 May 2025 05:46:45 -0700 (PDT) X-Relaying-Domain: iol.unh.edu Date: Wed, 07 May 2025 05:46:45 -0700 (PDT) Message-ID: <681b5635.170a0220.3a8393.9708SMTPIN_ADDED_MISSING@mx.google.com> Received: from [172.21.0.20] (unknown [172.18.0.240]) by postal.iol.unh.edu (Postfix) with ESMTP id 5D1016052472; Wed, 7 May 2025 08:46:45 -0400 (EDT) Subject: |FAILURE| pw153310-153322 [PATCH] [v1,13/13] net/intel: add common T From: dpdklab@iol.unh.edu To: Test Report Cc: dpdk-test-reports@iol.unh.edu, "Burakov, Anatoly" In-Reply-To: <3925dc733f7a3c4dfcc1a36a5df5d2b14a3c5372.1746538072.git.anatoly.burakov@intel.com> References: <3925dc733f7a3c4dfcc1a36a5df5d2b14a3c5372.1746538072.git.anatoly.burakov@intel.com> Content-Type: text/plain X-BeenThere: test-report@dpdk.org X-Mailman-Version: 2.1.29 Precedence: list List-Id: automatic DPDK test reports List-Unsubscribe: , List-Archive: List-Post: List-Help: List-Subscribe: , Errors-To: test-report-bounces@dpdk.org Test-Label: iol-unit-arm64-testing Test-Status: FAILURE http://dpdk.org/patch/153322 _Testing issues_ Submitter: Burakov, Anatoly Date: Tuesday, May 06 2025 13:28:02 DPDK git baseline: Repo:dpdk Branch: master CommitID:7cf0355db9fdab5648b05fd787356c391c510534 153310-153322 --> testing issues Upstream job id: Aarch32-Unit-Test#6161 Test environment and result as below: +-----------------------------+--------------+------------------------------+---------------------------+----------------+ | Environment | lpm_autotest | cryptodev_sw_snow3g_autotest | cryptodev_sw_zuc_autotest | dpdk_unit_test | +=============================+==============+==============================+===========================+================+ | Ubuntu 20.04 ARM SVE | PASS | SKIPPED | SKIPPED | SKIPPED | +-----------------------------+--------------+------------------------------+---------------------------+----------------+ | Debian 12 (arm) | SKIPPED | WARN | WARN | WARN | +-----------------------------+--------------+------------------------------+---------------------------+----------------+ | CentOS Stream 9 (ARM) | SKIPPED | SKIPPED | SKIPPED | WARN | +-----------------------------+--------------+------------------------------+---------------------------+----------------+ | CentOS Stream 10 (ARM) | SKIPPED | SKIPPED | SKIPPED | WARN | +-----------------------------+--------------+------------------------------+---------------------------+----------------+ | Fedora 41 (ARM Clang) | SKIPPED | SKIPPED | SKIPPED | WARN | +-----------------------------+--------------+------------------------------+---------------------------+----------------+ | Fedora 40 (ARM) | SKIPPED | SKIPPED | SKIPPED | WARN | +-----------------------------+--------------+------------------------------+---------------------------+----------------+ | Fedora 40 (ARM Clang) | SKIPPED | SKIPPED | SKIPPED | WARN | +-----------------------------+--------------+------------------------------+---------------------------+----------------+ | Fedora 41 (ARM) | SKIPPED | SKIPPED | SKIPPED | WARN | +-----------------------------+--------------+------------------------------+---------------------------+----------------+ | Ubuntu 24.04 (ARM) | SKIPPED | SKIPPED | SKIPPED | WARN | +-----------------------------+--------------+------------------------------+---------------------------+----------------+ | Ubuntu 22.04 (ARM) | SKIPPED | SKIPPED | SKIPPED | WARN | +-----------------------------+--------------+------------------------------+---------------------------+----------------+ | RHEL9 (ARM) | SKIPPED | SKIPPED | SKIPPED | WARN | +-----------------------------+--------------+------------------------------+---------------------------+----------------+ | Ubuntu 20.04 (ARM) | SKIPPED | SKIPPED | SKIPPED | WARN | +-----------------------------+--------------+------------------------------+---------------------------+----------------+ | 32-bit Ubuntu 22.04.4 (ARM) | SKIPPED | SKIPPED | SKIPPED | FAIL | +-----------------------------+--------------+------------------------------+---------------------------+----------------+ ==== Unit test summary for 32-bit Ubuntu 22.04.4 (ARM) (dpdk_unit_test): ==== Failed to get the unit test results. Displaying the unit test results is not supported for some environments, such as our aarch32 testing, where meson is not used to run the tests. Download the logs available on our CI site. ==== End log output ==== Ubuntu 20.04 ARM SVE Kernel: Depends on container host Compiler: gcc (Ubuntu 10.5.0-1ubuntu1~20.04) 10.5.0 Debian 12 (arm) Kernel: Depends on container host Compiler: gcc (Debian 12.2.0-14) 12.2.0 CentOS Stream 9 (ARM) Kernel: Depends on container host Compiler: gcc 11.5.0 20240719 (Red Hat 11.5.0-2) CentOS Stream 10 (ARM) Kernel: Depends on container host Compiler: gcc 14.2.1 20241104 (Red Hat 14.2.1-6) Fedora 41 (ARM Clang) Kernel: Depends on container host Compiler: clang 19.1.5 (Fedora 19.1.5-1.fc41) Fedora 40 (ARM) Kernel: Depends on container host Compiler: gcc 14.2.1 20240912 (Red Hat 14.2.1-3) Fedora 40 (ARM Clang) Kernel: Depends on container host Compiler: clang 18.1.8 (Fedora 18.1.8-1.fc40) Fedora 41 (ARM) Kernel: Depends on container host Compiler: gcc 14.2.1 20240912 (Red Hat 14.2.1-3) Ubuntu 24.04 (ARM) Kernel: Depends on container host Compiler: gcc (Ubuntu 13.3.0-6ubuntu2~24.04) 13.3.0 Ubuntu 22.04 (ARM) Kernel: Depends on container host Compiler: gcc (Ubuntu 11.4.0-1ubuntu1~22.04) 11.4.0 RHEL9 (ARM) Kernel: Depends on container host Compiler: gcc 11.5.0 20240719 (Red Hat 11.5.0-2) Ubuntu 20.04 (ARM) Kernel: Depends on container host Compiler: gcc (Ubuntu 9.4.0-1ubuntu1~20.04.2) 9.4.0 32-bit Ubuntu 22.04.4 (ARM) Kernel: 5.15.83+ aarch64 Compiler: gcc (Ubuntu 11.4.0-1ubuntu1~22.04) 11.4.0 To view detailed results, visit: https://lab.dpdk.org/results/dashboard/patchsets/33122/ UNH-IOL DPDK Community Lab To manage your email subscriptions, visit: https://lab.dpdk.org/results/dashboard/preferences/subscriptions/