From mboxrd@z Thu Jan 1 00:00:00 1970 Return-Path: Received: from mails.dpdk.org (mails.dpdk.org [217.70.189.124]) by inbox.dpdk.org (Postfix) with ESMTP id 6D482466EA for ; Wed, 7 May 2025 18:06:59 +0200 (CEST) Received: from mails.dpdk.org (localhost [127.0.0.1]) by mails.dpdk.org (Postfix) with ESMTP id 690864025D; Wed, 7 May 2025 18:06:59 +0200 (CEST) Received: from mail-pl1-f226.google.com (mail-pl1-f226.google.com [209.85.214.226]) by mails.dpdk.org (Postfix) with ESMTP id C5FF54025A for ; Wed, 7 May 2025 18:06:57 +0200 (CEST) Received: by mail-pl1-f226.google.com with SMTP id d9443c01a7336-22e76850b80so448905ad.1 for ; Wed, 07 May 2025 09:06:57 -0700 (PDT) DKIM-Signature: v=1; a=rsa-sha256; c=relaxed/relaxed; d=iol.unh.edu; s=unh-iol; t=1746634017; x=1747238817; darn=dpdk.org; h=references:in-reply-to:cc:to:from:subject:message-id:date:from:to :cc:subject:date:message-id:reply-to; bh=C8IoDpdw6YGphhdsvIYD3K2Aw9SzpEz0ZwuUsZhmzFE=; b=WzOtFsVPu/0aB8xjqmVgRIYE+qkv8fMXQPVEWW1a/4Uj5scxx4k3InWXl7tKOamh6d 1PKVUZrna+Ok/ttBVhnLy+Uy5be0lW6AHaM9ypplBE9Rw++NutDcbZxnyztVnOSqtiHS wGIQo03GSahEHQ9Qa4dbO17sBZeglykcEF9aU= X-Google-DKIM-Signature: v=1; a=rsa-sha256; c=relaxed/relaxed; d=1e100.net; s=20230601; t=1746634017; x=1747238817; h=references:in-reply-to:cc:to:from:subject:message-id:date :x-gm-message-state:from:to:cc:subject:date:message-id:reply-to; bh=C8IoDpdw6YGphhdsvIYD3K2Aw9SzpEz0ZwuUsZhmzFE=; b=KWvF1X5h71TVQHgHrFqJO2IP4Wwpx4vC3d85ZFByJ4GOrNrpwc7rOL+C4SzNqm22JD WCljjv7k9yhLpzQmlCNNO2cJgk55EVMOWm6dKdBSQ9Ru5Kt9Z159C541p7FpMgPg0Ugw 7d+ynUwzZZZGBVGKvhyb3/AMr0wWwl0n71RuNZYXn3rWOeBWXAjC87su//vcPqvgiOb6 ypUb+VYpHBq7uyr6u6lQzs37UkiW9ttAG/E3gZ0c8+rxZwCzw8ZxuhukPvd+XfbqFuh6 K7LbuDduBwbjelXEc4YO4pjZUdXATUbrWwfoMTUb2X8bP/0+pSD33E2nvNRS0+AHDtQ1 51ww== X-Gm-Message-State: AOJu0YzOy3MHlhDnHiPEZ7OlO57Hu52xqSwyS87OAIeeVQdviSaSw+iL 8iCzb1Q8x8su2X9DdJNMIO/9fCjh1pNXKVAhvt10sftFRo8n1VKuH51pDfNfo9OtSI7S5T4fpH0 zqE5jG3Wix9x0dIpB97YUFDbtuNuVSFJx4EWLAliI X-Gm-Gg: ASbGncvzPbIO34V7r8jWBfr/l44COj8uAl0vB/TQmBVEtTQpRZdw/u9/ndpvAiB7Z1v M2tJwaXBOybrNLaXGGykhQkXpq7RpyWN1qRb1RCekTf0ZADzxa1RFJg1jGR/HiwJweAE6Tn5Rg8 cGGJRh0iBfJl2Qk4MlmaZu6eOkjgyjlt9dYvgoiGquY4Gw0eTALtx2LBcfczqm5NC2nt5ulTiTz vol/jFxak7B+ehYrx+yiv6OI6gGswOcstWZYImjfpM1Ru1GeiHDoGqCXT4oTv+1HDJ6dQu11gxY xaT0Gd1XmuYcSiEVorEpWgDXsEdNhHYzVNVcrp9B+UFnhgLthoeXc4V+S+8= X-Google-Smtp-Source: AGHT+IFcStRnUyhijWBJVmvkH7UoqSNl0vNRCV6Q5LKkezVfm3Dv/OUKKcWSTLC3OZLhMhA3OnGiG5ts0BqF X-Received: by 2002:a17:903:166e:b0:224:826:279e with SMTP id d9443c01a7336-22e5eddd833mr54157435ad.50.1746634016854; Wed, 07 May 2025 09:06:56 -0700 (PDT) Received: from postal.iol.unh.edu (postal.iol.unh.edu. [132.177.123.84]) by smtp-relay.gmail.com with ESMTPS id d9443c01a7336-22e1522b522sm19012565ad.79.2025.05.07.09.06.56 (version=TLS1_2 cipher=ECDHE-ECDSA-AES128-GCM-SHA256 bits=128/128); Wed, 07 May 2025 09:06:56 -0700 (PDT) X-Relaying-Domain: iol.unh.edu Date: Wed, 07 May 2025 09:06:56 -0700 (PDT) Message-ID: <681b8520.170a0220.44808.bb7dSMTPIN_ADDED_MISSING@mx.google.com> Received: from [172.21.0.14] (unknown [172.18.0.240]) by postal.iol.unh.edu (Postfix) with ESMTP id 419E96052471; Wed, 7 May 2025 12:06:56 -0400 (EDT) Subject: |FAILURE| pw153337 [PATCH] [v2,1/1] buildtools: avoid break due to f From: dpdklab@iol.unh.edu To: Test Report Cc: dpdk-test-reports@iol.unh.edu, Andre Muezerie In-Reply-To: <1746569662-11532-2-git-send-email-andremue@linux.microsoft.com> References: <1746569662-11532-2-git-send-email-andremue@linux.microsoft.com> Content-Type: text/plain X-BeenThere: test-report@dpdk.org X-Mailman-Version: 2.1.29 Precedence: list List-Id: automatic DPDK test reports List-Unsubscribe: , List-Archive: List-Post: List-Help: List-Subscribe: , Errors-To: test-report-bounces@dpdk.org Test-Label: iol-compile-amd64-testing Test-Status: FAILURE http://dpdk.org/patch/153337 _Testing issues_ Submitter: Andre Muezerie Date: Tuesday, May 06 2025 22:14:22 DPDK git baseline: Repo:dpdk Branch: master CommitID:75f179ebe347b6098cf3af26d3d3b7168fe3fe24 153337 --> testing issues Upstream job id: Windows-Compile-DPDK-Native#28256 Test environment and result as below: +-----------------------------------+--------------------+-------------------+------------------+-------------------+-------------------------+ | Environment | dpdk_meson_compile | dpdk_compile_spdk | dpdk_compile_ovs | dpdk_msvc_compile | dpdk_llvm_clang_compile | +===================================+====================+===================+==================+===================+=========================+ | CentOS Stream 9 | FAIL | WARN | SKIPPED | SKIPPED | SKIPPED | +-----------------------------------+--------------------+-------------------+------------------+-------------------+-------------------------+ | CentOS Stream 10 | FAIL | SKIPPED | SKIPPED | SKIPPED | SKIPPED | +-----------------------------------+--------------------+-------------------+------------------+-------------------+-------------------------+ | Debian 12 | FAIL | WARN | SKIPPED | SKIPPED | SKIPPED | +-----------------------------------+--------------------+-------------------+------------------+-------------------+-------------------------+ | Fedora 40 | FAIL | WARN | SKIPPED | SKIPPED | SKIPPED | +-----------------------------------+--------------------+-------------------+------------------+-------------------+-------------------------+ | Fedora 41 | FAIL | WARN | WARN | SKIPPED | SKIPPED | +-----------------------------------+--------------------+-------------------+------------------+-------------------+-------------------------+ | Fedora 41 (Clang) | FAIL | WARN | WARN | SKIPPED | SKIPPED | +-----------------------------------+--------------------+-------------------+------------------+-------------------+-------------------------+ | Fedora 40 (Clang) | FAIL | WARN | SKIPPED | SKIPPED | SKIPPED | +-----------------------------------+--------------------+-------------------+------------------+-------------------+-------------------------+ | openSUSE Leap 15 | FAIL | SKIPPED | SKIPPED | SKIPPED | SKIPPED | +-----------------------------------+--------------------+-------------------+------------------+-------------------+-------------------------+ | RHEL8 | FAIL | SKIPPED | SKIPPED | SKIPPED | SKIPPED | +-----------------------------------+--------------------+-------------------+------------------+-------------------+-------------------------+ | RHEL9 | FAIL | SKIPPED | SKIPPED | SKIPPED | SKIPPED | +-----------------------------------+--------------------+-------------------+------------------+-------------------+-------------------------+ | Ubuntu 20.04 | FAIL | SKIPPED | SKIPPED | SKIPPED | SKIPPED | +-----------------------------------+--------------------+-------------------+------------------+-------------------+-------------------------+ | Ubuntu 22.04 | FAIL | WARN | SKIPPED | SKIPPED | SKIPPED | +-----------------------------------+--------------------+-------------------+------------------+-------------------+-------------------------+ | Ubuntu 24.04 | FAIL | WARN | WARN | SKIPPED | SKIPPED | +-----------------------------------+--------------------+-------------------+------------------+-------------------+-------------------------+ | Ubuntu 24.04 32 Bit Cross Compile | FAIL | SKIPPED | SKIPPED | SKIPPED | SKIPPED | +-----------------------------------+--------------------+-------------------+------------------+-------------------+-------------------------+ | Alpine | FAIL | SKIPPED | SKIPPED | SKIPPED | SKIPPED | +-----------------------------------+--------------------+-------------------+------------------+-------------------+-------------------------+ | FreeBSD 13.5 | PASS | SKIPPED | SKIPPED | SKIPPED | SKIPPED | +-----------------------------------+--------------------+-------------------+------------------+-------------------+-------------------------+ | FreeBSD 14.2 | FAIL | SKIPPED | SKIPPED | SKIPPED | SKIPPED | +-----------------------------------+--------------------+-------------------+------------------+-------------------+-------------------------+ | Windows Server 2022 | SKIPPED | SKIPPED | SKIPPED | PASS | FAIL | +-----------------------------------+--------------------+-------------------+------------------+-------------------+-------------------------+ ==== 20 line log output for Windows Server 2022 (dpdk_llvm_clang_compile): ==== File "C:\Users\builder\jenkins\workspace\Windows-Compile-DPDK-Native\dpdk\buildtools\gen-pmdinfo-cfile.py", line 16, in subprocess.run([ar, "x", os.path.abspath(archive), name], File "C:\Users\builder\AppData\Local\Programs\Python\Python310\lib\subprocess.py", line 503, in run with Popen(*popenargs, **kwargs) as process: File "C:\Users\builder\AppData\Local\Programs\Python\Python310\lib\subprocess.py", line 971, in __init__ self._execute_child(args, executable, preexec_fn, close_fds, File "C:\Users\builder\AppData\Local\Programs\Python\Python310\lib\subprocess.py", line 1456, in _execute_child hp, ht, pid, tid = _winapi.CreateProcess(executable, args, NotADirectoryError: [WinError 267] The directory name is invalid [116/858] Compiling C object drivers/libtmp_rte_bus_vdev.a.p/bus_vdev_vdev_params.c.obj [117/858] Linking static target lib/librte_fib.a [118/858] Linking static target drivers/libtmp_rte_mempool_stack.a [119/858] Compiling C object drivers/libtmp_rte_bus_pci.a.p/bus_pci_pci_common.c.obj [120/858] Compiling C object drivers/libtmp_rte_bus_vdev.a.p/bus_vdev_vdev.c.obj [121/858] Compiling C object drivers/libtmp_rte_common_mlx5.a.p/common_mlx5_mlx5_malloc.c.obj [122/858] Compiling C object drivers/libtmp_rte_common_mlx5.a.p/common_mlx5_mlx5_common_pci.c.obj [123/858] Compiling C object drivers/libtmp_rte_common_mlx5.a.p/common_mlx5_mlx5_common.c.obj [124/858] Compiling C object drivers/libtmp_rte_common_mlx5.a.p/common_mlx5_mlx5_devx_cmds.c.obj ninja: build stopped: subcommand failed. ==== End log output ==== CentOS Stream 9 Kernel: Depends on container host Compiler: gcc 11.5.0 20240719 (Red Hat 11.5.0-2) CentOS Stream 10 Kernel: Depends on container host Compiler: gcc 14.2.1 20241104 (Red Hat 14.2.1-6) Debian 12 Kernel: Depends on container host Compiler: gcc (Debian 12.2.0-14) 12.2.0 Fedora 40 Kernel: Depends on container host Compiler: gcc 14.2.1 20240912 (Red Hat 14.2.1-3) Fedora 41 Kernel: Depends on container host Compiler: gcc 14.2.1 20240912 (Red Hat 14.2.1-3) Fedora 41 (Clang) Kernel: Depends on container host Compiler: clang 19.1.5 (Fedora 19.1.5-1.fc41) Fedora 40 (Clang) Kernel: Depends on container host Compiler: clang 18.1.8 (Fedora 18.1.8-1.fc40) openSUSE Leap 15 Kernel: Depends on container host Compiler: gcc (SUSE Linux) 7.5.0 RHEL8 Kernel: Depends on container host Compiler: gcc 8.5.0 20210514 (Red Hat 8.5.0-22) RHEL9 Kernel: Depends on container host Compiler: gcc 11.5.0 20240719 (Red Hat 11.5.0-2) Ubuntu 20.04 Kernel: Depends on container host Compiler: gcc (Ubuntu 9.4.0-1ubuntu1~20.04.2) 9.4.0 Ubuntu 22.04 Kernel: Depends on container host Compiler: gcc (Ubuntu 11.4.0-1ubuntu1~22.04) 11.4.0 Ubuntu 24.04 Kernel: Depends on container host Compiler: gcc (Ubuntu 13.3.0-6ubuntu2~24.04) 13.3.0 Ubuntu 24.04 32 Bit Cross Compile Kernel: Depends on container host Compiler: gcc (Ubuntu 13.3.0-6ubuntu2~24.04) 13.3.0 Alpine Kernel: Depends on container host Compiler: gcc (Alpine 14.2.0) 14.2.0 FreeBSD 13.5 Kernel: 13.5-RELEASE Compiler: clang 19.1.7 FreeBSD 14.2 Kernel: 14.2-RELEASE Compiler: clang 18.1.6 Windows Server 2022 Kernel: 10.0.20348.2031 Compiler: clang 15.0.7, gcc 14.1.0 (MinGW), and MSVC VS 19.39.33521 To view detailed results, visit: https://lab.dpdk.org/results/dashboard/patchsets/33130/ UNH-IOL DPDK Community Lab To manage your email subscriptions, visit: https://lab.dpdk.org/results/dashboard/preferences/subscriptions/