From mboxrd@z Thu Jan 1 00:00:00 1970 Return-Path: Received: from mails.dpdk.org (mails.dpdk.org [217.70.189.124]) by inbox.dpdk.org (Postfix) with ESMTP id CB15B466EA for ; Wed, 7 May 2025 18:10:39 +0200 (CEST) Received: from mails.dpdk.org (localhost [127.0.0.1]) by mails.dpdk.org (Postfix) with ESMTP id C498B4025D; Wed, 7 May 2025 18:10:39 +0200 (CEST) Received: from mail-io1-f98.google.com (mail-io1-f98.google.com [209.85.166.98]) by mails.dpdk.org (Postfix) with ESMTP id 2C7114025A for ; Wed, 7 May 2025 18:10:38 +0200 (CEST) Received: by mail-io1-f98.google.com with SMTP id ca18e2360f4ac-8640d43f5e0so564719539f.0 for ; Wed, 07 May 2025 09:10:38 -0700 (PDT) DKIM-Signature: v=1; a=rsa-sha256; c=relaxed/relaxed; d=iol.unh.edu; s=unh-iol; t=1746634237; x=1747239037; darn=dpdk.org; h=references:in-reply-to:cc:to:from:subject:message-id:date:from:to :cc:subject:date:message-id:reply-to; bh=7vR3ZyKPFiKqb7uLUrEtT/syl+Ke2NARKEHN6uY9oX0=; b=OSevtLjVKcgUlm6Ofb+3kjQ67umhLKJ5WfQ3UH3XKMhwXOUMxzcA5OmG1e4vx0F7Am FkVEcnhYvEc7IdYG0qUztHyEoSVnZmn34IyVCiykoywabHt/jjVZY5wZvPVx8aHsKtMz orxL330cmSobv/El796mp0UblXQApAhj8+1FE= X-Google-DKIM-Signature: v=1; a=rsa-sha256; c=relaxed/relaxed; d=1e100.net; s=20230601; t=1746634237; x=1747239037; h=references:in-reply-to:cc:to:from:subject:message-id:date :x-gm-message-state:from:to:cc:subject:date:message-id:reply-to; bh=7vR3ZyKPFiKqb7uLUrEtT/syl+Ke2NARKEHN6uY9oX0=; b=h5KB33/oDl++v604sgb+Ymx3rWj5R4IubcSJRljwCcThJyj5BtKV6myuM6LBwMWcVA I8085Y1PMKScNfWnlVrPQbeEsUlNNfQDjLlUwGN8fO7Kd2zhNILgggEwXqFWotQNREdj i3NRW3Wd39ItqBSUS1hc4KghP71kp+qfYX22K7Xk9FB1Fl2HY16/pCJXpI75NSie8YZg tDSfg8XRujx/UX2RqE5IYALWnjAk6l5a2gKieFj5WTAql96otOR7ri6CwaGxelrkCID3 psIcMHbBDTsYrCHD+KRj65kVNqC3WXr1aYvgkfph7B3k2rlTxw1zlmJRcUnrG1A4mv3n LrSw== X-Gm-Message-State: AOJu0YzbdJb1fqf/vBbFlS0UsT1LT8ODJhaBO8Qx4lln+eEZ5I9VrZas Etg8dUEGDrpMFl8a1//P4+lrJjYwreK5UHTEKaxLRGZR6JRkmsNpaw1GRxi5mVWH4LNZnZUotFy /eGZze7J90gOHMuJ7GuP0dTYsoIeDehVaTwq6ixIxLj4kIV/Z2AaD3L5R X-Gm-Gg: ASbGncs+9yvSZx36juhWMI6G06JAadYhvoTzB7xx4ugixcZmAJZE3K+V39F+MXceUdN drbAJZyF2HjGFQE2RJYDsbyQe9O/Xlzi2g56pHbfoT4TdWW5i0Ms95RvTmCOWblmL/VuQxxcRP6 ADyfmlKI5Pv3cLxps+p6TmB//FT0Q6mA1V7WrXCmfRsYk2w+dtL8ROF0UuQ3ZYHTa3gKy9UffUY /38dauV0wUECShRPldcjHFhEf8WY996/jWqiwbgrD5NZtFp0oZhbDWkU4xsAlo+eDTbjpi8o3QJ RyGcxSxckTN0JIc+PfiRo6EALTWisqlJcowr X-Google-Smtp-Source: AGHT+IFZ8itiIMVXncfasLQw7wNzk/3N7bccgb5rC2p3icYHmyhG807wdw7MpSbf1ShWoID/vu+LrHOCCqGI X-Received: by 2002:a05:6602:6b0e:b0:861:7dbb:44fa with SMTP id ca18e2360f4ac-86754e19a32mr21974839f.0.1746634237496; Wed, 07 May 2025 09:10:37 -0700 (PDT) Received: from postal.iol.unh.edu (postal.iol.unh.edu. [2606:4100:3880:1234::84]) by smtp-relay.gmail.com with ESMTPS id ca18e2360f4ac-864aa2c54a3sm223000039f.4.2025.05.07.09.10.37 (version=TLS1_2 cipher=ECDHE-ECDSA-AES128-GCM-SHA256 bits=128/128); Wed, 07 May 2025 09:10:37 -0700 (PDT) X-Relaying-Domain: iol.unh.edu Date: Wed, 07 May 2025 09:10:37 -0700 (PDT) Message-ID: <681b85fd.050a0220.cf1bd.d7d8SMTPIN_ADDED_MISSING@mx.google.com> Received: from [172.21.0.6] (unknown [172.18.0.240]) by postal.iol.unh.edu (Postfix) with ESMTP id B12C36052471; Wed, 7 May 2025 12:10:36 -0400 (EDT) Subject: |FAILURE| pw153337 [PATCH] [v2,1/1] buildtools: avoid break due to f From: dpdklab@iol.unh.edu To: Test Report Cc: dpdk-test-reports@iol.unh.edu, Andre Muezerie In-Reply-To: <1746569662-11532-2-git-send-email-andremue@linux.microsoft.com> References: <1746569662-11532-2-git-send-email-andremue@linux.microsoft.com> Content-Type: text/plain X-BeenThere: test-report@dpdk.org X-Mailman-Version: 2.1.29 Precedence: list List-Id: automatic DPDK test reports List-Unsubscribe: , List-Archive: List-Post: List-Help: List-Subscribe: , Errors-To: test-report-bounces@dpdk.org Test-Label: iol-unit-amd64-testing Test-Status: FAILURE http://dpdk.org/patch/153337 _Testing issues_ Submitter: Andre Muezerie Date: Tuesday, May 06 2025 22:14:22 DPDK git baseline: Repo:dpdk Branch: master CommitID:75f179ebe347b6098cf3af26d3d3b7168fe3fe24 153337 --> testing issues Upstream job id: Generic-VM-Unit-Test-DPDK#28373 Test environment and result as below: +---------------------+----------------+ | Environment | dpdk_unit_test | +=====================+================+ | CentOS Stream 9 | WARN | +---------------------+----------------+ | CentOS Stream 10 | WARN | +---------------------+----------------+ | Fedora 41 | WARN | +---------------------+----------------+ | Debian 12 | WARN | +---------------------+----------------+ | Fedora 40 (Clang) | WARN | +---------------------+----------------+ | Fedora 40 | WARN | +---------------------+----------------+ | Fedora 41 (Clang) | WARN | +---------------------+----------------+ | RHEL8 | WARN | +---------------------+----------------+ | RHEL9 | WARN | +---------------------+----------------+ | Ubuntu 20.04 | WARN | +---------------------+----------------+ | Ubuntu 22.04 | WARN | +---------------------+----------------+ | Ubuntu 24.04 | WARN | +---------------------+----------------+ | Windows Server 2022 | FAIL | +---------------------+----------------+ ==== Unit test summary for Windows Server 2022 (dpdk_unit_test): ==== Failed to get the unit test results. Displaying the unit test results is not supported for some environments, such as our aarch32 testing, where meson is not used to run the tests. Download the logs available on our CI site. ==== End log output ==== CentOS Stream 9 Kernel: Depends on container host Compiler: gcc 11.5.0 20240719 (Red Hat 11.5.0-2) CentOS Stream 10 Kernel: Depends on container host Compiler: gcc 14.2.1 20241104 (Red Hat 14.2.1-6) Fedora 41 Kernel: Depends on container host Compiler: gcc 14.2.1 20240912 (Red Hat 14.2.1-3) Debian 12 Kernel: Depends on container host Compiler: gcc (Debian 12.2.0-14) 12.2.0 Fedora 40 (Clang) Kernel: Depends on container host Compiler: clang 18.1.8 (Fedora 18.1.8-1.fc40) Fedora 40 Kernel: Depends on container host Compiler: gcc 14.2.1 20240912 (Red Hat 14.2.1-3) Fedora 41 (Clang) Kernel: Depends on container host Compiler: clang 19.1.5 (Fedora 19.1.5-1.fc41) RHEL8 Kernel: Depends on container host Compiler: gcc 8.5.0 20210514 (Red Hat 8.5.0-22) RHEL9 Kernel: Depends on container host Compiler: gcc 11.5.0 20240719 (Red Hat 11.5.0-2) Ubuntu 20.04 Kernel: Depends on container host Compiler: gcc (Ubuntu 9.4.0-1ubuntu1~20.04.2) 9.4.0 Ubuntu 22.04 Kernel: Depends on container host Compiler: gcc (Ubuntu 11.4.0-1ubuntu1~22.04) 11.4.0 Ubuntu 24.04 Kernel: Depends on container host Compiler: gcc (Ubuntu 13.3.0-6ubuntu2~24.04) 13.3.0 Windows Server 2022 Kernel: 10.0.20348.2031 Compiler: clang 15.0.7, gcc 14.1.0 (MinGW), and MSVC VS 19.39.33521 To view detailed results, visit: https://lab.dpdk.org/results/dashboard/patchsets/33130/ UNH-IOL DPDK Community Lab To manage your email subscriptions, visit: https://lab.dpdk.org/results/dashboard/preferences/subscriptions/