From mboxrd@z Thu Jan 1 00:00:00 1970 Return-Path: Received: from mails.dpdk.org (mails.dpdk.org [217.70.189.124]) by inbox.dpdk.org (Postfix) with ESMTP id 31084466EA for ; Wed, 7 May 2025 18:32:56 +0200 (CEST) Received: from mails.dpdk.org (localhost [127.0.0.1]) by mails.dpdk.org (Postfix) with ESMTP id 109E54025D; Wed, 7 May 2025 18:32:56 +0200 (CEST) Received: from mail-qv1-f100.google.com (mail-qv1-f100.google.com [209.85.219.100]) by mails.dpdk.org (Postfix) with ESMTP id 6F3484025A for ; Wed, 7 May 2025 18:32:55 +0200 (CEST) Received: by mail-qv1-f100.google.com with SMTP id 6a1803df08f44-6f53d271c4cso900456d6.3 for ; Wed, 07 May 2025 09:32:55 -0700 (PDT) DKIM-Signature: v=1; a=rsa-sha256; c=relaxed/relaxed; d=iol.unh.edu; s=unh-iol; t=1746635574; x=1747240374; darn=dpdk.org; h=references:in-reply-to:cc:to:from:subject:message-id:date:from:to :cc:subject:date:message-id:reply-to; bh=3eRb/XnOdHSG9rE4txTXZ2aQiFOoxjAnCC+YEH/nQAg=; b=bW1Dn3r8c4/EpSzjTtV3XBc5ZYDSfyM8BnpAwG5mRC+JOSfH48B0wAam7e0ivjyzdO OjbtqMdPkcYKhIkr56CnocWqi2PvEg1fcmjp8xSA5iqu17djuTPT36O4ErdiKWvTcFo2 GUFqCwjUSwa8MV414y0ua1llGQyw+rKzLpZIg= X-Google-DKIM-Signature: v=1; a=rsa-sha256; c=relaxed/relaxed; d=1e100.net; s=20230601; t=1746635574; x=1747240374; h=references:in-reply-to:cc:to:from:subject:message-id:date :x-gm-message-state:from:to:cc:subject:date:message-id:reply-to; bh=3eRb/XnOdHSG9rE4txTXZ2aQiFOoxjAnCC+YEH/nQAg=; b=WPgcSKo7C7g6lF0P7bNlAWbk5oZamfmbbQ5tVEZqzSZpkSnLWlPWm66Whn8TiCC2dT bu2edL5GmOEfTe904ZJq45zSy03a/OIpcUFPiSsiHJXQlzeNVxii4a22SJixT808SJL0 NtcjNBY+SEcyVrpan+EPH4jchbYKKJEu4L37QElAN05CQaFqNQbsRVaADT8yRY7YkqIX hVbVofXb/KX5tmM6Km/petf6j7aRON0yXJlmEl3KSiDGMCEte9hMU/dEWNSyQkcOZUbM FX2fC80WGPO30inEZ/tPyAo8uQuOR9QGZGkcYiqEHMzVuBvHzt2sx9ZTHyR4+tRvqbXi t2pw== X-Gm-Message-State: AOJu0Yytu1aXPxO0ypiEVgF4wgpNvAF4lVlAQ2az4ZFiyVA0cB2njpWv nTv1b0RN5Dk1B/0Lq5HGyADN8Not2iCxzncbMM+oKO3apYtg2+v6zyyHtiWGt6V0QpEzY5pi/T3 T2albIWxDAJvuvPXXh5n8mtkIv0C6T1RSIMasYftz X-Gm-Gg: ASbGncsWmtVv+K/mMyJpBBnP4leQ8WOTl9d/Ij+PuETbwxxoG2GRNqJELwTj2QVfhyP qcxYt+m5U1S1a/pSFZMG7P8jWa/3ayWB0zUc9xiTLN7aqupEUP6FFV+iuE8biytzD9jsNMDogAO 913aWYz2+kEl4NJmMnR5hyH5KgLu4vvPFlQHCiRSmBq8BY7BvWNRz4lcA/poCyNt1M3aINjAmbr /Db15Z70KVf0azzDgdjdSRcwIawsv3JsdjaBGLkSDXUQ6AZq8AD2EiZNhTqOHk2LKOw+AvuZIAt T1r2wsSrBuvSk0y7JIa7i5+rNJQ8sn+jsK8k1j9sIaDWMN5U7mhldESz//M= X-Google-Smtp-Source: AGHT+IEfVEW6igD+X4cOiFF26gVsW1LixVtrN6K2qozbnWNV6UF3umAUKVpdG9ZnMbuFwBcsgXY9wWYQtPAg X-Received: by 2002:a05:6214:2243:b0:6f4:b8eb:4815 with SMTP id 6a1803df08f44-6f5427adff6mr72495456d6.0.1746635574656; Wed, 07 May 2025 09:32:54 -0700 (PDT) Received: from postal.iol.unh.edu (postal.iol.unh.edu. [132.177.123.84]) by smtp-relay.gmail.com with ESMTPS id 6a1803df08f44-6f5426642cbsm1230886d6.30.2025.05.07.09.32.54 (version=TLS1_2 cipher=ECDHE-ECDSA-AES128-GCM-SHA256 bits=128/128); Wed, 07 May 2025 09:32:54 -0700 (PDT) X-Relaying-Domain: iol.unh.edu Date: Wed, 07 May 2025 09:32:54 -0700 (PDT) Message-ID: <681b8b36.d40a0220.3bc5d4.6c9eSMTPIN_ADDED_MISSING@mx.google.com> Received: from [172.21.0.5] (unknown [172.18.0.240]) by postal.iol.unh.edu (Postfix) with ESMTP id 63F476052471; Wed, 7 May 2025 12:32:54 -0400 (EDT) Subject: |FAILURE| pw153337 [PATCH] [v2,1/1] buildtools: avoid break due to f From: dpdklab@iol.unh.edu To: Test Report Cc: dpdk-test-reports@iol.unh.edu, Andre Muezerie In-Reply-To: <1746569662-11532-2-git-send-email-andremue@linux.microsoft.com> References: <1746569662-11532-2-git-send-email-andremue@linux.microsoft.com> Content-Type: text/plain X-BeenThere: test-report@dpdk.org X-Mailman-Version: 2.1.29 Precedence: list List-Id: automatic DPDK test reports List-Unsubscribe: , List-Archive: List-Post: List-Help: List-Subscribe: , Errors-To: test-report-bounces@dpdk.org Test-Label: iol-unit-amd64-testing Test-Status: FAILURE http://dpdk.org/patch/153337 _Testing issues_ Submitter: Andre Muezerie Date: Tuesday, May 06 2025 22:14:22 DPDK git baseline: Repo:dpdk Branch: master CommitID:75f179ebe347b6098cf3af26d3d3b7168fe3fe24 153337 --> testing issues Upstream job id: Generic-VM-Unit-Test-DPDK#28374 Test environment and result as below: +---------------------+----------------+ | Environment | dpdk_unit_test | +=====================+================+ | CentOS Stream 9 | WARN | +---------------------+----------------+ | CentOS Stream 10 | WARN | +---------------------+----------------+ | Fedora 41 | WARN | +---------------------+----------------+ | Debian 12 | WARN | +---------------------+----------------+ | Fedora 40 (Clang) | WARN | +---------------------+----------------+ | Fedora 40 | WARN | +---------------------+----------------+ | Fedora 41 (Clang) | WARN | +---------------------+----------------+ | RHEL8 | WARN | +---------------------+----------------+ | RHEL9 | WARN | +---------------------+----------------+ | Ubuntu 20.04 | FAIL | +---------------------+----------------+ | Ubuntu 22.04 | WARN | +---------------------+----------------+ | Ubuntu 24.04 | WARN | +---------------------+----------------+ | Windows Server 2022 | FAIL | +---------------------+----------------+ ==== Unit test summary for Windows Server 2022 (dpdk_unit_test): ==== Failed to get the unit test results. Displaying the unit test results is not supported for some environments, such as our aarch32 testing, where meson is not used to run the tests. Download the logs available on our CI site. ==== End log output ==== CentOS Stream 9 Kernel: Depends on container host Compiler: gcc 11.5.0 20240719 (Red Hat 11.5.0-2) CentOS Stream 10 Kernel: Depends on container host Compiler: gcc 14.2.1 20241104 (Red Hat 14.2.1-6) Fedora 41 Kernel: Depends on container host Compiler: gcc 14.2.1 20240912 (Red Hat 14.2.1-3) Debian 12 Kernel: Depends on container host Compiler: gcc (Debian 12.2.0-14) 12.2.0 Fedora 40 (Clang) Kernel: Depends on container host Compiler: clang 18.1.8 (Fedora 18.1.8-1.fc40) Fedora 40 Kernel: Depends on container host Compiler: gcc 14.2.1 20240912 (Red Hat 14.2.1-3) Fedora 41 (Clang) Kernel: Depends on container host Compiler: clang 19.1.5 (Fedora 19.1.5-1.fc41) RHEL8 Kernel: Depends on container host Compiler: gcc 8.5.0 20210514 (Red Hat 8.5.0-22) RHEL9 Kernel: Depends on container host Compiler: gcc 11.5.0 20240719 (Red Hat 11.5.0-2) Ubuntu 20.04 Kernel: Depends on container host Compiler: gcc (Ubuntu 9.4.0-1ubuntu1~20.04.2) 9.4.0 Ubuntu 22.04 Kernel: Depends on container host Compiler: gcc (Ubuntu 11.4.0-1ubuntu1~22.04) 11.4.0 Ubuntu 24.04 Kernel: Depends on container host Compiler: gcc (Ubuntu 13.3.0-6ubuntu2~24.04) 13.3.0 Windows Server 2022 Kernel: 10.0.20348.2031 Compiler: clang 15.0.7, gcc 14.1.0 (MinGW), and MSVC VS 19.39.33521 To view detailed results, visit: https://lab.dpdk.org/results/dashboard/patchsets/33130/ UNH-IOL DPDK Community Lab To manage your email subscriptions, visit: https://lab.dpdk.org/results/dashboard/preferences/subscriptions/