From mboxrd@z Thu Jan 1 00:00:00 1970 Return-Path: Received: from mails.dpdk.org (mails.dpdk.org [217.70.189.124]) by inbox.dpdk.org (Postfix) with ESMTP id 5E6E3466EA for ; Wed, 7 May 2025 19:02:00 +0200 (CEST) Received: from mails.dpdk.org (localhost [127.0.0.1]) by mails.dpdk.org (Postfix) with ESMTP id 42CB44025D; Wed, 7 May 2025 19:02:00 +0200 (CEST) Received: from mail-yb1-f228.google.com (mail-yb1-f228.google.com [209.85.219.228]) by mails.dpdk.org (Postfix) with ESMTP id 6F9974025A for ; Wed, 7 May 2025 19:01:58 +0200 (CEST) Received: by mail-yb1-f228.google.com with SMTP id 3f1490d57ef6-e78e3200bb2so99777276.3 for ; Wed, 07 May 2025 10:01:58 -0700 (PDT) DKIM-Signature: v=1; a=rsa-sha256; c=relaxed/relaxed; d=iol.unh.edu; s=unh-iol; t=1746637317; x=1747242117; darn=dpdk.org; h=references:in-reply-to:cc:to:from:subject:message-id:date:from:to :cc:subject:date:message-id:reply-to; bh=iFlEqrWJTEizU77aZ+NDKVXNaGVHJ08HMDxaFJ7DHXQ=; b=EPtC/99513fw5iUQaNEPWSXzqm7xuHwz7sKqyZ3SEbZz3zC/RadstQ849jtFJKKaxI Zfv63BScLOeO6q/et64zjxkMRNX/di8NpMVJlfAtLVQdu2KGrPAusPUurPBEt43zzIDS dfPuH+1xhr9Gu9abGIE4Q6RQM+12nvRku3aa0= X-Google-DKIM-Signature: v=1; a=rsa-sha256; c=relaxed/relaxed; d=1e100.net; s=20230601; t=1746637317; x=1747242117; h=references:in-reply-to:cc:to:from:subject:message-id:date :x-gm-message-state:from:to:cc:subject:date:message-id:reply-to; bh=iFlEqrWJTEizU77aZ+NDKVXNaGVHJ08HMDxaFJ7DHXQ=; b=TPViAqNrFWIzWfh0Pa36CBYYWSeYAJ3KpaKnXRI9gVNMCjTyYqN8ohE+5rT0zV0Bpo eULGtDMCBu5ZJnLjQsVMDfYgZFuikYzu4Yux+E2uU1/aEpkz1UmKd6/AbeRneDaFzH1m x7JyU7SrMRs4YVPBYPeQR7SRh3Q/piXds3ua1xXNE1H4YBtuqKsPEcTAohz5cH1eI+Od IPPyOrANM5yS05/PuxIBfMSF3P/c/e9EoFZRs0e6ng2AZA05ou5Zu45O/RZ4e5ObpBzD vrfX3iBQQ4bKvKNxAC1yCAOJU/DJaGjIXEXZGv/gy4JffGYd1ELpsf+u7ybNuWr9BJYi OqHQ== X-Gm-Message-State: AOJu0Yw9iYZKZ5MSJ1r6tuP9Qiehb4M+h7niUKZu9PeizrevpL+dM6ZX 599BU8dC8di/047t6JZBb+A27HkHS5nQVdJCfjODEuxLZ5hOfeZcosylYy1nxSgSr63wQhRd25W UqtmAv3RD5KXvXtYO684xJe7j7f/VlDuIDKM8LAGa X-Gm-Gg: ASbGncslF2ZuWKXqSXOpJAIVWnd2B5bzol5tUqq1mMD+PU263SRLrCY87h/gHJwrXek FSRzWvBmpE3UmbK1oGgN31xlIYJVivBMToVyCDKm9e1VvIYqHC3xQwo53uUU2LD14qk5m72UlIy P6b8QcCZxuSBmp/vUnQwCUqpKCvU+B7B+Vai8t0wMz02PCQAEsZ4uEG4XGwdXfcpUg4nif6o7z9 egvRUZFhOdNfoj1sO5c/GeNAUPUnWrCh1qRgt0+zKKVwCOin6+w2gVtL5AVJ/xZ8qE8TZaYP+QN rte+s7kmIieWieQvhXbnE2VGbFqxm+1q4qyWCtPSargLSrurLIFoScUl/9M= X-Google-Smtp-Source: AGHT+IEb1LO4TNh0SFVOLP/IK0uzNWtQ1wTGObZF0WTAySeHCTsSvQWJp5uGS13J4PFmG+HnSyqxvHIr4hZK X-Received: by 2002:a05:6902:161c:b0:e78:5f6c:5f61 with SMTP id 3f1490d57ef6-e78821eaf68mr5122183276.46.1746637317528; Wed, 07 May 2025 10:01:57 -0700 (PDT) Received: from postal.iol.unh.edu (postal.iol.unh.edu. [132.177.123.84]) by smtp-relay.gmail.com with ESMTPS id 3f1490d57ef6-e764e5721a3sm77634276.22.2025.05.07.10.01.57 (version=TLS1_2 cipher=ECDHE-ECDSA-AES128-GCM-SHA256 bits=128/128); Wed, 07 May 2025 10:01:57 -0700 (PDT) X-Relaying-Domain: iol.unh.edu Date: Wed, 07 May 2025 10:01:57 -0700 (PDT) Message-ID: <681b9205.050a0220.15e45.3f9cSMTPIN_ADDED_MISSING@mx.google.com> Received: from [172.21.0.6] (unknown [172.18.0.240]) by postal.iol.unh.edu (Postfix) with ESMTP id 236BA6052471; Wed, 7 May 2025 13:01:57 -0400 (EDT) Subject: |FAILURE| pw153337 [PATCH] [v2,1/1] buildtools: avoid break due to f From: dpdklab@iol.unh.edu To: Test Report Cc: dpdk-test-reports@iol.unh.edu, Andre Muezerie In-Reply-To: <1746569662-11532-2-git-send-email-andremue@linux.microsoft.com> References: <1746569662-11532-2-git-send-email-andremue@linux.microsoft.com> Content-Type: text/plain X-BeenThere: test-report@dpdk.org X-Mailman-Version: 2.1.29 Precedence: list List-Id: automatic DPDK test reports List-Unsubscribe: , List-Archive: List-Post: List-Help: List-Subscribe: , Errors-To: test-report-bounces@dpdk.org Test-Label: iol-unit-amd64-testing Test-Status: FAILURE http://dpdk.org/patch/153337 _Testing issues_ Submitter: Andre Muezerie Date: Tuesday, May 06 2025 22:14:22 DPDK git baseline: Repo:dpdk Branch: master CommitID:75f179ebe347b6098cf3af26d3d3b7168fe3fe24 153337 --> testing issues Upstream job id: Generic-VM-Unit-Test-DPDK#28375 Test environment and result as below: +---------------------+----------------+ | Environment | dpdk_unit_test | +=====================+================+ | CentOS Stream 10 | WARN | +---------------------+----------------+ | Debian 12 | WARN | +---------------------+----------------+ | CentOS Stream 9 | WARN | +---------------------+----------------+ | Fedora 40 | WARN | +---------------------+----------------+ | Fedora 41 | WARN | +---------------------+----------------+ | Fedora 40 (Clang) | WARN | +---------------------+----------------+ | RHEL9 | WARN | +---------------------+----------------+ | RHEL8 | WARN | +---------------------+----------------+ | Fedora 41 (Clang) | WARN | +---------------------+----------------+ | Ubuntu 22.04 | WARN | +---------------------+----------------+ | Ubuntu 24.04 | WARN | +---------------------+----------------+ | Ubuntu 20.04 | WARN | +---------------------+----------------+ | Windows Server 2022 | FAIL | +---------------------+----------------+ ==== Unit test summary for Windows Server 2022 (dpdk_unit_test): ==== Failed to get the unit test results. Displaying the unit test results is not supported for some environments, such as our aarch32 testing, where meson is not used to run the tests. Download the logs available on our CI site. ==== End log output ==== CentOS Stream 10 Kernel: Depends on container host Compiler: gcc 14.2.1 20241104 (Red Hat 14.2.1-6) Debian 12 Kernel: Depends on container host Compiler: gcc (Debian 12.2.0-14) 12.2.0 CentOS Stream 9 Kernel: Depends on container host Compiler: gcc 11.5.0 20240719 (Red Hat 11.5.0-2) Fedora 40 Kernel: Depends on container host Compiler: gcc 14.2.1 20240912 (Red Hat 14.2.1-3) Fedora 41 Kernel: Depends on container host Compiler: gcc 14.2.1 20240912 (Red Hat 14.2.1-3) Fedora 40 (Clang) Kernel: Depends on container host Compiler: clang 18.1.8 (Fedora 18.1.8-1.fc40) RHEL9 Kernel: Depends on container host Compiler: gcc 11.5.0 20240719 (Red Hat 11.5.0-2) RHEL8 Kernel: Depends on container host Compiler: gcc 8.5.0 20210514 (Red Hat 8.5.0-22) Fedora 41 (Clang) Kernel: Depends on container host Compiler: clang 19.1.5 (Fedora 19.1.5-1.fc41) Ubuntu 22.04 Kernel: Depends on container host Compiler: gcc (Ubuntu 11.4.0-1ubuntu1~22.04) 11.4.0 Ubuntu 24.04 Kernel: Depends on container host Compiler: gcc (Ubuntu 13.3.0-6ubuntu2~24.04) 13.3.0 Ubuntu 20.04 Kernel: Depends on container host Compiler: gcc (Ubuntu 9.4.0-1ubuntu1~20.04.2) 9.4.0 Windows Server 2022 Kernel: 10.0.20348.2031 Compiler: clang 15.0.7, gcc 14.1.0 (MinGW), and MSVC VS 19.39.33521 To view detailed results, visit: https://lab.dpdk.org/results/dashboard/patchsets/33130/ UNH-IOL DPDK Community Lab To manage your email subscriptions, visit: https://lab.dpdk.org/results/dashboard/preferences/subscriptions/