From mboxrd@z Thu Jan 1 00:00:00 1970 Return-Path: Received: from mails.dpdk.org (mails.dpdk.org [217.70.189.124]) by inbox.dpdk.org (Postfix) with ESMTP id BC341466EA for ; Wed, 7 May 2025 19:06:33 +0200 (CEST) Received: from mails.dpdk.org (localhost [127.0.0.1]) by mails.dpdk.org (Postfix) with ESMTP id B7B6F4025D; Wed, 7 May 2025 19:06:33 +0200 (CEST) Received: from mail-oi1-f227.google.com (mail-oi1-f227.google.com [209.85.167.227]) by mails.dpdk.org (Postfix) with ESMTP id 5AF5240261 for ; Wed, 7 May 2025 19:06:32 +0200 (CEST) Received: by mail-oi1-f227.google.com with SMTP id 5614622812f47-3f6aa4b3a7fso87693b6e.3 for ; Wed, 07 May 2025 10:06:32 -0700 (PDT) DKIM-Signature: v=1; a=rsa-sha256; c=relaxed/relaxed; d=iol.unh.edu; s=unh-iol; t=1746637591; x=1747242391; darn=dpdk.org; h=references:in-reply-to:cc:to:from:subject:message-id:date:from:to :cc:subject:date:message-id:reply-to; bh=7gZx/Wgdh/eD1bdcmhcsduqe/zwhjj2igheR8FgMxlg=; b=VxTXJoGNuO/dSu3R9X6HyrGyZ+PzgddXwb8yOeJgBAVBtXOAGA4+zEIF5+r1LYmO2q X6bMznxHF9vSPjgDlfyUxQnUxUZ2cZKIdi8iveePFsMqxCxXYFE2P/AfYQsfL7812vY0 ZSHGWHWEETj8kOJMW+zMuXCGGf9TF7o36E+Vg= X-Google-DKIM-Signature: v=1; a=rsa-sha256; c=relaxed/relaxed; d=1e100.net; s=20230601; t=1746637591; x=1747242391; h=references:in-reply-to:cc:to:from:subject:message-id:date :x-gm-message-state:from:to:cc:subject:date:message-id:reply-to; bh=7gZx/Wgdh/eD1bdcmhcsduqe/zwhjj2igheR8FgMxlg=; b=lwhp1KaGxFMHhBhHBC7RfrQrT++D35YnUG6VZTcsfIy4ULnhiTJkpIYlXN33DZCY9W vDMSiFN/t6LllejP7IaCg1dF7tZKErhcmp16FPCSZfCWNnLZBevoDVcZGELEqRGjIeI8 I5rsmWczn+rAsLi901XsixisLQe3RdERwVXQqzf0wCy16lFCNbX0uoQO8lJZ4K8qaJw0 Gp1jQyzNg27u6J/tX26A99B0nFDKSAkT8ZT2LtNebVETL+F1ITg6kmAB8O+jxv7tetXC TGU9+boaOPFqcW0PX2fTxEBtpCyiyKhKNfeDmpgyKFshlc9ur7EgxVJ3lJjt/390yZaO btcg== X-Gm-Message-State: AOJu0YyKqfAN7hTEIuE/WSo5zg+fGwPsVTSAqcI5C9PhvuygAKprnlPB FTKGcNsmon/kjkavpazuM3ECVBQ0vrLVERSVXXwRcHVNGRWvHXK+/pakbbYY1a70vcAnzuGIsZx 9AbVbhKA+ESNDbM6X6zRPSc42Nd25Rd7D+VywWaicv9SN2IvCuuwKehoX X-Gm-Gg: ASbGncst6XFHwZOVAo5yHpAK344pkZxaswsH4S4D1e33EVYBlM0lOSN8BMkLpLhxuA4 pDKsHXpHfDbvvU+X9c118iYx19y0gkulsszexM4YHMKONwxE2CyehBeT/Xy2pW+X5MZ6EVPjihM wgWjp936I/Z/UtRA0BVtKxLN2MqyUwNYOaRam2cMKeWLBXxNssguuCANPq6Au1I5XEIEad0T/uW NsSS1eQNHF6QdgLftJIEAz9F6mMFKxlniaooyh+q1ZKKYVnuRIn66CfZBL8YVvK232Mr5sWrdov 85ydvaX4AiUbgQtmrVwEYjNXexrY+JopGfO5 X-Google-Smtp-Source: AGHT+IEDojaATUCp+LzkbeLRvvM2jJ63KdtfSHt6AK9wA2OcGTHpBRzR9Sl6GL4DypBXAoq8uAMXN47l0bTF X-Received: by 2002:a05:6808:2e4c:b0:3f6:a476:f7e0 with SMTP id 5614622812f47-4036f078c81mr2570958b6e.9.1746637591510; Wed, 07 May 2025 10:06:31 -0700 (PDT) Received: from postal.iol.unh.edu (postal.iol.unh.edu. [2606:4100:3880:1234::84]) by smtp-relay.gmail.com with ESMTPS id 8926c6da1cb9f-4f88a914022sm2212509173.20.2025.05.07.10.06.31 (version=TLS1_2 cipher=ECDHE-ECDSA-AES128-GCM-SHA256 bits=128/128); Wed, 07 May 2025 10:06:31 -0700 (PDT) X-Relaying-Domain: iol.unh.edu Date: Wed, 07 May 2025 10:06:31 -0700 (PDT) Message-ID: <681b9317.050a0220.241043.fcd7SMTPIN_ADDED_MISSING@mx.google.com> Received: from [172.21.0.5] (unknown [172.18.0.240]) by postal.iol.unh.edu (Postfix) with ESMTP id EC6C56052471; Wed, 7 May 2025 13:06:30 -0400 (EDT) Subject: |FAILURE| pw153337 [PATCH] [v2,1/1] buildtools: avoid break due to f From: dpdklab@iol.unh.edu To: Test Report Cc: dpdk-test-reports@iol.unh.edu, Andre Muezerie In-Reply-To: <1746569662-11532-2-git-send-email-andremue@linux.microsoft.com> References: <1746569662-11532-2-git-send-email-andremue@linux.microsoft.com> Content-Type: text/plain X-BeenThere: test-report@dpdk.org X-Mailman-Version: 2.1.29 Precedence: list List-Id: automatic DPDK test reports List-Unsubscribe: , List-Archive: List-Post: List-Help: List-Subscribe: , Errors-To: test-report-bounces@dpdk.org Test-Label: iol-unit-amd64-testing Test-Status: FAILURE http://dpdk.org/patch/153337 _Testing issues_ Submitter: Andre Muezerie Date: Tuesday, May 06 2025 22:14:22 DPDK git baseline: Repo:dpdk Branch: master CommitID:75f179ebe347b6098cf3af26d3d3b7168fe3fe24 153337 --> testing issues Upstream job id: Generic-VM-Unit-Test-DPDK#28376 Test environment and result as below: +---------------------+----------------+ | Environment | dpdk_unit_test | +=====================+================+ | CentOS Stream 10 | WARN | +---------------------+----------------+ | Debian 12 | WARN | +---------------------+----------------+ | CentOS Stream 9 | WARN | +---------------------+----------------+ | Fedora 40 | WARN | +---------------------+----------------+ | Fedora 41 | WARN | +---------------------+----------------+ | Fedora 40 (Clang) | WARN | +---------------------+----------------+ | RHEL9 | WARN | +---------------------+----------------+ | RHEL8 | WARN | +---------------------+----------------+ | Fedora 41 (Clang) | WARN | +---------------------+----------------+ | Ubuntu 22.04 | WARN | +---------------------+----------------+ | Ubuntu 24.04 | WARN | +---------------------+----------------+ | Ubuntu 20.04 | FAIL | +---------------------+----------------+ | Windows Server 2022 | FAIL | +---------------------+----------------+ ==== Unit test summary for Windows Server 2022 (dpdk_unit_test): ==== Failed to get the unit test results. Displaying the unit test results is not supported for some environments, such as our aarch32 testing, where meson is not used to run the tests. Download the logs available on our CI site. ==== End log output ==== CentOS Stream 10 Kernel: Depends on container host Compiler: gcc 14.2.1 20241104 (Red Hat 14.2.1-6) Debian 12 Kernel: Depends on container host Compiler: gcc (Debian 12.2.0-14) 12.2.0 CentOS Stream 9 Kernel: Depends on container host Compiler: gcc 11.5.0 20240719 (Red Hat 11.5.0-2) Fedora 40 Kernel: Depends on container host Compiler: gcc 14.2.1 20240912 (Red Hat 14.2.1-3) Fedora 41 Kernel: Depends on container host Compiler: gcc 14.2.1 20240912 (Red Hat 14.2.1-3) Fedora 40 (Clang) Kernel: Depends on container host Compiler: clang 18.1.8 (Fedora 18.1.8-1.fc40) RHEL9 Kernel: Depends on container host Compiler: gcc 11.5.0 20240719 (Red Hat 11.5.0-2) RHEL8 Kernel: Depends on container host Compiler: gcc 8.5.0 20210514 (Red Hat 8.5.0-22) Fedora 41 (Clang) Kernel: Depends on container host Compiler: clang 19.1.5 (Fedora 19.1.5-1.fc41) Ubuntu 22.04 Kernel: Depends on container host Compiler: gcc (Ubuntu 11.4.0-1ubuntu1~22.04) 11.4.0 Ubuntu 24.04 Kernel: Depends on container host Compiler: gcc (Ubuntu 13.3.0-6ubuntu2~24.04) 13.3.0 Ubuntu 20.04 Kernel: Depends on container host Compiler: gcc (Ubuntu 9.4.0-1ubuntu1~20.04.2) 9.4.0 Windows Server 2022 Kernel: 10.0.20348.2031 Compiler: clang 15.0.7, gcc 14.1.0 (MinGW), and MSVC VS 19.39.33521 To view detailed results, visit: https://lab.dpdk.org/results/dashboard/patchsets/33130/ UNH-IOL DPDK Community Lab To manage your email subscriptions, visit: https://lab.dpdk.org/results/dashboard/preferences/subscriptions/