From mboxrd@z Thu Jan 1 00:00:00 1970 Return-Path: Received: from mails.dpdk.org (mails.dpdk.org [217.70.189.124]) by inbox.dpdk.org (Postfix) with ESMTP id C1023466EA for ; Wed, 7 May 2025 19:48:38 +0200 (CEST) Received: from mails.dpdk.org (localhost [127.0.0.1]) by mails.dpdk.org (Postfix) with ESMTP id A5BA34025D; Wed, 7 May 2025 19:48:38 +0200 (CEST) Received: from mail-oa1-f97.google.com (mail-oa1-f97.google.com [209.85.160.97]) by mails.dpdk.org (Postfix) with ESMTP id 729AA4025A for ; Wed, 7 May 2025 19:48:37 +0200 (CEST) Received: by mail-oa1-f97.google.com with SMTP id 586e51a60fabf-2c7e5f7f0e3so78905fac.3 for ; Wed, 07 May 2025 10:48:37 -0700 (PDT) DKIM-Signature: v=1; a=rsa-sha256; c=relaxed/relaxed; d=iol.unh.edu; s=unh-iol; t=1746640116; x=1747244916; darn=dpdk.org; h=references:in-reply-to:cc:to:from:subject:message-id:date:from:to :cc:subject:date:message-id:reply-to; bh=g0dH9aS0B9H75pBfMefCJfsf7HUumodLKaJ3Hmc3Ha8=; b=Mlrvt32UMdhqzWFUdFkiLBBADSkxJo7WwMw2dVLVhAG3CodGtDUxwHU9nGAzSHFpdG C3WnDh9onAaPqmNVZ5DZvi+OV1hZIOw+qzVeQYMDsG7QSzcSrGDh7hNZk123lpsz4GFm 26/1vG0UKWb8Xv1rHnrWgF92laN9XKAAJanqs= X-Google-DKIM-Signature: v=1; a=rsa-sha256; c=relaxed/relaxed; d=1e100.net; s=20230601; t=1746640116; x=1747244916; h=references:in-reply-to:cc:to:from:subject:message-id:date :x-gm-message-state:from:to:cc:subject:date:message-id:reply-to; bh=g0dH9aS0B9H75pBfMefCJfsf7HUumodLKaJ3Hmc3Ha8=; b=ldSlC7hoS4167gq2ASn05Ja9Iswp0o5JaiMl19tA1Ww2pvD/lC7v/XfRGe3dpF7Mk1 CZ6ynJqemU7vLWaZzmt6fDGjr+V+ejyE3gLqmw+S4Hj26e/IIVQlfNx+sx1rMaLVOMaX LAidxReMpN8pNV1x9KT3S/3+q6edcngJw+P4wAP6m2DhmwzpTRiPAYUtJcKfgyo8RAZ7 oTnenAmuQRAheiUZkzdrJLkPSj+LkuZNtL7AjMXNXlx88uaO9Kp6H11EyxoON0YJhyAY fQF5SUR3pE7Iskfrl53UwRNBtC3bI9CYtR2ehHYp6RuF84rt9r/S+sQ0y9vgCFvzeJVc rLIw== X-Gm-Message-State: AOJu0YyMgv+cztK4k8fcQjcmboijqdSAkAlYbwCz/bky59wzi/tp+93R HqKwlYZbf+xMv8s/jnFo9C6K+UR7xUNo3I8nEZRdQfL11U1/+CSSIZ45A5QNiw+2YWWmZyftddX wb3w1B3e7r6wWGInWW/60uEjz97Gtaco4yP5tA3RjBoaeU20Qs9pahpcM X-Gm-Gg: ASbGncsIv2VenMU0bahHsfO3KyzmLvt45HbwNPBYh8/2529mTFID3sxe0NM4DhAFIev 4f2ZwReFwGGIq6JFqu7eDpUejDsLzuzrlFN0HEYixHtKf659Pjbyvk7ult4d5zL/wCbSzuWNEGa D7oOldZ7C/sIkXRv0GIZnMfIr18e/Njf1qOo1IqjZxfOLYb+Q9+IU23erS2ZQSUe4I+vFL78P9L YqRXj3UMVBYKk5Qc9X8jjSE40tB35dI6jJ6uP89lbjwimz5V0/uLHgKC+MDRFWzCx2RqEHljr6X cRwsjX8mnZxZ/6NVoJ+NqC31hj1/by4JGXuk X-Google-Smtp-Source: AGHT+IHjeCV1DFcIJra8FchuDO+SCRtkOeRydX9RNLAasKPBYQpiGdWlTgO8bdgNJf9A98twgjwf6aKQ9bRE X-Received: by 2002:a05:6870:c69c:b0:2d6:2a40:fbe7 with SMTP id 586e51a60fabf-2db5bd62c30mr2809796fac.6.1746640116652; Wed, 07 May 2025 10:48:36 -0700 (PDT) Received: from postal.iol.unh.edu (postal.iol.unh.edu. [2606:4100:3880:1234::84]) by smtp-relay.gmail.com with ESMTPS id 586e51a60fabf-2db5cd9310csm121404fac.20.2025.05.07.10.48.36 (version=TLS1_2 cipher=ECDHE-ECDSA-AES128-GCM-SHA256 bits=128/128); Wed, 07 May 2025 10:48:36 -0700 (PDT) X-Relaying-Domain: iol.unh.edu Date: Wed, 07 May 2025 10:48:36 -0700 (PDT) Message-ID: <681b9cf4.050a0220.a7200.6afeSMTPIN_ADDED_MISSING@mx.google.com> Received: from [172.21.0.5] (unknown [172.18.0.240]) by postal.iol.unh.edu (Postfix) with ESMTP id 201DD6052471; Wed, 7 May 2025 13:48:36 -0400 (EDT) Subject: |FAILURE| pw153310-153322 [PATCH] [v1,13/13] net/intel: add common T From: dpdklab@iol.unh.edu To: Test Report Cc: dpdk-test-reports@iol.unh.edu, Anatoly Burakov In-Reply-To: <3925dc733f7a3c4dfcc1a36a5df5d2b14a3c5372.1746538072.git.anatoly.burakov@intel.com> References: <3925dc733f7a3c4dfcc1a36a5df5d2b14a3c5372.1746538072.git.anatoly.burakov@intel.com> Content-Type: text/plain X-BeenThere: test-report@dpdk.org X-Mailman-Version: 2.1.29 Precedence: list List-Id: automatic DPDK test reports List-Unsubscribe: , List-Archive: List-Post: List-Help: List-Subscribe: , Errors-To: test-report-bounces@dpdk.org Test-Label: iol-unit-amd64-testing Test-Status: FAILURE http://dpdk.org/patch/153322 _Testing issues_ Submitter: Anatoly Burakov Date: Tuesday, May 06 2025 13:28:02 DPDK git baseline: Repo:dpdk Branch: master CommitID:7cf0355db9fdab5648b05fd787356c391c510534 153310-153322 --> testing issues Upstream job id: Generic-VM-Unit-Test-DPDK#28379 Test environment and result as below: +---------------------+----------------+ | Environment | dpdk_unit_test | +=====================+================+ | CentOS Stream 10 | PASS | +---------------------+----------------+ | CentOS Stream 9 | PASS | +---------------------+----------------+ | Fedora 40 (Clang) | PASS | +---------------------+----------------+ | Debian 12 | PASS | +---------------------+----------------+ | Fedora 40 | PASS | +---------------------+----------------+ | RHEL8 | PASS | +---------------------+----------------+ | Fedora 41 (Clang) | PASS | +---------------------+----------------+ | Fedora 41 | PASS | +---------------------+----------------+ | Ubuntu 22.04 | PASS | +---------------------+----------------+ | RHEL9 | PASS | +---------------------+----------------+ | Ubuntu 20.04 | PASS | +---------------------+----------------+ | Ubuntu 24.04 | PASS | +---------------------+----------------+ | Windows Server 2022 | FAIL | +---------------------+----------------+ ==== Unit test summary for Windows Server 2022 (dpdk_unit_test): ==== Failed to get the unit test results. Displaying the unit test results is not supported for some environments, such as our aarch32 testing, where meson is not used to run the tests. Download the logs available on our CI site. ==== End log output ==== CentOS Stream 10 Kernel: Depends on container host Compiler: gcc 14.2.1 20241104 (Red Hat 14.2.1-6) CentOS Stream 9 Kernel: Depends on container host Compiler: gcc 11.5.0 20240719 (Red Hat 11.5.0-2) Fedora 40 (Clang) Kernel: Depends on container host Compiler: clang 18.1.8 (Fedora 18.1.8-1.fc40) Debian 12 Kernel: Depends on container host Compiler: gcc (Debian 12.2.0-14) 12.2.0 Fedora 40 Kernel: Depends on container host Compiler: gcc 14.2.1 20240912 (Red Hat 14.2.1-3) RHEL8 Kernel: Depends on container host Compiler: gcc 8.5.0 20210514 (Red Hat 8.5.0-22) Fedora 41 (Clang) Kernel: Depends on container host Compiler: clang 19.1.5 (Fedora 19.1.5-1.fc41) Fedora 41 Kernel: Depends on container host Compiler: gcc 14.2.1 20240912 (Red Hat 14.2.1-3) Ubuntu 22.04 Kernel: Depends on container host Compiler: gcc (Ubuntu 11.4.0-1ubuntu1~22.04) 11.4.0 RHEL9 Kernel: Depends on container host Compiler: gcc 11.5.0 20240719 (Red Hat 11.5.0-2) Ubuntu 20.04 Kernel: Depends on container host Compiler: gcc (Ubuntu 9.4.0-1ubuntu1~20.04.2) 9.4.0 Ubuntu 24.04 Kernel: Depends on container host Compiler: gcc (Ubuntu 13.3.0-6ubuntu2~24.04) 13.3.0 Windows Server 2022 Kernel: 10.0.20348.2031 Compiler: clang 15.0.7, gcc 14.1.0 (MinGW), and MSVC VS 19.39.33521 To view detailed results, visit: https://lab.dpdk.org/results/dashboard/patchsets/33122/ UNH-IOL DPDK Community Lab To manage your email subscriptions, visit: https://lab.dpdk.org/results/dashboard/preferences/subscriptions/