From mboxrd@z Thu Jan 1 00:00:00 1970 Return-Path: Received: from mails.dpdk.org (mails.dpdk.org [217.70.189.124]) by inbox.dpdk.org (Postfix) with ESMTP id A2AD9466EA for ; Wed, 7 May 2025 19:58:31 +0200 (CEST) Received: from mails.dpdk.org (localhost [127.0.0.1]) by mails.dpdk.org (Postfix) with ESMTP id 78C964025D; Wed, 7 May 2025 19:58:31 +0200 (CEST) Received: from mail-pl1-f228.google.com (mail-pl1-f228.google.com [209.85.214.228]) by mails.dpdk.org (Postfix) with ESMTP id 7AF6C4025A for ; Wed, 7 May 2025 19:58:30 +0200 (CEST) Received: by mail-pl1-f228.google.com with SMTP id d9443c01a7336-22d95f0dda4so2155205ad.2 for ; Wed, 07 May 2025 10:58:30 -0700 (PDT) DKIM-Signature: v=1; a=rsa-sha256; c=relaxed/relaxed; d=iol.unh.edu; s=unh-iol; t=1746640709; x=1747245509; darn=dpdk.org; h=references:in-reply-to:cc:to:from:subject:message-id:date:from:to :cc:subject:date:message-id:reply-to; bh=wy1v8Quh8ulPbd7Pk4fNuH6UWIKYdoXQyiNur0GvIQI=; b=LcgRlTjTMRQH8NznfisDUxqNwpNdNAAUHZO5dC29X2eWltMr/IXgR388xKSEEfSLWh ob/E1LspGhCdk5z9CO0frNw2bQ8zUScIfwOXRnj9JT/8Y0XGf6Ak5Ocvoxx1AbWT8T1S L+qVKheDBPDij9pXWHYL3LsWWrELxQxn0RsZk= X-Google-DKIM-Signature: v=1; a=rsa-sha256; c=relaxed/relaxed; d=1e100.net; s=20230601; t=1746640709; x=1747245509; h=references:in-reply-to:cc:to:from:subject:message-id:date :x-gm-message-state:from:to:cc:subject:date:message-id:reply-to; bh=wy1v8Quh8ulPbd7Pk4fNuH6UWIKYdoXQyiNur0GvIQI=; b=CLpsYbCFRIy7BjW1+meo3+ElEKotrciSVsZVEMHENqfi2co1L7JWGaZQPvrPgNBRy4 WJauYhuhF0pkx9S0sMjqAtmUQMqdaZaRo0FRg85j7LM1GyOCpl/dQYZAyCvW3ngqEaTA 50Yggnefq5FDpPts7usgw1G4XHPkyzNol3bjYKrzUu1Ay2pd3H6kA8eaOhjtq1O9ojOU 5eTQcR+BdgYhiZiSL+Va5O71xdjxVIQzh3KmdCpeSN60J9Ev5ztfEmGOZv13HXTdBD04 MrzWV11klf3/vRk4wsH4vQ1Xd0kT4tifBhiw+2XaMKLG3KL2S4rSpWRifxQ/ci25BsoF 6R7A== X-Gm-Message-State: AOJu0YyJXVuoht8ZGNOV/PjC/eI8ACbxDH6fA/qJbJ+f+Zz9Ru5pOIPt jb+paZWbloeKyoOFmVuYvIDOGthL6j8R4WYlW9TJXTzUnfh0+9NPshNqTBjO4fW5vIAUHz9ihED 0BFxBCOZUv7uAmlXxiwa0bxo5DKVbwpW5sUJx7R3Q X-Gm-Gg: ASbGncsF4Pz6NeLtIw+C88k0fvT4pMEmFu0EEId/lxdkcVd8JFmjVjqDtYzRb3QPaSt mw+aYWYGlR5nR9Nq8XtMYcIqPL5XQZh5N/X+5E2V37nvlhNUuDdkD4LGOidgXpsPb15NRPurT6q p9oF5QXrudJuLLnzeEXbr/SeG560FOVdWiaJafYQhmm92+FhwPByoOCPE6NDlbuUIMdb8YDJ6b/ ZPCnLtJ+YHdYv88O/Ir8XAjni4n9Z6xiWFGcKrt1OkS7FsuC/e3NGEEojojo5SzAUOMNoCdgASG K7cpldlvgDlIPuDG+5cI3damAUaJBrH8uYQBTJlSWjBa9gNcilYkWU/ueVw= X-Google-Smtp-Source: AGHT+IEB/UQIknB+bXqEsp3a8IkrlGyB6OLLQme1Pex685OrZXQwhoIdzkKu5h3n2z1cKIr2wzQa8nVqk00T X-Received: by 2002:a17:903:2351:b0:223:5ca8:5ecb with SMTP id d9443c01a7336-22e5ece459bmr61504215ad.42.1746640709066; Wed, 07 May 2025 10:58:29 -0700 (PDT) Received: from postal.iol.unh.edu (postal.iol.unh.edu. [132.177.123.84]) by smtp-relay.gmail.com with ESMTPS id d9443c01a7336-22e3f1de307sm1765945ad.109.2025.05.07.10.58.28 (version=TLS1_2 cipher=ECDHE-ECDSA-AES128-GCM-SHA256 bits=128/128); Wed, 07 May 2025 10:58:29 -0700 (PDT) X-Relaying-Domain: iol.unh.edu Date: Wed, 07 May 2025 10:58:29 -0700 (PDT) Message-ID: <681b9f45.170a0220.1f0111.9817SMTPIN_ADDED_MISSING@mx.google.com> Received: from [172.21.0.5] (unknown [172.18.0.240]) by postal.iol.unh.edu (Postfix) with ESMTP id 7F34D6052471; Wed, 7 May 2025 13:58:28 -0400 (EDT) Subject: |FAILURE| pw153310-153322 [PATCH] [v1,13/13] net/intel: add common T From: dpdklab@iol.unh.edu To: Test Report Cc: dpdk-test-reports@iol.unh.edu, Anatoly Burakov In-Reply-To: <3925dc733f7a3c4dfcc1a36a5df5d2b14a3c5372.1746538072.git.anatoly.burakov@intel.com> References: <3925dc733f7a3c4dfcc1a36a5df5d2b14a3c5372.1746538072.git.anatoly.burakov@intel.com> Content-Type: text/plain X-BeenThere: test-report@dpdk.org X-Mailman-Version: 2.1.29 Precedence: list List-Id: automatic DPDK test reports List-Unsubscribe: , List-Archive: List-Post: List-Help: List-Subscribe: , Errors-To: test-report-bounces@dpdk.org Test-Label: iol-unit-amd64-testing Test-Status: FAILURE http://dpdk.org/patch/153322 _Testing issues_ Submitter: Anatoly Burakov Date: Tuesday, May 06 2025 13:28:02 DPDK git baseline: Repo:dpdk Branch: master CommitID:7cf0355db9fdab5648b05fd787356c391c510534 153310-153322 --> testing issues Upstream job id: Generic-VM-Unit-Test-DPDK#28380 Test environment and result as below: +---------------------+----------------+ | Environment | dpdk_unit_test | +=====================+================+ | CentOS Stream 10 | PASS | +---------------------+----------------+ | CentOS Stream 9 | PASS | +---------------------+----------------+ | Fedora 40 (Clang) | PASS | +---------------------+----------------+ | Debian 12 | PASS | +---------------------+----------------+ | Fedora 40 | PASS | +---------------------+----------------+ | RHEL8 | PASS | +---------------------+----------------+ | Fedora 41 (Clang) | PASS | +---------------------+----------------+ | Fedora 41 | PASS | +---------------------+----------------+ | Ubuntu 22.04 | PASS | +---------------------+----------------+ | RHEL9 | PASS | +---------------------+----------------+ | Ubuntu 20.04 | PASS | +---------------------+----------------+ | Ubuntu 24.04 | PASS | +---------------------+----------------+ | Windows Server 2022 | FAIL | +---------------------+----------------+ ==== Unit test summary for Windows Server 2022 (dpdk_unit_test): ==== Failed to get the unit test results. Displaying the unit test results is not supported for some environments, such as our aarch32 testing, where meson is not used to run the tests. Download the logs available on our CI site. ==== End log output ==== CentOS Stream 10 Kernel: Depends on container host Compiler: gcc 14.2.1 20241104 (Red Hat 14.2.1-6) CentOS Stream 9 Kernel: Depends on container host Compiler: gcc 11.5.0 20240719 (Red Hat 11.5.0-2) Fedora 40 (Clang) Kernel: Depends on container host Compiler: clang 18.1.8 (Fedora 18.1.8-1.fc40) Debian 12 Kernel: Depends on container host Compiler: gcc (Debian 12.2.0-14) 12.2.0 Fedora 40 Kernel: Depends on container host Compiler: gcc 14.2.1 20240912 (Red Hat 14.2.1-3) RHEL8 Kernel: Depends on container host Compiler: gcc 8.5.0 20210514 (Red Hat 8.5.0-22) Fedora 41 (Clang) Kernel: Depends on container host Compiler: clang 19.1.5 (Fedora 19.1.5-1.fc41) Fedora 41 Kernel: Depends on container host Compiler: gcc 14.2.1 20240912 (Red Hat 14.2.1-3) Ubuntu 22.04 Kernel: Depends on container host Compiler: gcc (Ubuntu 11.4.0-1ubuntu1~22.04) 11.4.0 RHEL9 Kernel: Depends on container host Compiler: gcc 11.5.0 20240719 (Red Hat 11.5.0-2) Ubuntu 20.04 Kernel: Depends on container host Compiler: gcc (Ubuntu 9.4.0-1ubuntu1~20.04.2) 9.4.0 Ubuntu 24.04 Kernel: Depends on container host Compiler: gcc (Ubuntu 13.3.0-6ubuntu2~24.04) 13.3.0 Windows Server 2022 Kernel: 10.0.20348.2031 Compiler: clang 15.0.7, gcc 14.1.0 (MinGW), and MSVC VS 19.39.33521 To view detailed results, visit: https://lab.dpdk.org/results/dashboard/patchsets/33122/ UNH-IOL DPDK Community Lab To manage your email subscriptions, visit: https://lab.dpdk.org/results/dashboard/preferences/subscriptions/