From: dpdklab@iol.unh.edu
To: Test Report <test-report@dpdk.org>
Cc: dpdk-test-reports@iol.unh.edu,
Anatoly Burakov <anatoly.burakov@intel.com>
Subject: |FAILURE| pw153310-153322 [PATCH] [v1,13/13] net/intel: add common T
Date: Wed, 07 May 2025 10:58:35 -0700 (PDT) [thread overview]
Message-ID: <681b9f4b.050a0220.2d74c0.fc21SMTPIN_ADDED_MISSING@mx.google.com> (raw)
In-Reply-To: <3925dc733f7a3c4dfcc1a36a5df5d2b14a3c5372.1746538072.git.anatoly.burakov@intel.com>
Test-Label: iol-compile-amd64-testing
Test-Status: FAILURE
http://dpdk.org/patch/153322
_Testing issues_
Submitter: Anatoly Burakov <anatoly.burakov@intel.com>
Date: Tuesday, May 06 2025 13:28:02
DPDK git baseline: Repo:dpdk
Branch: master
CommitID:7cf0355db9fdab5648b05fd787356c391c510534
153310-153322 --> testing issues
Upstream job id: Windows-Compile-DPDK-Native#28260
Test environment and result as below:
+-----------------------------------+--------------------+-------------------+------------------+-------------------+-------------------------+
| Environment | dpdk_meson_compile | dpdk_compile_spdk | dpdk_compile_ovs | dpdk_msvc_compile | dpdk_llvm_clang_compile |
+===================================+====================+===================+==================+===================+=========================+
| Ubuntu 20.04 | PASS | SKIPPED | SKIPPED | SKIPPED | SKIPPED |
+-----------------------------------+--------------------+-------------------+------------------+-------------------+-------------------------+
| CentOS Stream 9 | PASS | PASS | SKIPPED | SKIPPED | SKIPPED |
+-----------------------------------+--------------------+-------------------+------------------+-------------------+-------------------------+
| Fedora 41 (Clang) | PASS | PASS | PASS | SKIPPED | SKIPPED |
+-----------------------------------+--------------------+-------------------+------------------+-------------------+-------------------------+
| openSUSE Leap 15 | PASS | SKIPPED | SKIPPED | SKIPPED | SKIPPED |
+-----------------------------------+--------------------+-------------------+------------------+-------------------+-------------------------+
| Fedora 40 | PASS | PASS | SKIPPED | SKIPPED | SKIPPED |
+-----------------------------------+--------------------+-------------------+------------------+-------------------+-------------------------+
| Debian 12 | PASS | PASS | SKIPPED | SKIPPED | SKIPPED |
+-----------------------------------+--------------------+-------------------+------------------+-------------------+-------------------------+
| Fedora 40 (Clang) | PASS | PASS | SKIPPED | SKIPPED | SKIPPED |
+-----------------------------------+--------------------+-------------------+------------------+-------------------+-------------------------+
| CentOS Stream 10 | PASS | SKIPPED | SKIPPED | SKIPPED | SKIPPED |
+-----------------------------------+--------------------+-------------------+------------------+-------------------+-------------------------+
| RHEL9 | PASS | SKIPPED | SKIPPED | SKIPPED | SKIPPED |
+-----------------------------------+--------------------+-------------------+------------------+-------------------+-------------------------+
| Ubuntu 24.04 | PASS | PASS | PASS | SKIPPED | SKIPPED |
+-----------------------------------+--------------------+-------------------+------------------+-------------------+-------------------------+
| Fedora 41 | PASS | PASS | PASS | SKIPPED | SKIPPED |
+-----------------------------------+--------------------+-------------------+------------------+-------------------+-------------------------+
| Ubuntu 22.04 | PASS | PASS | SKIPPED | SKIPPED | SKIPPED |
+-----------------------------------+--------------------+-------------------+------------------+-------------------+-------------------------+
| RHEL8 | PASS | SKIPPED | SKIPPED | SKIPPED | SKIPPED |
+-----------------------------------+--------------------+-------------------+------------------+-------------------+-------------------------+
| Alpine | PASS | SKIPPED | SKIPPED | SKIPPED | SKIPPED |
+-----------------------------------+--------------------+-------------------+------------------+-------------------+-------------------------+
| FreeBSD 13.5 | PASS | SKIPPED | SKIPPED | SKIPPED | SKIPPED |
+-----------------------------------+--------------------+-------------------+------------------+-------------------+-------------------------+
| FreeBSD 14.2 | PASS | SKIPPED | SKIPPED | SKIPPED | SKIPPED |
+-----------------------------------+--------------------+-------------------+------------------+-------------------+-------------------------+
| Ubuntu 24.04 32 Bit Cross Compile | FAIL | SKIPPED | SKIPPED | SKIPPED | SKIPPED |
+-----------------------------------+--------------------+-------------------+------------------+-------------------+-------------------------+
| Windows Server 2022 | SKIPPED | SKIPPED | SKIPPED | PASS | FAIL |
+-----------------------------------+--------------------+-------------------+------------------+-------------------+-------------------------+
==== 20 line log output for Windows Server 2022 (dpdk_llvm_clang_compile): ====
^
1 error generated.
[205/858] Compiling C object drivers/libtmp_rte_net_e1000.a.p/net_intel_e1000_igb_ethdev.c.obj
[206/858] Compiling C object drivers/libtmp_rte_net_i40e.a.p/net_intel_i40e_base_i40e_adminq.c.obj
[207/858] Compiling C object drivers/librte_net_i40e_avx2_lib.a.p/net_intel_i40e_i40e_rxtx_vec_avx2.c.obj
FAILED: drivers/librte_net_i40e_avx2_lib.a.p/net_intel_i40e_i40e_rxtx_vec_avx2.c.obj
"clang" "-Idrivers\librte_net_i40e_avx2_lib.a.p" "-Idrivers" "-I..\drivers" "-Idrivers\net\intel\i40e" "-I..\drivers\net\intel\i40e" "-Idrivers\net\intel\i40e\base" "-I..\drivers\net\intel\i40e\base" "-Ilib\ethdev" "-I..\lib\ethdev" "-Ilib\eal\common" "-I..\lib\eal\common" "-I." "-I.." "-Iconfig" "-I..\config" "-Ilib\eal\include" "-I..\lib\eal\include" "-Ilib\eal\windows\include" "-I..\lib\eal\windows\include" "-Ilib\eal\x86\include" "-I..\lib\eal\x86\include" "-Ilib\eal" "-I..\lib\eal" "-Ilib\log" "-I..\lib\log" "-Ilib\kvargs" "-I..\lib\kvargs" "-Ilib\net" "-I..\lib\net" "-Ilib\mbuf" "-I..\lib\mbuf" "-Ilib\mempool" "-I..\lib\mempool" "-Ilib\ring" "-I..\lib\ring" "-Ilib\metrics" "-I..\lib\metrics" "-Ilib\telemetry" "-I..\lib\telemetry" "-Ilib\meter" "-I..\lib\meter" "-Idrivers\bus\pci" "-I..\drivers\bus\pci" "-I..\drivers\bus\pci\windows" "-Ilib\pci" "-I..\lib\pci" "-Idrivers\bus\vdev" "-I..\drivers\bus\vdev" "-Ilib\hash" "-I..\lib\hash" "-Ilib\rcu" "-I..\lib\rcu" "-IC:\Program Files
\Mellanox\MLNX_WinOF2_DevX_SDK\inc" "-Xclang" "-fcolor-diagnostics" "-pipe" "-D_FILE_OFFSET_BITS=64" "-Wall" "-Winvalid-pch" "-Wextra" "-Werror" "-std=c11" "-O3" "-include" "rte_config.h" "-Wvla" "-Wcast-qual" "-Wdeprecated" "-Wformat" "-Wformat-nonliteral" "-Wformat-security" "-Wmissing-declarations" "-Wmissing-prototypes" "-Wnested-externs" "-Wold-style-definition" "-Wpointer-arith" "-Wsign-compare" "-Wstrict-prototypes" "-Wundef" "-Wwrite-strings" "-Wno-missing-field-initializers" "-D_GNU_SOURCE" "-D_WIN32_WINNT=0x0A00" "-D_CRT_SECURE_NO_WARNINGS" "-march=native" "-mrtm" "-DALLOW_EXPERIMENTAL_API" "-DALLOW_INTERNAL_API" "-Wno-address-of-packed-member" "-DRTE_LOG_DEFAULT_LOGTYPE=pmd.net.i40e" "-DRTE_ANNOTATE_LOCKS" "-Wthread-safety" "-mavx2" -MD -MQ drivers/librte_net_i40e_avx2_lib.a.p/net_intel_i40e_i40e_rxtx_vec_avx2.c.obj -MF "drivers\librte_net_i40e_avx2_lib.a.p\net_intel_i40e_i40e_rxtx_vec_avx2.c.obj.d" -o drivers/librte_net_i40e_avx2_lib.a.p/net_intel_i40e_i40e_rxtx_vec_avx2
.c.obj "-c" ../drivers/net/intel/i40e/i40e_rxtx_vec_avx2.c
In file included from ../drivers/net/intel/i40e/i40e_rxtx_vec_avx2.c:12:
In file included from ..\drivers\net\intel\i40e/i40e_rxtx.h:9:
..\drivers\net\intel\i40e/../common/rx.h:80:2: error: unknown type name 'off_t'
off_t xtr_field_offs; /* Protocol extraction matedata offset*/
^
1 error generated.
[208/858] Generating rte_dma_skeleton.pmd.c with a custom command (wrapped by meson to set PATH)
[209/858] Compiling C object drivers/libtmp_rte_net_i40e.a.p/net_intel_i40e_base_i40e_common.c.obj
[210/858] Compiling C object drivers/libtmp_rte_net_i40e.a.p/net_intel_i40e_base_i40e_dcb.c.obj
[211/858] Compiling C object drivers/libtmp_rte_net_i40e.a.p/net_intel_i40e_i40e_pf.c.obj
[212/858] Compiling C object drivers/libtmp_rte_net_mlx5.a.p/net_mlx5_mlx5_tx_mpw.c.obj
[213/858] Compiling C object drivers/libtmp_rte_net_i40e.a.p/net_intel_i40e_i40e_ethdev.c.obj
ninja: build stopped: subcommand failed.
==== End log output ====
Ubuntu 20.04
Kernel: Depends on container host
Compiler: gcc (Ubuntu 9.4.0-1ubuntu1~20.04.2) 9.4.0
CentOS Stream 9
Kernel: Depends on container host
Compiler: gcc 11.5.0 20240719 (Red Hat 11.5.0-2)
Fedora 41 (Clang)
Kernel: Depends on container host
Compiler: clang 19.1.5 (Fedora 19.1.5-1.fc41)
openSUSE Leap 15
Kernel: Depends on container host
Compiler: gcc (SUSE Linux) 7.5.0
Fedora 40
Kernel: Depends on container host
Compiler: gcc 14.2.1 20240912 (Red Hat 14.2.1-3)
Debian 12
Kernel: Depends on container host
Compiler: gcc (Debian 12.2.0-14) 12.2.0
Fedora 40 (Clang)
Kernel: Depends on container host
Compiler: clang 18.1.8 (Fedora 18.1.8-1.fc40)
CentOS Stream 10
Kernel: Depends on container host
Compiler: gcc 14.2.1 20241104 (Red Hat 14.2.1-6)
RHEL9
Kernel: Depends on container host
Compiler: gcc 11.5.0 20240719 (Red Hat 11.5.0-2)
Ubuntu 24.04
Kernel: Depends on container host
Compiler: gcc (Ubuntu 13.3.0-6ubuntu2~24.04) 13.3.0
Fedora 41
Kernel: Depends on container host
Compiler: gcc 14.2.1 20240912 (Red Hat 14.2.1-3)
Ubuntu 22.04
Kernel: Depends on container host
Compiler: gcc (Ubuntu 11.4.0-1ubuntu1~22.04) 11.4.0
RHEL8
Kernel: Depends on container host
Compiler: gcc 8.5.0 20210514 (Red Hat 8.5.0-22)
Alpine
Kernel: Depends on container host
Compiler: gcc (Alpine 14.2.0) 14.2.0
FreeBSD 13.5
Kernel: 13.5-RELEASE
Compiler: clang 19.1.7
FreeBSD 14.2
Kernel: 14.2-RELEASE
Compiler: clang 18.1.6
Ubuntu 24.04 32 Bit Cross Compile
Kernel: Depends on container host
Compiler: gcc (Ubuntu 13.3.0-6ubuntu2~24.04) 13.3.0
Windows Server 2022
Kernel: 10.0.20348.2031
Compiler: clang 15.0.7, gcc 14.1.0 (MinGW), and MSVC VS 19.39.33521
To view detailed results, visit:
https://lab.dpdk.org/results/dashboard/patchsets/33122/
UNH-IOL DPDK Community Lab
To manage your email subscriptions, visit:
https://lab.dpdk.org/results/dashboard/preferences/subscriptions/
next prev parent reply other threads:[~2025-05-07 17:58 UTC|newest]
Thread overview: 38+ messages / expand[flat|nested] mbox.gz Atom feed top
[not found] <3925dc733f7a3c4dfcc1a36a5df5d2b14a3c5372.1746538072.git.anatoly.burakov@intel.com>
2025-05-06 12:55 ` |SUCCESS| pw153310-153322 [PATCH v1 13/13] net/intel: add common Tx mbuf recycle qemudev
2025-05-06 13:00 ` qemudev
2025-05-06 13:31 ` |SUCCESS| pw153322 " checkpatch
2025-05-07 5:06 ` |SUCCESS| pw153310-153322 [PATCH] [v1,13/13] net/intel: add common T dpdklab
2025-05-07 5:13 ` |FAILURE| " dpdklab
2025-05-07 5:14 ` |SUCCESS| " dpdklab
2025-05-07 5:15 ` dpdklab
2025-05-07 5:28 ` dpdklab
2025-05-07 5:39 ` dpdklab
2025-05-07 6:01 ` |PENDING| " dpdklab
2025-05-07 6:50 ` |SUCCESS| " dpdklab
2025-05-07 6:52 ` dpdklab
2025-05-07 8:15 ` |WARNING| " dpdklab
2025-05-07 8:18 ` |PENDING| " dpdklab
2025-05-07 9:11 ` dpdklab
2025-05-07 9:35 ` |FAILURE| " dpdklab
2025-05-07 9:36 ` dpdklab
2025-05-07 9:38 ` dpdklab
2025-05-07 9:44 ` dpdklab
2025-05-07 9:52 ` dpdklab
2025-05-07 9:54 ` dpdklab
2025-05-07 9:55 ` dpdklab
2025-05-07 9:56 ` dpdklab
2025-05-07 9:56 ` dpdklab
2025-05-07 9:57 ` dpdklab
2025-05-07 10:05 ` dpdklab
2025-05-07 10:06 ` dpdklab
2025-05-07 10:13 ` |SUCCESS| " dpdklab
2025-05-07 10:17 ` |FAILURE| " dpdklab
2025-05-07 10:19 ` dpdklab
2025-05-07 10:23 ` dpdklab
2025-05-07 11:20 ` |SUCCESS| " dpdklab
2025-05-07 12:46 ` |FAILURE| " dpdklab
2025-05-07 17:48 ` dpdklab
2025-05-07 17:58 ` dpdklab
2025-05-07 17:58 ` dpdklab [this message]
2025-05-07 18:09 ` dpdklab
2025-05-07 20:49 ` |SUCCESS| " dpdklab
Reply instructions:
You may reply publicly to this message via plain-text email
using any one of the following methods:
* Save the following mbox file, import it into your mail client,
and reply-to-all from there: mbox
Avoid top-posting and favor interleaved quoting:
https://en.wikipedia.org/wiki/Posting_style#Interleaved_style
* Reply using the --to, --cc, and --in-reply-to
switches of git-send-email(1):
git send-email \
--in-reply-to=681b9f4b.050a0220.2d74c0.fc21SMTPIN_ADDED_MISSING@mx.google.com \
--to=dpdklab@iol.unh.edu \
--cc=anatoly.burakov@intel.com \
--cc=dpdk-test-reports@iol.unh.edu \
--cc=test-report@dpdk.org \
/path/to/YOUR_REPLY
https://kernel.org/pub/software/scm/git/docs/git-send-email.html
* If your mail client supports setting the In-Reply-To header
via mailto: links, try the mailto: link
Be sure your reply has a Subject: header at the top and a blank line
before the message body.
This is a public inbox, see mirroring instructions
for how to clone and mirror all data and code used for this inbox;
as well as URLs for NNTP newsgroup(s).