From mboxrd@z Thu Jan  1 00:00:00 1970
Return-Path: <test-report-bounces@dpdk.org>
Received: from mails.dpdk.org (mails.dpdk.org [217.70.189.124])
	by inbox.dpdk.org (Postfix) with ESMTP id AB7F7466EB
	for <public@inbox.dpdk.org>; Wed,  7 May 2025 20:09:44 +0200 (CEST)
Received: from mails.dpdk.org (localhost [127.0.0.1])
	by mails.dpdk.org (Postfix) with ESMTP id A6B284025D;
	Wed,  7 May 2025 20:09:44 +0200 (CEST)
Received: from mail-pl1-f227.google.com (mail-pl1-f227.google.com
 [209.85.214.227])
 by mails.dpdk.org (Postfix) with ESMTP id 15E674025A
 for <test-report@dpdk.org>; Wed,  7 May 2025 20:09:43 +0200 (CEST)
Received: by mail-pl1-f227.google.com with SMTP id
 d9443c01a7336-22c33e4fdb8so1942745ad.2
 for <test-report@dpdk.org>; Wed, 07 May 2025 11:09:43 -0700 (PDT)
DKIM-Signature: v=1; a=rsa-sha256; c=relaxed/relaxed;
 d=iol.unh.edu; s=unh-iol; t=1746641382; x=1747246182; darn=dpdk.org;
 h=references:in-reply-to:cc:to:from:subject:message-id:date:from:to
 :cc:subject:date:message-id:reply-to;
 bh=RjID8maXkq3IOgNNcfj2kl+FDcngsE1QOsgUwW5hT4Q=;
 b=G3MdCFoqfwRG9AYz1RY9Oya39B/AnnUm9bH8PQ3UZ3RCaAXUWreTkh75u/9WapnE8k
 Cuwd7wTnIVHX0cfdrBZUj3INPO4mmopLoI0LsEUw77kJK7O8lsVI6cY0SpzkV1SrGNtm
 uOo0AzXv3z/w4j+jq7ETe3qxFY08TOwKL4d9k=
X-Google-DKIM-Signature: v=1; a=rsa-sha256; c=relaxed/relaxed;
 d=1e100.net; s=20230601; t=1746641382; x=1747246182;
 h=references:in-reply-to:cc:to:from:subject:message-id:date
 :x-gm-message-state:from:to:cc:subject:date:message-id:reply-to;
 bh=RjID8maXkq3IOgNNcfj2kl+FDcngsE1QOsgUwW5hT4Q=;
 b=bTcQ3kaZ9LeWaoeqdpbnPI1ABRuGjvWAy1vODo7G/VsYdoTVDvYTK5njrSSs7PFq+t
 mg6xlisE6QEofpFfDnr4GHT1TSg7rx9ZVWL0ZVrHSc+dt62lmmf6IXNa/nlD/Lq5eyfx
 ejWYXEZf8p/o1lp+rOqwaHWOAhCrMnwomsfUZ8DXV1hoxujrDJ8yqJ6/MCjbDxNUkegD
 c2Ogbp2gwOv4xtxDQFpbuRHPGFjc+FMVE/4HKh78HFHY5wrdYN/YpQGHTgPH1YJpXDOZ
 xF0WpodaoWa+10l+AyHAb4RSCPBEZDtT+TNW6E7kbX3W8H9Ho6mPHHW6wj+KrB+BPnFh
 7aIg==
X-Gm-Message-State: AOJu0YxYzhhmHjjvVL9rOoPw7/u5FdNwjn7mPbou33ip384AVe2zP7oH
 8rLzluLwBZmmE4FgEJU8wDeTbsJCJOf3xYJ1HH+ZGy71QqIwo3VDeDtfLYYwk5kpcQ98nO5LCNK
 ErmzLul6ZVT6DjCYqjO0dBhyE3UuVU5n0IkiNnS9f
X-Gm-Gg: ASbGncvIYsrDgVC0q5AgOaBTNfiznpdYUbUqT4xK4uR3j+DiH0+w6+PiYYbseBPp0Ok
 tKUi6UBFqnffer3trcCXfNpf8gQ0HPgAj4dXmSmrdP5gKQvA6NSjsrJopITsmXeqxZNv41lead5
 JMgAxqlyXmycRiARK6+IH8NfTrD3zT2nOnH+aJRWLm3VuFnri7ddsuCPmiuNrNZamKdnyqsUQR9
 Yrajay7HZTJ26KFAbUByl2Mrrf1DdZnOtD7Rj8pE1JGtIverX7bm03DIFTSIdffVDYGIXtVSQVQ
 heKATDByokLyfk/q0vRZYwDMnkwaGM9z8Ms2G8AkZCqhFpxell2BvpG94Zo=
X-Google-Smtp-Source: AGHT+IHej2+F92GYOXOn5XZo7lab+ikk8hLT75i5tcS+Vw8j3CmZw3t7CxwwQvUS6WVv39Rdjjs152RmPNso
X-Received: by 2002:a17:902:f54d:b0:224:78e:4eb4 with SMTP id
 d9443c01a7336-22e865f7890mr3939475ad.39.1746641381987; 
 Wed, 07 May 2025 11:09:41 -0700 (PDT)
Received: from postal.iol.unh.edu (postal.iol.unh.edu. [132.177.123.84])
 by smtp-relay.gmail.com with ESMTPS id
 d9443c01a7336-22e3e91d251sm1893105ad.40.2025.05.07.11.09.41
 (version=TLS1_2 cipher=ECDHE-ECDSA-AES128-GCM-SHA256 bits=128/128);
 Wed, 07 May 2025 11:09:41 -0700 (PDT)
X-Relaying-Domain: iol.unh.edu
Date: Wed, 07 May 2025 11:09:41 -0700 (PDT)
Message-ID: <681ba1e5.170a0220.c2bc5.9f4eSMTPIN_ADDED_MISSING@mx.google.com>
Received: from [172.21.0.5] (unknown [172.18.0.240])
 by postal.iol.unh.edu (Postfix) with ESMTP id E1B596052471;
 Wed,  7 May 2025 14:09:40 -0400 (EDT)
Subject: |FAILURE| pw153310-153322 [PATCH] [v1,13/13] net/intel: add common T
From: dpdklab@iol.unh.edu
To: Test Report <test-report@dpdk.org>
Cc: dpdk-test-reports@iol.unh.edu, Anatoly Burakov <anatoly.burakov@intel.com>
In-Reply-To: <3925dc733f7a3c4dfcc1a36a5df5d2b14a3c5372.1746538072.git.anatoly.burakov@intel.com>
References: <3925dc733f7a3c4dfcc1a36a5df5d2b14a3c5372.1746538072.git.anatoly.burakov@intel.com>
Content-Type: text/plain
X-BeenThere: test-report@dpdk.org
X-Mailman-Version: 2.1.29
Precedence: list
List-Id: automatic DPDK test reports <test-report.dpdk.org>
List-Unsubscribe: <https://mails.dpdk.org/options/test-report>,
 <mailto:test-report-request@dpdk.org?subject=unsubscribe>
List-Archive: <http://mails.dpdk.org/archives/test-report/>
List-Post: <mailto:test-report@dpdk.org>
List-Help: <mailto:test-report-request@dpdk.org?subject=help>
List-Subscribe: <https://mails.dpdk.org/listinfo/test-report>,
 <mailto:test-report-request@dpdk.org?subject=subscribe>
Errors-To: test-report-bounces@dpdk.org

Test-Label: iol-compile-amd64-testing
Test-Status: FAILURE
http://dpdk.org/patch/153322

_Testing issues_

Submitter: Anatoly Burakov <anatoly.burakov@intel.com>
Date: Tuesday, May 06 2025 13:28:02 
DPDK git baseline: Repo:dpdk
  Branch: master
  CommitID:7cf0355db9fdab5648b05fd787356c391c510534

153310-153322 --> testing issues

Upstream job id: Windows-Compile-DPDK-Native#28261

Test environment and result as below:

+-----------------------------------+--------------------+-------------------+------------------+-------------------+-------------------------+----------------------+
|            Environment            | dpdk_meson_compile | dpdk_compile_spdk | dpdk_compile_ovs | dpdk_msvc_compile | dpdk_llvm_clang_compile | dpdk_mingw64_compile |
+===================================+====================+===================+==================+===================+=========================+======================+
| Ubuntu 20.04                      | PASS               | SKIPPED           | SKIPPED          | SKIPPED           | SKIPPED                 | SKIPPED              |
+-----------------------------------+--------------------+-------------------+------------------+-------------------+-------------------------+----------------------+
| CentOS Stream 9                   | PASS               | PASS              | SKIPPED          | SKIPPED           | SKIPPED                 | SKIPPED              |
+-----------------------------------+--------------------+-------------------+------------------+-------------------+-------------------------+----------------------+
| Fedora 41 (Clang)                 | PASS               | PASS              | PASS             | SKIPPED           | SKIPPED                 | SKIPPED              |
+-----------------------------------+--------------------+-------------------+------------------+-------------------+-------------------------+----------------------+
| openSUSE Leap 15                  | PASS               | SKIPPED           | SKIPPED          | SKIPPED           | SKIPPED                 | SKIPPED              |
+-----------------------------------+--------------------+-------------------+------------------+-------------------+-------------------------+----------------------+
| Fedora 40                         | PASS               | PASS              | SKIPPED          | SKIPPED           | SKIPPED                 | SKIPPED              |
+-----------------------------------+--------------------+-------------------+------------------+-------------------+-------------------------+----------------------+
| Debian 12                         | PASS               | PASS              | SKIPPED          | SKIPPED           | SKIPPED                 | SKIPPED              |
+-----------------------------------+--------------------+-------------------+------------------+-------------------+-------------------------+----------------------+
| Fedora 40 (Clang)                 | PASS               | PASS              | SKIPPED          | SKIPPED           | SKIPPED                 | SKIPPED              |
+-----------------------------------+--------------------+-------------------+------------------+-------------------+-------------------------+----------------------+
| CentOS Stream 10                  | PASS               | SKIPPED           | SKIPPED          | SKIPPED           | SKIPPED                 | SKIPPED              |
+-----------------------------------+--------------------+-------------------+------------------+-------------------+-------------------------+----------------------+
| RHEL9                             | PASS               | SKIPPED           | SKIPPED          | SKIPPED           | SKIPPED                 | SKIPPED              |
+-----------------------------------+--------------------+-------------------+------------------+-------------------+-------------------------+----------------------+
| Ubuntu 24.04                      | PASS               | PASS              | PASS             | SKIPPED           | SKIPPED                 | SKIPPED              |
+-----------------------------------+--------------------+-------------------+------------------+-------------------+-------------------------+----------------------+
| Fedora 41                         | PASS               | PASS              | PASS             | SKIPPED           | SKIPPED                 | SKIPPED              |
+-----------------------------------+--------------------+-------------------+------------------+-------------------+-------------------------+----------------------+
| Ubuntu 22.04                      | PASS               | PASS              | SKIPPED          | SKIPPED           | SKIPPED                 | SKIPPED              |
+-----------------------------------+--------------------+-------------------+------------------+-------------------+-------------------------+----------------------+
| RHEL8                             | PASS               | SKIPPED           | SKIPPED          | SKIPPED           | SKIPPED                 | SKIPPED              |
+-----------------------------------+--------------------+-------------------+------------------+-------------------+-------------------------+----------------------+
| Alpine                            | PASS               | SKIPPED           | SKIPPED          | SKIPPED           | SKIPPED                 | SKIPPED              |
+-----------------------------------+--------------------+-------------------+------------------+-------------------+-------------------------+----------------------+
| FreeBSD 13.5                      | PASS               | SKIPPED           | SKIPPED          | SKIPPED           | SKIPPED                 | SKIPPED              |
+-----------------------------------+--------------------+-------------------+------------------+-------------------+-------------------------+----------------------+
| FreeBSD 14.2                      | PASS               | SKIPPED           | SKIPPED          | SKIPPED           | SKIPPED                 | SKIPPED              |
+-----------------------------------+--------------------+-------------------+------------------+-------------------+-------------------------+----------------------+
| Ubuntu 24.04 32 Bit Cross Compile | FAIL               | SKIPPED           | SKIPPED          | SKIPPED           | SKIPPED                 | SKIPPED              |
+-----------------------------------+--------------------+-------------------+------------------+-------------------+-------------------------+----------------------+
| Windows Server 2022               | SKIPPED            | SKIPPED           | SKIPPED          | PASS              | FAIL                    | PASS                 |
+-----------------------------------+--------------------+-------------------+------------------+-------------------+-------------------------+----------------------+

==== 20 line log output for Windows Server 2022 (dpdk_llvm_clang_compile): ====
^
1 error generated.
[205/858] Compiling C object drivers/libtmp_rte_net_e1000.a.p/net_intel_e1000_igb_ethdev.c.obj
[206/858] Compiling C object drivers/libtmp_rte_net_i40e.a.p/net_intel_i40e_base_i40e_adminq.c.obj
[207/858] Compiling C object drivers/librte_net_i40e_avx2_lib.a.p/net_intel_i40e_i40e_rxtx_vec_avx2.c.obj
FAILED: drivers/librte_net_i40e_avx2_lib.a.p/net_intel_i40e_i40e_rxtx_vec_avx2.c.obj
"clang" "-Idrivers\librte_net_i40e_avx2_lib.a.p" "-Idrivers" "-I..\drivers" "-Idrivers\net\intel\i40e" "-I..\drivers\net\intel\i40e" "-Idrivers\net\intel\i40e\base" "-I..\drivers\net\intel\i40e\base" "-Ilib\ethdev" "-I..\lib\ethdev" "-Ilib\eal\common" "-I..\lib\eal\common" "-I." "-I.." "-Iconfig" "-I..\config" "-Ilib\eal\include" "-I..\lib\eal\include" "-Ilib\eal\windows\include" "-I..\lib\eal\windows\include" "-Ilib\eal\x86\include" "-I..\lib\eal\x86\include" "-Ilib\eal" "-I..\lib\eal" "-Ilib\log" "-I..\lib\log" "-Ilib\kvargs" "-I..\lib\kvargs" "-Ilib\net" "-I..\lib\net" "-Ilib\mbuf" "-I..\lib\mbuf" "-Ilib\mempool" "-I..\lib\mempool" "-Ilib\ring" "-I..\lib\ring" "-Ilib\metrics" "-I..\lib\metrics" "-Ilib\telemetry" "-I..\lib\telemetry" "-Ilib\meter" "-I..\lib\meter" "-Idrivers\bus\pci" "-I..\drivers\bus\pci" "-I..\drivers\bus\pci\windows" "-Ilib\pci" "-I..\lib\pci" "-Idrivers\bus\vdev" "-I..\drivers\bus\vdev" "-Ilib\hash" "-I..\lib\hash" "-Ilib\rcu" "-I..\lib\rcu" "-IC:\Program Files
 \Mellanox\MLNX_WinOF2_DevX_SDK\inc" "-Xclang" "-fcolor-diagnostics" "-pipe" "-D_FILE_OFFSET_BITS=64" "-Wall" "-Winvalid-pch" "-Wextra" "-Werror" "-std=c11" "-O3" "-include" "rte_config.h" "-Wvla" "-Wcast-qual" "-Wdeprecated" "-Wformat" "-Wformat-nonliteral" "-Wformat-security" "-Wmissing-declarations" "-Wmissing-prototypes" "-Wnested-externs" "-Wold-style-definition" "-Wpointer-arith" "-Wsign-compare" "-Wstrict-prototypes" "-Wundef" "-Wwrite-strings" "-Wno-missing-field-initializers" "-D_GNU_SOURCE" "-D_WIN32_WINNT=0x0A00" "-D_CRT_SECURE_NO_WARNINGS" "-march=native" "-mrtm" "-DALLOW_EXPERIMENTAL_API" "-DALLOW_INTERNAL_API" "-Wno-address-of-packed-member" "-DRTE_LOG_DEFAULT_LOGTYPE=pmd.net.i40e" "-DRTE_ANNOTATE_LOCKS" "-Wthread-safety" "-mavx2" -MD -MQ drivers/librte_net_i40e_avx2_lib.a.p/net_intel_i40e_i40e_rxtx_vec_avx2.c.obj -MF "drivers\librte_net_i40e_avx2_lib.a.p\net_intel_i40e_i40e_rxtx_vec_avx2.c.obj.d" -o drivers/librte_net_i40e_avx2_lib.a.p/net_intel_i40e_i40e_rxtx_vec_avx2
 .c.obj "-c" ../drivers/net/intel/i40e/i40e_rxtx_vec_avx2.c
In file included from ../drivers/net/intel/i40e/i40e_rxtx_vec_avx2.c:12:
In file included from ..\drivers\net\intel\i40e/i40e_rxtx.h:9:
..\drivers\net\intel\i40e/../common/rx.h:80:2: error: unknown type name 'off_t'
off_t xtr_field_offs; /* Protocol extraction matedata offset*/
^
1 error generated.
[208/858] Generating rte_dma_skeleton.pmd.c with a custom command (wrapped by meson to set PATH)
[209/858] Compiling C object drivers/libtmp_rte_net_i40e.a.p/net_intel_i40e_base_i40e_common.c.obj
[210/858] Compiling C object drivers/libtmp_rte_net_i40e.a.p/net_intel_i40e_base_i40e_dcb.c.obj
[211/858] Compiling C object drivers/libtmp_rte_net_i40e.a.p/net_intel_i40e_i40e_pf.c.obj
[212/858] Compiling C object drivers/libtmp_rte_net_mlx5.a.p/net_mlx5_mlx5_tx_mpw.c.obj
[213/858] Compiling C object drivers/libtmp_rte_net_i40e.a.p/net_intel_i40e_i40e_ethdev.c.obj
ninja: build stopped: subcommand failed.
==== End log output ====

Ubuntu 20.04
	Kernel: Depends on container host
	Compiler: gcc (Ubuntu 9.4.0-1ubuntu1~20.04.2) 9.4.0

CentOS Stream 9
	Kernel: Depends on container host
	Compiler: gcc 11.5.0 20240719 (Red Hat 11.5.0-2)

Fedora 41 (Clang)
	Kernel: Depends on container host
	Compiler: clang 19.1.5 (Fedora 19.1.5-1.fc41)

openSUSE Leap 15
	Kernel: Depends on container host
	Compiler: gcc (SUSE Linux) 7.5.0

Fedora 40
	Kernel: Depends on container host
	Compiler: gcc 14.2.1 20240912 (Red Hat 14.2.1-3)

Debian 12
	Kernel: Depends on container host
	Compiler: gcc (Debian 12.2.0-14) 12.2.0

Fedora 40 (Clang)
	Kernel: Depends on container host
	Compiler: clang 18.1.8 (Fedora 18.1.8-1.fc40)

CentOS Stream 10
	Kernel: Depends on container host
	Compiler: gcc 14.2.1 20241104 (Red Hat 14.2.1-6)

RHEL9
	Kernel: Depends on container host
	Compiler: gcc 11.5.0 20240719 (Red Hat 11.5.0-2)

Ubuntu 24.04
	Kernel: Depends on container host
	Compiler: gcc (Ubuntu 13.3.0-6ubuntu2~24.04) 13.3.0

Fedora 41
	Kernel: Depends on container host
	Compiler: gcc 14.2.1 20240912 (Red Hat 14.2.1-3)

Ubuntu 22.04
	Kernel: Depends on container host
	Compiler: gcc (Ubuntu 11.4.0-1ubuntu1~22.04) 11.4.0

RHEL8
	Kernel: Depends on container host
	Compiler: gcc 8.5.0 20210514 (Red Hat 8.5.0-22)

Alpine
	Kernel: Depends on container host
	Compiler: gcc (Alpine 14.2.0) 14.2.0

FreeBSD 13.5
	Kernel: 13.5-RELEASE
	Compiler: clang 19.1.7

FreeBSD 14.2
	Kernel: 14.2-RELEASE
	Compiler: clang 18.1.6

Ubuntu 24.04 32 Bit Cross Compile
	Kernel: Depends on container host
	Compiler: gcc (Ubuntu 13.3.0-6ubuntu2~24.04) 13.3.0

Windows Server 2022
	Kernel: 10.0.20348.2031
	Compiler: clang 15.0.7, gcc 14.1.0 (MinGW), and MSVC VS 19.39.33521

To view detailed results, visit:
https://lab.dpdk.org/results/dashboard/patchsets/33122/

UNH-IOL DPDK Community Lab

To manage your email subscriptions, visit: 
https://lab.dpdk.org/results/dashboard/preferences/subscriptions/