From mboxrd@z Thu Jan 1 00:00:00 1970 Return-Path: Received: from mails.dpdk.org (mails.dpdk.org [217.70.189.124]) by inbox.dpdk.org (Postfix) with ESMTP id 4E976466EB for ; Wed, 7 May 2025 20:37:34 +0200 (CEST) Received: from mails.dpdk.org (localhost [127.0.0.1]) by mails.dpdk.org (Postfix) with ESMTP id 495664025D; Wed, 7 May 2025 20:37:34 +0200 (CEST) Received: from mail-oa1-f100.google.com (mail-oa1-f100.google.com [209.85.160.100]) by mails.dpdk.org (Postfix) with ESMTP id B275A4025A for ; Wed, 7 May 2025 20:37:32 +0200 (CEST) Received: by mail-oa1-f100.google.com with SMTP id 586e51a60fabf-2da3c5729fcso179504fac.0 for ; Wed, 07 May 2025 11:37:32 -0700 (PDT) DKIM-Signature: v=1; a=rsa-sha256; c=relaxed/relaxed; d=iol.unh.edu; s=unh-iol; t=1746643052; x=1747247852; darn=dpdk.org; h=cc:to:from:subject:message-id:date:from:to:cc:subject:date :message-id:reply-to; bh=D3mhjQSuD7HYggpt8O0YodVBgeOdlvX9r50Lqc5Hgko=; b=KSyGiUZ9o1QKaD4+2yeUzkV4VG/JTrH9x4FMkvoJd0x2FXuYO7Eg+mOJYBU5b0j3Ro KfFegJEIPngnxAi/axjf4BJEnKnSy3eyNcTn0bCwl+z2awnBzfaDAKkFUqarGlWkuZZZ x4KqynQsfPUSlZcTUolUQvVXIWewa5Ayw3ivw= X-Google-DKIM-Signature: v=1; a=rsa-sha256; c=relaxed/relaxed; d=1e100.net; s=20230601; t=1746643052; x=1747247852; h=cc:to:from:subject:message-id:date:x-gm-message-state:from:to:cc :subject:date:message-id:reply-to; bh=D3mhjQSuD7HYggpt8O0YodVBgeOdlvX9r50Lqc5Hgko=; b=Pdhrn6BzJcSOr+TWWlJ7whokWA3ZfdB2ajH61Hc3yHjf6nnqGZ0E1DjKHEB6x3Ppi+ TYXMb/1YPMvh+4lpiFmE0exmN/NQOTVIpy5Dp/FR+ryCY0owPlR8VKYxOlnXc3C7ZfLp mvrLtGDIeK98H4yISi9zqSeBOTmCBT6YPgLFtaZ3Q39KBEhZjhj6y7RN1vCFENAnwPpT Xb0L35k75Aid3FSQOZlgCTgglI9RiDqdXIwvOIC6L57rZgT41uK4EN50oJIzus3NDkz+ ksIfHBNubeu9nU9T9xHRjt0ocOoOJktXyZwdGRi1eSj4sUC6FEq8ST41Ev0ac5w8VY3t 8BBw== X-Gm-Message-State: AOJu0Yw8tU1xPdzm0+KaePpzS7zygnPW8TccOMZew/37mjAj2COIxJk4 27kmZy/vf2jFEtBJrQC9l0ErXh0r0IpRVGO6wto6l4a87uYMtffOCkWvPnw18ZWxbdXrLlrAs19 rpkfV2/miGJp7WJapl+XmMdiqDfbbGWF3WuLbJ7AGXdYeOBY+ X-Gm-Gg: ASbGnctZQfoCzhX+uRujcGlUwPMM7VNmGPEHxAsB1eOHsbF9Y+0wqrlILXIZHd5wFxf D6wqBem5GDBofrm74V24fvkJ+7JYXiliT3205tNq0EkQWB9o0/MwoorFiL/5hLNqvQNyD7JQVOA OIwlRz36titNp95oUpDJT3T547y613JVC+ZYulZ08GPvbyl97Y2R+Ds5r0dBjZ+6J7xT7QfH/j3 kWszcFttekHNZrGVPj9LKfd2vd3vYnaGpeHtQYrV5P6Lxiv0l+aRgg4g6DNVx4T27azMjBMI+G2 MutKEi6Izl6AqxwqZynaSqQsGET3N0SPJK8/ X-Google-Smtp-Source: AGHT+IFIHef2ov+TfWsatqvfLnyKKhYaHos+hxRind2uZsZZuPNNS8egYac30AWBHAqb05Oycx73h7RGkHoL X-Received: by 2002:a05:6870:e415:b0:2d4:7cfa:6f3 with SMTP id 586e51a60fabf-2db5bed0489mr2351870fac.20.1746643051893; Wed, 07 May 2025 11:37:31 -0700 (PDT) Received: from postal.iol.unh.edu (postal.iol.unh.edu. [2606:4100:3880:1234::84]) by smtp-relay.gmail.com with ESMTPS id 586e51a60fabf-2db5d0e2112sm131119fac.40.2025.05.07.11.37.31 (version=TLS1_2 cipher=ECDHE-ECDSA-AES128-GCM-SHA256 bits=128/128); Wed, 07 May 2025 11:37:31 -0700 (PDT) X-Relaying-Domain: iol.unh.edu Date: Wed, 07 May 2025 11:37:31 -0700 (PDT) Message-ID: <681ba86b.050a0220.67071.7675SMTPIN_ADDED_MISSING@mx.google.com> Received: from [172.17.0.4] (unknown [172.18.0.74]) by postal.iol.unh.edu (Postfix) with ESMTP id 60C576052471; Wed, 7 May 2025 14:37:31 -0400 (EDT) Subject: |FAILURE| [GIT MASTER] 4401486b5e30d43a134f80f9802f60b5f43e74a8 From: dpdklab@iol.unh.edu To: Test Report Cc: dpdk-test-reports@iol.unh.edu, Xueming Li , Christian Ehrhardt , Kevin Traynor , Luca Boccassi Content-Type: text/plain X-BeenThere: test-report@dpdk.org X-Mailman-Version: 2.1.29 Precedence: list List-Id: automatic DPDK test reports List-Unsubscribe: , List-Archive: List-Post: List-Help: List-Subscribe: , Errors-To: test-report-bounces@dpdk.org _Testing issues_ Branch: tags/v22.11 4401486b5e30d43a134f80f9802f60b5f43e74a8 --> testing issues Upstream job id: Generic-VM-Unit-Test-DPDK#28383 Test environment and result as below: +---------------------+----------------+ | Environment | dpdk_unit_test | +=====================+================+ | CentOS Stream 9 | FAIL | +---------------------+----------------+ | CentOS Stream 10 | FAIL | +---------------------+----------------+ | Ubuntu 20.04 | FAIL | +---------------------+----------------+ | Debian 12 | FAIL | +---------------------+----------------+ | Ubuntu 24.04 | FAIL | +---------------------+----------------+ | Ubuntu 22.04 | FAIL | +---------------------+----------------+ | Fedora 40 | FAIL | +---------------------+----------------+ | RHEL8 | FAIL | +---------------------+----------------+ | Fedora 40 (Clang) | FAIL | +---------------------+----------------+ | Fedora 41 | FAIL | +---------------------+----------------+ | RHEL9 | FAIL | +---------------------+----------------+ | Fedora 41 (Clang) | FAIL | +---------------------+----------------+ | Windows Server 2022 | FAIL | +---------------------+----------------+ ==== Unit test summary for Windows Server 2022 (dpdk_unit_test): ==== Failed to get the unit test results. Displaying the unit test results is not supported for some environments, such as our aarch32 testing, where meson is not used to run the tests. Download the logs available on our CI site. ==== End log output ==== CentOS Stream 9 Kernel: Depends on container host Compiler: gcc 11.5.0 20240719 (Red Hat 11.5.0-2) CentOS Stream 10 Kernel: Depends on container host Compiler: gcc 14.2.1 20241104 (Red Hat 14.2.1-6) Ubuntu 20.04 Kernel: Depends on container host Compiler: gcc (Ubuntu 9.4.0-1ubuntu1~20.04.2) 9.4.0 Debian 12 Kernel: Depends on container host Compiler: gcc (Debian 12.2.0-14) 12.2.0 Ubuntu 24.04 Kernel: Depends on container host Compiler: gcc (Ubuntu 13.3.0-6ubuntu2~24.04) 13.3.0 Ubuntu 22.04 Kernel: Depends on container host Compiler: gcc (Ubuntu 11.4.0-1ubuntu1~22.04) 11.4.0 Fedora 40 Kernel: Depends on container host Compiler: gcc 14.2.1 20240912 (Red Hat 14.2.1-3) RHEL8 Kernel: Depends on container host Compiler: gcc 8.5.0 20210514 (Red Hat 8.5.0-22) Fedora 40 (Clang) Kernel: Depends on container host Compiler: clang 18.1.8 (Fedora 18.1.8-1.fc40) Fedora 41 Kernel: Depends on container host Compiler: gcc 14.2.1 20240912 (Red Hat 14.2.1-3) RHEL9 Kernel: Depends on container host Compiler: gcc 11.5.0 20240719 (Red Hat 11.5.0-2) Fedora 41 (Clang) Kernel: Depends on container host Compiler: clang 19.1.5 (Fedora 19.1.5-1.fc41) Windows Server 2022 Kernel: 10.0.20348.2031 Compiler: clang 15.0.7, gcc 14.1.0 (MinGW), and MSVC VS 19.39.33521 To view detailed results, visit: https://lab.dpdk.org/results/dashboard/tarballs/33462/ UNH-IOL DPDK Community Lab To manage your email subscriptions, visit: https://lab.dpdk.org/results/dashboard/preferences/subscriptions/