From mboxrd@z Thu Jan 1 00:00:00 1970 Return-Path: Received: from mails.dpdk.org (mails.dpdk.org [217.70.189.124]) by inbox.dpdk.org (Postfix) with ESMTP id E1267466EB for ; Wed, 7 May 2025 20:50:06 +0200 (CEST) Received: from mails.dpdk.org (localhost [127.0.0.1]) by mails.dpdk.org (Postfix) with ESMTP id BA66C4025D; Wed, 7 May 2025 20:50:06 +0200 (CEST) Received: from mail-io1-f100.google.com (mail-io1-f100.google.com [209.85.166.100]) by mails.dpdk.org (Postfix) with ESMTP id D90BB4025A for ; Wed, 7 May 2025 20:50:05 +0200 (CEST) Received: by mail-io1-f100.google.com with SMTP id ca18e2360f4ac-85b4170f1f5so5278039f.3 for ; Wed, 07 May 2025 11:50:05 -0700 (PDT) DKIM-Signature: v=1; a=rsa-sha256; c=relaxed/relaxed; d=iol.unh.edu; s=unh-iol; t=1746643805; x=1747248605; darn=dpdk.org; h=cc:to:from:subject:message-id:date:from:to:cc:subject:date :message-id:reply-to; bh=qwDSQO5Xn60gg+YFRvHW0t0ym2hB8YVCwHj67vdlXCs=; b=GijOTKBho2nvJmBCmcaErASK1CopHrAOsIAe7ityQwgieyBF3YDw+4+9MltfeLZO2y WrmQsAn/ObTSyukOwCl4xp102/sxCHA0fjC80nGFK4fa6mloSUHBAb8CTI+18MXiYPK5 scwdrYg1inbuXVdHmkAbQ9ANUO9+LT2of0NvM= X-Google-DKIM-Signature: v=1; a=rsa-sha256; c=relaxed/relaxed; d=1e100.net; s=20230601; t=1746643805; x=1747248605; h=cc:to:from:subject:message-id:date:x-gm-message-state:from:to:cc :subject:date:message-id:reply-to; bh=qwDSQO5Xn60gg+YFRvHW0t0ym2hB8YVCwHj67vdlXCs=; b=Zc6olB4QJ1a53/BTqMfwgGuh6HLu11GfI+QDkFalEeYcnkvOu6fjbzVLVBBmYIomgU RGcK7D639LA2E2Q7R8FXp0zkV/QMMBmKxw3IZl2+soB3fkKlBzWYCjUTIBC0KtliKtvM cKbVa6wJJ7JGeXSmy+naTGQ8v4myPVXboZXxgu0r1/fR3c/F+rI2UZfoDKOTC9AHuoTF pgA0beFTBY/f3fdt/fQqK+ghY6tS4Yb0cDaH76CIqzyR4qVAnHM7nDSjVvNnimbZqyD3 arEo7YXCoYlNcP3nfFq6Jx9uImiCUDSkyTUzJzM2nYWT58LhEoIKIss/eF/4W6mDHQ7S D/VQ== X-Gm-Message-State: AOJu0YyM+IBxa2RzWi9sKcZEwLvCCxby9dpSrDvVkIiprBaeXF+WXNLs Zr70HdA/BmlFCoeXEglmUQHe6EcO2FhNXbJPaXXA9RsLHvTX+yzHpngpfQg/XWOp2KoYQnwfQaI t89u5tBOq+T6gzjP1V8c2OERVd+YN5GaF X-Gm-Gg: ASbGncsgal7+XEUs/X0dRa2vn9YPZB0JwD0aMLBnFsSEuomo3cYr7TjH/nzXZKQAsgv LPO2BqmjzvmwCVD2YkjwLQZpcnRq4QUolxv3sZRSjs3AcTzgIOQZit4qrWeWbh9UaUMULBpQ+gX AOCcLEAox0KpbBJg28PCl40dIp4OmMVeqSIBvs8KV+Ec7fxb34CPSM67zGLEPP89M225xhMPsPM ovZsrTBQtn0yhCijkUoZWJ9qE5a5TflleTsSfcN3aeDMwvamT4tTTnURz1u0GYfxtAj01j2B1nG nL6Moy6AQZbGTvsCyLIKMTxvu1XuHmuFYupftIEDNYHvLvJDHsY1GvaQWCY= X-Google-Smtp-Source: AGHT+IGnoGwnBhF+Oa1hCVhcTFFtQfy32qY1Ylyl42z63jXVLPIYxC/gFao+/oevXO0NjG0OG4sT39DWv/AR X-Received: by 2002:a05:6602:1690:b0:861:c744:5a4a with SMTP id ca18e2360f4ac-867472514a8mr536846739f.5.1746643805036; Wed, 07 May 2025 11:50:05 -0700 (PDT) Received: from postal.iol.unh.edu (postal.iol.unh.edu. [132.177.123.84]) by smtp-relay.gmail.com with ESMTPS id ca18e2360f4ac-864aa5e16bbsm227387539f.31.2025.05.07.11.50.04 (version=TLS1_2 cipher=ECDHE-ECDSA-AES128-GCM-SHA256 bits=128/128); Wed, 07 May 2025 11:50:05 -0700 (PDT) X-Relaying-Domain: iol.unh.edu Date: Wed, 07 May 2025 11:50:05 -0700 (PDT) Message-ID: <681bab5d.050a0220.72432.f12fSMTPIN_ADDED_MISSING@mx.google.com> Received: from [172.17.0.2] (unknown [172.18.0.74]) by postal.iol.unh.edu (Postfix) with ESMTP id 7775A6052471; Wed, 7 May 2025 14:50:04 -0400 (EDT) Subject: |FAILURE| [GIT MASTER] 4401486b5e30d43a134f80f9802f60b5f43e74a8 From: dpdklab@iol.unh.edu To: Test Report Cc: dpdk-test-reports@iol.unh.edu, Xueming Li , Christian Ehrhardt , Kevin Traynor , Luca Boccassi Content-Type: text/plain X-BeenThere: test-report@dpdk.org X-Mailman-Version: 2.1.29 Precedence: list List-Id: automatic DPDK test reports List-Unsubscribe: , List-Archive: List-Post: List-Help: List-Subscribe: , Errors-To: test-report-bounces@dpdk.org _Testing issues_ Branch: tags/v22.11 4401486b5e30d43a134f80f9802f60b5f43e74a8 --> testing issues Upstream job id: Generic-VM-Unit-Test-DPDK#28384 Test environment and result as below: +---------------------+----------------+ | Environment | dpdk_unit_test | +=====================+================+ | CentOS Stream 9 | FAIL | +---------------------+----------------+ | CentOS Stream 10 | FAIL | +---------------------+----------------+ | Ubuntu 20.04 | PASS | +---------------------+----------------+ | Debian 12 | FAIL | +---------------------+----------------+ | Ubuntu 24.04 | FAIL | +---------------------+----------------+ | Ubuntu 22.04 | FAIL | +---------------------+----------------+ | Fedora 40 | FAIL | +---------------------+----------------+ | RHEL8 | FAIL | +---------------------+----------------+ | Fedora 40 (Clang) | FAIL | +---------------------+----------------+ | Fedora 41 | FAIL | +---------------------+----------------+ | RHEL9 | FAIL | +---------------------+----------------+ | Fedora 41 (Clang) | FAIL | +---------------------+----------------+ | Windows Server 2022 | FAIL | +---------------------+----------------+ ==== Unit test summary for Windows Server 2022 (dpdk_unit_test): ==== Failed to get the unit test results. Displaying the unit test results is not supported for some environments, such as our aarch32 testing, where meson is not used to run the tests. Download the logs available on our CI site. ==== End log output ==== CentOS Stream 9 Kernel: Depends on container host Compiler: gcc 11.5.0 20240719 (Red Hat 11.5.0-2) CentOS Stream 10 Kernel: Depends on container host Compiler: gcc 14.2.1 20241104 (Red Hat 14.2.1-6) Ubuntu 20.04 Kernel: Depends on container host Compiler: gcc (Ubuntu 9.4.0-1ubuntu1~20.04.2) 9.4.0 Debian 12 Kernel: Depends on container host Compiler: gcc (Debian 12.2.0-14) 12.2.0 Ubuntu 24.04 Kernel: Depends on container host Compiler: gcc (Ubuntu 13.3.0-6ubuntu2~24.04) 13.3.0 Ubuntu 22.04 Kernel: Depends on container host Compiler: gcc (Ubuntu 11.4.0-1ubuntu1~22.04) 11.4.0 Fedora 40 Kernel: Depends on container host Compiler: gcc 14.2.1 20240912 (Red Hat 14.2.1-3) RHEL8 Kernel: Depends on container host Compiler: gcc 8.5.0 20210514 (Red Hat 8.5.0-22) Fedora 40 (Clang) Kernel: Depends on container host Compiler: clang 18.1.8 (Fedora 18.1.8-1.fc40) Fedora 41 Kernel: Depends on container host Compiler: gcc 14.2.1 20240912 (Red Hat 14.2.1-3) RHEL9 Kernel: Depends on container host Compiler: gcc 11.5.0 20240719 (Red Hat 11.5.0-2) Fedora 41 (Clang) Kernel: Depends on container host Compiler: clang 19.1.5 (Fedora 19.1.5-1.fc41) Windows Server 2022 Kernel: 10.0.20348.2031 Compiler: clang 15.0.7, gcc 14.1.0 (MinGW), and MSVC VS 19.39.33521 To view detailed results, visit: https://lab.dpdk.org/results/dashboard/tarballs/33462/ UNH-IOL DPDK Community Lab To manage your email subscriptions, visit: https://lab.dpdk.org/results/dashboard/preferences/subscriptions/