From: dpdklab@iol.unh.edu
To: Test Report <test-report@dpdk.org>
Cc: dpdk-test-reports@iol.unh.edu
Subject: |SUCCESS| pw153310-153322 [PATCH] [v1,13/13] net/intel: add common T
Date: Wed, 07 May 2025 13:49:06 -0700 (PDT) [thread overview]
Message-ID: <681bc742.d40a0220.28f557.8fd7SMTPIN_ADDED_MISSING@mx.google.com> (raw)
In-Reply-To: <3925dc733f7a3c4dfcc1a36a5df5d2b14a3c5372.1746538072.git.anatoly.burakov@intel.com>
Test-Label: iol-sample-apps-testing
Test-Status: SUCCESS
http://dpdk.org/patch/153322
_Testing PASS_
Submitter: Anatoly Burakov <anatoly.burakov@intel.com>
Date: Tuesday, May 06 2025 13:28:02
DPDK git baseline: Repo:dpdk
Branch: master
CommitID:7cf0355db9fdab5648b05fd787356c391c510534
153310-153322 --> testing pass
Upstream job id: ACVP-FIPS-testing#9740
Test environment and result as below:
+--------------+----------------------+----------------------+
| Environment | compressdev_zlib_pmd | dpdk_fips_validation |
+==============+======================+======================+
| Ubuntu 22.04 | PASS | SKIPPED |
+--------------+----------------------+----------------------+
| Ubuntu 20.04 | SKIPPED | PASS |
+--------------+----------------------+----------------------+
Ubuntu 22.04
Kernel: 5.15.0-100-generic
Compiler: gcc gcc (Ubuntu 11.4.0-1ubuntu1~22.04) 11.4.0
Ubuntu 20.04
Kernel: Depends on container host
Compiler: gcc (Ubuntu 9.4.0-1ubuntu1~20.04.2) 9.4.0
To view detailed results, visit:
https://lab.dpdk.org/results/dashboard/patchsets/33122/
UNH-IOL DPDK Community Lab
To manage your email subscriptions, visit:
https://lab.dpdk.org/results/dashboard/preferences/subscriptions/
prev parent reply other threads:[~2025-05-07 20:49 UTC|newest]
Thread overview: 38+ messages / expand[flat|nested] mbox.gz Atom feed top
[not found] <3925dc733f7a3c4dfcc1a36a5df5d2b14a3c5372.1746538072.git.anatoly.burakov@intel.com>
2025-05-06 12:55 ` |SUCCESS| pw153310-153322 [PATCH v1 13/13] net/intel: add common Tx mbuf recycle qemudev
2025-05-06 13:00 ` qemudev
2025-05-06 13:31 ` |SUCCESS| pw153322 " checkpatch
2025-05-07 5:06 ` |SUCCESS| pw153310-153322 [PATCH] [v1,13/13] net/intel: add common T dpdklab
2025-05-07 5:13 ` |FAILURE| " dpdklab
2025-05-07 5:14 ` |SUCCESS| " dpdklab
2025-05-07 5:15 ` dpdklab
2025-05-07 5:28 ` dpdklab
2025-05-07 5:39 ` dpdklab
2025-05-07 6:01 ` |PENDING| " dpdklab
2025-05-07 6:50 ` |SUCCESS| " dpdklab
2025-05-07 6:52 ` dpdklab
2025-05-07 8:15 ` |WARNING| " dpdklab
2025-05-07 8:18 ` |PENDING| " dpdklab
2025-05-07 9:11 ` dpdklab
2025-05-07 9:35 ` |FAILURE| " dpdklab
2025-05-07 9:36 ` dpdklab
2025-05-07 9:38 ` dpdklab
2025-05-07 9:44 ` dpdklab
2025-05-07 9:52 ` dpdklab
2025-05-07 9:54 ` dpdklab
2025-05-07 9:55 ` dpdklab
2025-05-07 9:56 ` dpdklab
2025-05-07 9:56 ` dpdklab
2025-05-07 9:57 ` dpdklab
2025-05-07 10:05 ` dpdklab
2025-05-07 10:06 ` dpdklab
2025-05-07 10:13 ` |SUCCESS| " dpdklab
2025-05-07 10:17 ` |FAILURE| " dpdklab
2025-05-07 10:19 ` dpdklab
2025-05-07 10:23 ` dpdklab
2025-05-07 11:20 ` |SUCCESS| " dpdklab
2025-05-07 12:46 ` |FAILURE| " dpdklab
2025-05-07 17:48 ` dpdklab
2025-05-07 17:58 ` dpdklab
2025-05-07 17:58 ` dpdklab
2025-05-07 18:09 ` dpdklab
2025-05-07 20:49 ` dpdklab [this message]
Reply instructions:
You may reply publicly to this message via plain-text email
using any one of the following methods:
* Save the following mbox file, import it into your mail client,
and reply-to-all from there: mbox
Avoid top-posting and favor interleaved quoting:
https://en.wikipedia.org/wiki/Posting_style#Interleaved_style
* Reply using the --to, --cc, and --in-reply-to
switches of git-send-email(1):
git send-email \
--in-reply-to=681bc742.d40a0220.28f557.8fd7SMTPIN_ADDED_MISSING@mx.google.com \
--to=dpdklab@iol.unh.edu \
--cc=dpdk-test-reports@iol.unh.edu \
--cc=test-report@dpdk.org \
/path/to/YOUR_REPLY
https://kernel.org/pub/software/scm/git/docs/git-send-email.html
* If your mail client supports setting the In-Reply-To header
via mailto: links, try the mailto: link
Be sure your reply has a Subject: header at the top and a blank line
before the message body.
This is a public inbox, see mirroring instructions
for how to clone and mirror all data and code used for this inbox;
as well as URLs for NNTP newsgroup(s).