From mboxrd@z Thu Jan 1 00:00:00 1970 Return-Path: Received: from mails.dpdk.org (mails.dpdk.org [217.70.189.124]) by inbox.dpdk.org (Postfix) with ESMTP id 1300A466F0 for ; Thu, 8 May 2025 07:35:48 +0200 (CEST) Received: from mails.dpdk.org (localhost [127.0.0.1]) by mails.dpdk.org (Postfix) with ESMTP id 0CB184027C; Thu, 8 May 2025 07:35:48 +0200 (CEST) Received: from mail-oa1-f100.google.com (mail-oa1-f100.google.com [209.85.160.100]) by mails.dpdk.org (Postfix) with ESMTP id 097874025A for ; Thu, 8 May 2025 07:35:47 +0200 (CEST) Received: by mail-oa1-f100.google.com with SMTP id 586e51a60fabf-2cca475546fso411668fac.1 for ; Wed, 07 May 2025 22:35:46 -0700 (PDT) DKIM-Signature: v=1; a=rsa-sha256; c=relaxed/relaxed; d=iol.unh.edu; s=unh-iol; t=1746682546; x=1747287346; darn=dpdk.org; h=references:in-reply-to:cc:to:from:subject:message-id:date:from:to :cc:subject:date:message-id:reply-to; bh=CN4knYNfZ1hXkQoo5JUyBR86Xsdr6fChEriw2RSOhsw=; b=gYQmvoDkJ3Zt8O7ox6SdpJaGef3yJoYEl75Diktq3s0I/SjETXUM4VaV/c01XMTIsk CsEqPKbw1SI1Or9Xcig4W3nf8stl2+SNWFSHv8fyNulKQTUo/NstoJ3Pno9zu77XyYdA tuAsQhkZgPhMOXAkRndUprNav5MIyvro1dMu4= X-Google-DKIM-Signature: v=1; a=rsa-sha256; c=relaxed/relaxed; d=1e100.net; s=20230601; t=1746682546; x=1747287346; h=references:in-reply-to:cc:to:from:subject:message-id:date :x-gm-message-state:from:to:cc:subject:date:message-id:reply-to; bh=CN4knYNfZ1hXkQoo5JUyBR86Xsdr6fChEriw2RSOhsw=; b=E7HprQ4CCAsiw7O8ZFessPwLltHK3vOkJzXh1wjqDIxNoX2BdBzOW+1Dk0AbqndQAY k+6sy7y1yQ19bPSxjm3nqWwHLhg1k3nlVzHTtbCA7DZYN1borLBWjDeG13FIChZujRYw itAtJ3yogpyUtLPsUXX/ZmheSn/eWEwrBpI75YnwVPga2+hXqJEpY4dA6CGsy3Gi8jh4 MJeyvaWUp6JOMTzKs74/inNV8iUYQ4vLnHFOeIaxFS21aK9QPpwtTExX1Xgfx5FarW+e EPZHQUQAcE8POohjH0lbfeh228hsFTpwUXV/4oY1dqrfnhKR+7odYq8PKKv7blndGYXa IHnQ== X-Gm-Message-State: AOJu0Yylxn2IuTE98rtH0JibtMjKSUGcUrCNOq95h8HWqOv+H0vNu9xr cB4EwihQRUxAGx/8R+8+HW0+eXcuA8EPb7g/q3rqXpiklbfurjFWffrlktsbAW4LPfq6CmTn66x pUcqYHB9GGwhiRf7odUOEAekxWUS1JiJdbZdpCkgotIZdDxhRfULc+rm2 X-Gm-Gg: ASbGncu1Ji6YGjwavpaNjl0Y3DxptODwzwvE9cMJK+CDGpaSnvQALCCBsxSvvpukn9F iHx2aAlcKMoF10iq+FMjV3mTov6g8MKihx4qgH+r3rvQD/AhJI49A+R7g+vsy70LBx4TZ3d6MgH Ba0fGjwGlc+ju5gBpFDoZ24GbA+WjuHj/J0TM+bsItUU7vyPU/IbafDIcRbNz/rJbn/M57GL9Zi Z8BijM3DvgdhaRUwo2GM49yZ6R98a2nDHaxQ5eWLlT/JTpuj+6Cd1xQc5djfOglTT8h+lX9TUje KqPvHX2XHp1V7pHgxX7e9N1wOs8hCpeuwiXW X-Google-Smtp-Source: AGHT+IHNhhf6gLj0vn5uOyMEWT3OMvGSeC6YeH/URIY9sF9gSE2j4ossxWjFsUi0BTIFyOkGwmPGngYdVKMq X-Received: by 2002:a05:6870:71c6:b0:2c1:aed2:abd2 with SMTP id 586e51a60fabf-2db5be3a4f9mr3360729fac.16.1746682545998; Wed, 07 May 2025 22:35:45 -0700 (PDT) Received: from postal.iol.unh.edu (postal.iol.unh.edu. [2606:4100:3880:1234::84]) by smtp-relay.gmail.com with ESMTPS id 586e51a60fabf-2db5cd93124sm179215fac.19.2025.05.07.22.35.45 (version=TLS1_2 cipher=ECDHE-ECDSA-AES128-GCM-SHA256 bits=128/128); Wed, 07 May 2025 22:35:45 -0700 (PDT) X-Relaying-Domain: iol.unh.edu Date: Wed, 07 May 2025 22:35:45 -0700 (PDT) Message-ID: <681c42b1.050a0220.3d7606.a07bSMTPIN_ADDED_MISSING@mx.google.com> Received: from [172.21.0.5] (unknown [172.18.0.240]) by postal.iol.unh.edu (Postfix) with ESMTP id 775316052471; Thu, 8 May 2025 01:35:45 -0400 (EDT) Subject: |WARNING| pw153346 [PATCH] ethdev: optimize how the values of the fl From: dpdklab@iol.unh.edu To: Test Report Cc: dpdk-test-reports@iol.unh.edu In-Reply-To: <20250508023334.28416-1-sunyang.wu@jaguarmicro.com> References: <20250508023334.28416-1-sunyang.wu@jaguarmicro.com> Content-Type: text/plain X-BeenThere: test-report@dpdk.org X-Mailman-Version: 2.1.29 Precedence: list List-Id: automatic DPDK test reports List-Unsubscribe: , List-Archive: List-Post: List-Help: List-Subscribe: , Errors-To: test-report-bounces@dpdk.org Test-Label: iol-abi-testing Test-Status: WARNING http://dpdk.org/patch/153346 _Testing issues_ Submitter: Sunyang Wu Date: Thursday, May 08 2025 02:33:34 DPDK git baseline: Repo:dpdk Branch: master CommitID:ff05ee3e3f8fb4ce958a2ce6461e8141aea959c6 153346 --> testing issues Upstream job id: Generic-DPDK-Compile-ABI#125697 Test environment and result as below: +-------------------+----------+ | Environment | abi_test | +===================+==========+ | Debian 12 | FAIL | +-------------------+----------+ | Fedora 40 (Clang) | FAIL | +-------------------+----------+ | CentOS Stream 10 | FAIL | +-------------------+----------+ | CentOS Stream 9 | FAIL | +-------------------+----------+ | Fedora 40 | FAIL | +-------------------+----------+ | Fedora 41 (Clang) | FAIL | +-------------------+----------+ | openSUSE Leap 15 | FAIL | +-------------------+----------+ | RHEL8 | FAIL | +-------------------+----------+ | Ubuntu 22.04 | FAIL | +-------------------+----------+ | Ubuntu 24.04 | FAIL | +-------------------+----------+ | RHEL9 | FAIL | +-------------------+----------+ | Fedora 41 | FAIL | +-------------------+----------+ ==== 20 line log output for Fedora 41 (abi_test): ==== Variables changes summary: 0 Removed, 0 Changed, 0 Added variable Functions changes summary: 0 Removed, 0 Changed (14 filtered out), 0 Added (4 filtered out) functions Variables changes summary: 0 Removed, 0 Changed, 0 Added variable Functions changes summary: 0 Removed, 0 Changed (5 filtered out), 0 Added functions Variables changes summary: 0 Removed, 0 Changed, 0 Added variable Functions changes summary: 0 Removed, 0 Changed (2 filtered out), 0 Added functions Variables changes summary: 0 Removed, 0 Changed, 0 Added variable Functions changes summary: 0 Removed, 0 Changed (7 filtered out), 0 Added functions Variables changes summary: 0 Removed, 0 Changed, 0 Added variable Functions changes summary: 0 Removed, 0 Changed (4 filtered out), 0 Added (1 filtered out) functions Variables changes summary: 0 Removed, 0 Changed (1 filtered out), 0 Added variable Functions changes summary: 0 Removed, 0 Changed (215 filtered out), 0 Added (2 filtered out) functions Variables changes summary: 0 Removed, 0 Changed, 0 Added variable ==== End log output ==== Debian 12 Kernel: Depends on container host Compiler: gcc (Debian 12.2.0-14) 12.2.0 Fedora 40 (Clang) Kernel: Depends on container host Compiler: clang 18.1.8 (Fedora 18.1.8-1.fc40) CentOS Stream 10 Kernel: Depends on container host Compiler: gcc 14.2.1 20241104 (Red Hat 14.2.1-6) CentOS Stream 9 Kernel: Depends on container host Compiler: gcc 11.5.0 20240719 (Red Hat 11.5.0-2) Fedora 40 Kernel: Depends on container host Compiler: gcc 14.2.1 20240912 (Red Hat 14.2.1-3) Fedora 41 (Clang) Kernel: Depends on container host Compiler: clang 19.1.5 (Fedora 19.1.5-1.fc41) openSUSE Leap 15 Kernel: Depends on container host Compiler: gcc (SUSE Linux) 7.5.0 RHEL8 Kernel: Depends on container host Compiler: gcc 8.5.0 20210514 (Red Hat 8.5.0-22) Ubuntu 22.04 Kernel: Depends on container host Compiler: gcc (Ubuntu 11.4.0-1ubuntu1~22.04) 11.4.0 Ubuntu 24.04 Kernel: Depends on container host Compiler: gcc (Ubuntu 13.3.0-6ubuntu2~24.04) 13.3.0 RHEL9 Kernel: Depends on container host Compiler: gcc 11.5.0 20240719 (Red Hat 11.5.0-2) Fedora 41 Kernel: Depends on container host Compiler: gcc 14.2.1 20240912 (Red Hat 14.2.1-3) To view detailed results, visit: https://lab.dpdk.org/results/dashboard/patchsets/33135/ UNH-IOL DPDK Community Lab To manage your email subscriptions, visit: https://lab.dpdk.org/results/dashboard/preferences/subscriptions/