From mboxrd@z Thu Jan 1 00:00:00 1970 Return-Path: Received: from mails.dpdk.org (mails.dpdk.org [217.70.189.124]) by inbox.dpdk.org (Postfix) with ESMTP id 5944D4669D for ; Thu, 8 May 2025 09:23:00 +0200 (CEST) Received: from mails.dpdk.org (localhost [127.0.0.1]) by mails.dpdk.org (Postfix) with ESMTP id 541394027C; Thu, 8 May 2025 09:23:00 +0200 (CEST) Received: from mail-ua1-f97.google.com (mail-ua1-f97.google.com [209.85.222.97]) by mails.dpdk.org (Postfix) with ESMTP id CF4D44025A for ; Thu, 8 May 2025 09:22:58 +0200 (CEST) Received: by mail-ua1-f97.google.com with SMTP id a1e0cc1a2514c-87843d9d40bso175488241.2 for ; Thu, 08 May 2025 00:22:58 -0700 (PDT) DKIM-Signature: v=1; a=rsa-sha256; c=relaxed/relaxed; d=iol.unh.edu; s=unh-iol; t=1746688978; x=1747293778; darn=dpdk.org; h=cc:to:from:subject:message-id:date:from:to:cc:subject:date :message-id:reply-to; bh=bJfY2/aQCcvqUW8DNL0kFas4WZCLEyNIy1R7M4aHbls=; b=bB+rO6IKnk/3XEgpotGqBtChdtkHqEs/SfzJW90NXHgGZf2pcGmOMCVMojv0bb8HCt LlbRDNcgtlY8KUcmYJmZxsrJkfI/PdXR2CrA7WdE6wjnbv0UGZUqw4RkSteB/XPAUvXj Y/p0U9jHIrGxrqvxVDX0mpAs0uqLDejh/5HF0= X-Google-DKIM-Signature: v=1; a=rsa-sha256; c=relaxed/relaxed; d=1e100.net; s=20230601; t=1746688978; x=1747293778; h=cc:to:from:subject:message-id:date:x-gm-message-state:from:to:cc :subject:date:message-id:reply-to; bh=bJfY2/aQCcvqUW8DNL0kFas4WZCLEyNIy1R7M4aHbls=; b=av37mpcybqcN37f3ZATMY5HJz2aTjvckTz1S9DAqA0PBgNEbgcUCcg+P5cB3F+x7IF tgoK4+eAmwyaSBIG3HC+da1oGjxYIdQ+wdqZVgIeRdm2abCvyUc0gGnrmWQhY0WxKJth k4hf0HxbzIqVsU3rCZRb6bOCJkYpvNSgEIn62jOBJG43l3cLlQj27ueZI6YDabVPfcSq 5LerMuR7o9R9fir05CNxce/oW35PFiHbzhNLxbdPwre7akWSONftlb0hysRJu75UKFDS TiigKi0gMjup99795U12+RgbP6B1mPS5WOqPxTYvr+AEFtcWYZpa/CPaN1IVMFAqYBkg LNag== X-Gm-Message-State: AOJu0YzXHbKjeF+x3c4Nj7sgIl+BS0+K2fQCL8ozX8BHAFKvzepfzjgj Et2l0oVB392JlhYNxdlwV9obUXPRZtMfLiQQIQN9WVzDTci1UbwHq4glZgibPCcNoRwSbx468e4 DTO7LEiiPYkI6zPZlx9Y3wyqRHAlsuGkB X-Gm-Gg: ASbGncvTXgBKpynInLJrEU9my9+rWT+sXh6fDDo0byU7mYdc2YpftbIkGuHHu84M3jf 5Vm90ae9cxAtq5DqJwPQIaV2Gi4e4aYBcLtl9+bFAaHaUieKtZjg64zw7sfBudG2QNhvb4oO8yg daPhqNgqi1sJUdUzErXhdef5WAya9hxD+szTvkke0N6rZbeTWZXLX4x3njuqEl7xvLLPrct4zjZ EnQGmdW60PyuXWk/dumikEF2CLs/KZcgbM7LHIt+4HFZhN0ZH+kzDt6jzc9kBvUYfVSJtRo+xke qty8iXpyXZXzm3u9IQaYRwH+yz+zaeYbd891Obdun9kDolEWN4QNNoOPgFs= X-Google-Smtp-Source: AGHT+IEvD/Cvm+QPUErhvQ4su/9pLopgPgxjh1aLdDRwxOAS1hsrggyvlb16lbWG12TT706vGJyq+P61uubr X-Received: by 2002:a05:6102:504b:b0:4c3:64bd:5405 with SMTP id ada2fe7eead31-4dc737d5f8cmr5010875137.9.1746688978132; Thu, 08 May 2025 00:22:58 -0700 (PDT) Received: from postal.iol.unh.edu (postal.iol.unh.edu. [132.177.123.84]) by smtp-relay.gmail.com with ESMTPS id a1e0cc1a2514c-8780afe9e7esm925443241.3.2025.05.08.00.22.58 (version=TLS1_2 cipher=ECDHE-ECDSA-AES128-GCM-SHA256 bits=128/128); Thu, 08 May 2025 00:22:58 -0700 (PDT) X-Relaying-Domain: iol.unh.edu Date: Thu, 08 May 2025 00:22:58 -0700 (PDT) Message-ID: <681c5bd2.050a0220.21021c.14b1SMTPIN_ADDED_MISSING@mx.google.com> Received: from [172.21.0.6] (unknown [172.18.0.240]) by postal.iol.unh.edu (Postfix) with ESMTP id C3CD76052471; Thu, 8 May 2025 03:22:57 -0400 (EDT) Subject: |WARNING| [GIT MASTER] 4401486b5e30d43a134f80f9802f60b5f43e74a8 From: dpdklab@iol.unh.edu To: Test Report Cc: dpdk-test-reports@iol.unh.edu, Xueming Li , Christian Ehrhardt , Kevin Traynor , Luca Boccassi Content-Type: text/plain X-BeenThere: test-report@dpdk.org X-Mailman-Version: 2.1.29 Precedence: list List-Id: automatic DPDK test reports List-Unsubscribe: , List-Archive: List-Post: List-Help: List-Subscribe: , Errors-To: test-report-bounces@dpdk.org _Testing issues_ Branch: tags/v22.11 4401486b5e30d43a134f80f9802f60b5f43e74a8 --> testing issues Upstream job id: Generic-DPDK-Compile-ABI#125725 Test environment and result as below: +-------------------+----------+ | Environment | abi_test | +===================+==========+ | CentOS Stream 9 | PASS | +-------------------+----------+ | Debian 12 | PEND | +-------------------+----------+ | CentOS Stream 10 | FAIL | +-------------------+----------+ | Fedora 41 | PEND | +-------------------+----------+ | Fedora 40 (Clang) | PASS | +-------------------+----------+ | RHEL8 | PASS | +-------------------+----------+ | openSUSE Leap 15 | PASS | +-------------------+----------+ | Fedora 40 | PEND | +-------------------+----------+ | RHEL9 | PEND | +-------------------+----------+ | Fedora 41 (Clang) | PEND | +-------------------+----------+ | Ubuntu 22.04 | PASS | +-------------------+----------+ | Ubuntu 24.04 | PEND | +-------------------+----------+ ==== 20 line log output for CentOS Stream 10 (abi_test): ==== './librte_regex_cn9k.so.23.0' -> 'dpdk/pmds-23.0/librte_regex_cn9k.so.23.0' './librte_regex_mlx5.so' -> 'dpdk/pmds-23.0/librte_regex_mlx5.so' './librte_regex_mlx5.so.23' -> 'dpdk/pmds-23.0/librte_regex_mlx5.so.23' './librte_regex_mlx5.so.23.0' -> 'dpdk/pmds-23.0/librte_regex_mlx5.so.23.0' './librte_vdpa_ifc.so' -> 'dpdk/pmds-23.0/librte_vdpa_ifc.so' './librte_vdpa_ifc.so.23' -> 'dpdk/pmds-23.0/librte_vdpa_ifc.so.23' './librte_vdpa_ifc.so.23.0' -> 'dpdk/pmds-23.0/librte_vdpa_ifc.so.23.0' './librte_vdpa_mlx5.so' -> 'dpdk/pmds-23.0/librte_vdpa_mlx5.so' './librte_vdpa_mlx5.so.23' -> 'dpdk/pmds-23.0/librte_vdpa_mlx5.so.23' './librte_vdpa_mlx5.so.23.0' -> 'dpdk/pmds-23.0/librte_vdpa_mlx5.so.23.0' './librte_vdpa_sfc.so' -> 'dpdk/pmds-23.0/librte_vdpa_sfc.so' './librte_vdpa_sfc.so.23' -> 'dpdk/pmds-23.0/librte_vdpa_sfc.so.23' './librte_vdpa_sfc.so.23.0' -> 'dpdk/pmds-23.0/librte_vdpa_sfc.so.23.0' Installing /root/workspace/Generic-DPDK-Compile-ABI@4/dpdk/usertools/dpdk-hugepages.py to /root/workspace/Generic-DPDK-Compile-ABI@4/build_install/usr/local/bin Installing /root/workspace/Generic-DPDK-Compile-ABI@4/dpdk/build/rte_build_config.h to /root/workspace/Generic-DPDK-Compile-ABI@4/build_install/usr/local/include Installing /root/workspace/Generic-DPDK-Compile-ABI@4/dpdk/build/meson-private/libdpdk-libs.pc to /root/workspace/Generic-DPDK-Compile-ABI@4/build_install/usr/local/lib64/pkgconfig Installing /root/workspace/Generic-DPDK-Compile-ABI@4/dpdk/build/meson-private/libdpdk.pc to /root/workspace/Generic-DPDK-Compile-ABI@4/build_install/usr/local/lib64/pkgconfig Running custom install script '/bin/sh /root/workspace/Generic-DPDK-Compile-ABI@4/dpdk/config/../buildtools/symlink-drivers-solibs.sh lib64 dpdk/pmds-23.0' ==== Compiled DPDK with debugoptimized bash: /scripts/generate_abi.sh: No such file or directory ==== End log output ==== CentOS Stream 9 Kernel: Depends on container host Compiler: gcc 11.5.0 20240719 (Red Hat 11.5.0-2) Debian 12 Kernel: Depends on container host Compiler: gcc (Debian 12.2.0-14) 12.2.0 CentOS Stream 10 Kernel: Depends on container host Compiler: gcc 14.2.1 20241104 (Red Hat 14.2.1-6) Fedora 41 Kernel: Depends on container host Compiler: gcc 14.2.1 20240912 (Red Hat 14.2.1-3) Fedora 40 (Clang) Kernel: Depends on container host Compiler: clang 18.1.8 (Fedora 18.1.8-1.fc40) RHEL8 Kernel: Depends on container host Compiler: gcc 8.5.0 20210514 (Red Hat 8.5.0-22) openSUSE Leap 15 Kernel: Depends on container host Compiler: gcc (SUSE Linux) 7.5.0 Fedora 40 Kernel: Depends on container host Compiler: gcc 14.2.1 20240912 (Red Hat 14.2.1-3) RHEL9 Kernel: Depends on container host Compiler: gcc 11.5.0 20240719 (Red Hat 11.5.0-2) Fedora 41 (Clang) Kernel: Depends on container host Compiler: clang 19.1.5 (Fedora 19.1.5-1.fc41) Ubuntu 22.04 Kernel: Depends on container host Compiler: gcc (Ubuntu 11.4.0-1ubuntu1~22.04) 11.4.0 Ubuntu 24.04 Kernel: Depends on container host Compiler: gcc (Ubuntu 13.3.0-6ubuntu2~24.04) 13.3.0 To view detailed results, visit: https://lab.dpdk.org/results/dashboard/tarballs/33475/ UNH-IOL DPDK Community Lab To manage your email subscriptions, visit: https://lab.dpdk.org/results/dashboard/preferences/subscriptions/