From mboxrd@z Thu Jan 1 00:00:00 1970 Return-Path: Received: from mails.dpdk.org (mails.dpdk.org [217.70.189.124]) by inbox.dpdk.org (Postfix) with ESMTP id 4D05A466F2 for ; Thu, 8 May 2025 09:59:03 +0200 (CEST) Received: from mails.dpdk.org (localhost [127.0.0.1]) by mails.dpdk.org (Postfix) with ESMTP id 49370402B3; Thu, 8 May 2025 09:59:03 +0200 (CEST) Received: from mail-il1-f228.google.com (mail-il1-f228.google.com [209.85.166.228]) by mails.dpdk.org (Postfix) with ESMTP id 2ABEC4027C for ; Thu, 8 May 2025 09:59:02 +0200 (CEST) Received: by mail-il1-f228.google.com with SMTP id e9e14a558f8ab-3d817bc6eb0so3194885ab.1 for ; Thu, 08 May 2025 00:59:02 -0700 (PDT) DKIM-Signature: v=1; a=rsa-sha256; c=relaxed/relaxed; d=iol.unh.edu; s=unh-iol; t=1746691141; x=1747295941; darn=dpdk.org; h=cc:to:from:subject:message-id:date:from:to:cc:subject:date :message-id:reply-to; bh=qRQiYKnhdnSMcGLJ419lFH/58FIQhCGIxFnMkLb1Wrg=; b=eRFn7qefc1l0u6ABoGRVwx6c+4cSMyXPOIn86PKEa/hVN9MPQNM/s1UkM58AcAb/TS btArxG/7Tsbqp3XpgBPxwaIoiLcr5yefpmPzKmHFA6FQMCM6bTMODLivxL8p98YsWmyp H0ssZO3UkKtL/nElmBUCY2+Kx9reTPkQDDPWI= X-Google-DKIM-Signature: v=1; a=rsa-sha256; c=relaxed/relaxed; d=1e100.net; s=20230601; t=1746691141; x=1747295941; h=cc:to:from:subject:message-id:date:x-gm-message-state:from:to:cc :subject:date:message-id:reply-to; bh=qRQiYKnhdnSMcGLJ419lFH/58FIQhCGIxFnMkLb1Wrg=; b=PKh/zB+5unKGuT0jc1emi3QHVZ85p3JcMMMyipCMM0obp9bxKOLwc89/Khur6yJBvD Leo/uXDV82WaVF/TOR6tLDeqFMD08/OjrXogaC6NBzZxso8YOky7KrQMZwYONBzD24Hd hwP54Y9mVIi378d6JgG3Hm1mEEw9bz0YvysEXh7ZuRY5W+u8rLC/DXpIu9Rq0zD6IwfP mIbxPfP6QP5AHNWVB64VBIE8k2R82Zl6/YM1/L2wq/89wxmtBwelJX1MscClN3033RT4 nSxfWy3OPWE1gYHH6bhdkyDNH0y/8A2R7f+hx/agoLgQyc0Rv0jF/pRNfPpCMwqp8hjL KFyw== X-Gm-Message-State: AOJu0YwuB7VSQo8OVdCt5GTLVMKBalIR8vcmWdMjUOPu53V5aHpRAkmz skN252Vytzg1yL47RDygjCTtQ4uJDYgJUb3c7M57dj+RwoZJnO+3dYZvXbBxX5VO623BagUBfXB YBUW1csMsvZjbTK499w+NTXYq5zOHuo5TatVHXutOoK0NjtZG X-Gm-Gg: ASbGncuawYPJcYUSn1LhHDP4M3X1BaywsLXosjfnysDGD0LksjVYJ6cf+YCR0lBSSjB FLBniItaG6/VtrruKGI6Ri31VpewQ0Px9eQBhzlPq1OMZU+ct3JxPK5tbwpuLVMK0MyMIveg4xU oVP1ZK0Bht32Njglp2RymUfRSmZs4hv7gITywhj8smAgENNE1emmWzZaw5S9/NMocAkIKIX1OyA qUQ4ZyFCT5ApSgwfzOpFQ/qWI13MxlbzlWhFaZaitRAhbeoNX6jZrlCsmn1YDNctu3zevKwXlTS AdCA9n769ZekgZuu2t2FVhz3VV/RonpTQgLw X-Google-Smtp-Source: AGHT+IHZZmPP0HpU96cqC6rtI2WatQcFI71UmWYQL/vJZ+gnoumY3L5MvzXAezU11IA1jLcvirdDjI3DAdg/ X-Received: by 2002:a05:6e02:1748:b0:3d8:1d0e:5308 with SMTP id e9e14a558f8ab-3da738f96eemr69804955ab.6.1746691141432; Thu, 08 May 2025 00:59:01 -0700 (PDT) Received: from postal.iol.unh.edu (postal.iol.unh.edu. [2606:4100:3880:1234::84]) by smtp-relay.gmail.com with ESMTPS id e9e14a558f8ab-3da7644cc1esm1651655ab.8.2025.05.08.00.59.01 (version=TLS1_2 cipher=ECDHE-ECDSA-AES128-GCM-SHA256 bits=128/128); Thu, 08 May 2025 00:59:01 -0700 (PDT) X-Relaying-Domain: iol.unh.edu Date: Thu, 08 May 2025 00:59:01 -0700 (PDT) Message-ID: <681c6445.050a0220.2a0d29.8d30SMTPIN_ADDED_MISSING@mx.google.com> Received: from [172.21.0.5] (unknown [172.18.0.240]) by postal.iol.unh.edu (Postfix) with ESMTP id E3B2C6052471; Thu, 8 May 2025 03:59:00 -0400 (EDT) Subject: |WARNING| [GIT MASTER] 4401486b5e30d43a134f80f9802f60b5f43e74a8 From: dpdklab@iol.unh.edu To: Test Report Cc: dpdk-test-reports@iol.unh.edu, Xueming Li , Christian Ehrhardt , Kevin Traynor , Luca Boccassi Content-Type: text/plain X-BeenThere: test-report@dpdk.org X-Mailman-Version: 2.1.29 Precedence: list List-Id: automatic DPDK test reports List-Unsubscribe: , List-Archive: List-Post: List-Help: List-Subscribe: , Errors-To: test-report-bounces@dpdk.org _Testing issues_ Branch: tags/v22.11 4401486b5e30d43a134f80f9802f60b5f43e74a8 --> testing issues Upstream job id: Generic-DPDK-Compile-ABI#125729 Test environment and result as below: +-------------------+----------+ | Environment | abi_test | +===================+==========+ | CentOS Stream 9 | PASS | +-------------------+----------+ | Debian 12 | FAIL | +-------------------+----------+ | CentOS Stream 10 | FAIL | +-------------------+----------+ | Fedora 41 | PASS | +-------------------+----------+ | Fedora 40 (Clang) | PASS | +-------------------+----------+ | RHEL8 | PASS | +-------------------+----------+ | openSUSE Leap 15 | PASS | +-------------------+----------+ | Fedora 40 | PASS | +-------------------+----------+ | RHEL9 | PASS | +-------------------+----------+ | Fedora 41 (Clang) | PASS | +-------------------+----------+ | Ubuntu 22.04 | PASS | +-------------------+----------+ | Ubuntu 24.04 | FAIL | +-------------------+----------+ ==== 20 line log output for Ubuntu 24.04 (abi_test): ==== './librte_vdpa_ifc.so.23' -> 'dpdk/pmds-23.0/librte_vdpa_ifc.so.23' './librte_vdpa_ifc.so.23.0' -> 'dpdk/pmds-23.0/librte_vdpa_ifc.so.23.0' './librte_vdpa_mlx5.so' -> 'dpdk/pmds-23.0/librte_vdpa_mlx5.so' './librte_vdpa_mlx5.so.23' -> 'dpdk/pmds-23.0/librte_vdpa_mlx5.so.23' './librte_vdpa_mlx5.so.23.0' -> 'dpdk/pmds-23.0/librte_vdpa_mlx5.so.23.0' './librte_vdpa_sfc.so' -> 'dpdk/pmds-23.0/librte_vdpa_sfc.so' './librte_vdpa_sfc.so.23' -> 'dpdk/pmds-23.0/librte_vdpa_sfc.so.23' './librte_vdpa_sfc.so.23.0' -> 'dpdk/pmds-23.0/librte_vdpa_sfc.so.23.0' Installing /root/workspace/Generic-DPDK-Compile-ABI@2/dpdk/drivers/baseband/fpga_5gnr_fec/rte_pmd_fpga_5gnr_fec.h to /root/workspace/Generic-DPDK-Compile-ABI@2/build_install/usr/local/include Installing /root/workspace/Generic-DPDK-Compile-ABI@2/dpdk/usertools/dpdk-devbind.py to /root/workspace/Generic-DPDK-Compile-ABI@2/build_install/usr/local/bin Installing /root/workspace/Generic-DPDK-Compile-ABI@2/dpdk/usertools/dpdk-pmdinfo.py to /root/workspace/Generic-DPDK-Compile-ABI@2/build_install/usr/local/bin Installing /root/workspace/Generic-DPDK-Compile-ABI@2/dpdk/usertools/dpdk-telemetry.py to /root/workspace/Generic-DPDK-Compile-ABI@2/build_install/usr/local/bin Installing /root/workspace/Generic-DPDK-Compile-ABI@2/dpdk/usertools/dpdk-hugepages.py to /root/workspace/Generic-DPDK-Compile-ABI@2/build_install/usr/local/bin Installing /root/workspace/Generic-DPDK-Compile-ABI@2/dpdk/doc/guides/custom.css to /root/workspace/Generic-DPDK-Compile-ABI@2/build_install/usr/local/share/doc/dpdk/_static/css Installing /root/workspace/Generic-DPDK-Compile-ABI@2/dpdk/build/rte_build_config.h to /root/workspace/Generic-DPDK-Compile-ABI@2/build_install/usr/local/include Installing /root/workspace/Generic-DPDK-Compile-ABI@2/dpdk/build/meson-private/libdpdk-libs.pc to /root/workspace/Generic-DPDK-Compile-ABI@2/build_install/usr/local/lib/x86_64-linux-gnu/pkgconfig Installing /root/workspace/Generic-DPDK-Compile-ABI@2/dpdk/build/meson-private/libdpdk.pc to /root/workspace/Generic-DPDK-Compile-ABI@2/build_install/usr/local/lib/x86_64-linux-gnu/pkgconfig Running custom install script '/bin/sh /root/workspace/Generic-DPDK-Compile-ABI@2/dpdk/config/../buildtools/symlink-drivers-solibs.sh lib/x86_64-linux-gnu dpdk/pmds-23.0' ==== Compiled DPDK with debugoptimized bash: /scripts/generate_abi.sh: No such file or directory ==== End log output ==== CentOS Stream 9 Kernel: Depends on container host Compiler: gcc 11.5.0 20240719 (Red Hat 11.5.0-2) Debian 12 Kernel: Depends on container host Compiler: gcc (Debian 12.2.0-14) 12.2.0 CentOS Stream 10 Kernel: Depends on container host Compiler: gcc 14.2.1 20241104 (Red Hat 14.2.1-6) Fedora 41 Kernel: Depends on container host Compiler: gcc 14.2.1 20240912 (Red Hat 14.2.1-3) Fedora 40 (Clang) Kernel: Depends on container host Compiler: clang 18.1.8 (Fedora 18.1.8-1.fc40) RHEL8 Kernel: Depends on container host Compiler: gcc 8.5.0 20210514 (Red Hat 8.5.0-22) openSUSE Leap 15 Kernel: Depends on container host Compiler: gcc (SUSE Linux) 7.5.0 Fedora 40 Kernel: Depends on container host Compiler: gcc 14.2.1 20240912 (Red Hat 14.2.1-3) RHEL9 Kernel: Depends on container host Compiler: gcc 11.5.0 20240719 (Red Hat 11.5.0-2) Fedora 41 (Clang) Kernel: Depends on container host Compiler: clang 19.1.5 (Fedora 19.1.5-1.fc41) Ubuntu 22.04 Kernel: Depends on container host Compiler: gcc (Ubuntu 11.4.0-1ubuntu1~22.04) 11.4.0 Ubuntu 24.04 Kernel: Depends on container host Compiler: gcc (Ubuntu 13.3.0-6ubuntu2~24.04) 13.3.0 To view detailed results, visit: https://lab.dpdk.org/results/dashboard/tarballs/33475/ UNH-IOL DPDK Community Lab To manage your email subscriptions, visit: https://lab.dpdk.org/results/dashboard/preferences/subscriptions/