From mboxrd@z Thu Jan 1 00:00:00 1970 Return-Path: Received: from mails.dpdk.org (mails.dpdk.org [217.70.189.124]) by inbox.dpdk.org (Postfix) with ESMTP id 1C6D2466F4 for ; Thu, 8 May 2025 11:28:21 +0200 (CEST) Received: from mails.dpdk.org (localhost [127.0.0.1]) by mails.dpdk.org (Postfix) with ESMTP id 17D80402E7; Thu, 8 May 2025 11:28:21 +0200 (CEST) Received: from mail-oi1-f226.google.com (mail-oi1-f226.google.com [209.85.167.226]) by mails.dpdk.org (Postfix) with ESMTP id 3E7104026B for ; Thu, 8 May 2025 11:28:20 +0200 (CEST) Received: by mail-oi1-f226.google.com with SMTP id 5614622812f47-3fbaa18b810so258227b6e.2 for ; Thu, 08 May 2025 02:28:20 -0700 (PDT) DKIM-Signature: v=1; a=rsa-sha256; c=relaxed/relaxed; d=iol.unh.edu; s=unh-iol; t=1746696499; x=1747301299; darn=dpdk.org; h=cc:to:from:subject:message-id:date:from:to:cc:subject:date :message-id:reply-to; bh=/dHEfFcWJpePC6AE2izLrr/aFM/oQLQYawoZhQ5qq30=; b=he+lZCIYlT4KhFe2D3+8Le8vuKha23+Qrk/m834ROk/0uepK32YVjC5KRJ03pQWdbM BM06L6Iqo3FZQAD5q74M9IhDbgKb4tcwhd+C9INFUbnfhT01h+NQVVrqFQ7UG531nnjc R/tKQ92Hah2Z5vrGVeu9ijoajti2CQfFG8y5g= X-Google-DKIM-Signature: v=1; a=rsa-sha256; c=relaxed/relaxed; d=1e100.net; s=20230601; t=1746696499; x=1747301299; h=cc:to:from:subject:message-id:date:x-gm-message-state:from:to:cc :subject:date:message-id:reply-to; bh=/dHEfFcWJpePC6AE2izLrr/aFM/oQLQYawoZhQ5qq30=; b=BJlAs2wUGgW0kJcbkUvoA2dy8bO3k8kxSi7sQf+fqMCsriInMC3D9biZbFOj6DJcY5 iO5StxHrBJG0bEFEbY6Smhlhsjdo9TT6L34R8eMkciOiVjpB65DvNm3wRTSgdQSWxpml IzZrDJMKdmthGjSS/4uAJ74SAmSKKzE0u0hCvA8rlWg01A35ac2YCuPMDBNterSjBJSo 6h1lH0OY6XaZU1nxLmJMqfNsOv18WO6xRPh02Kv4cKLVhT8uoDyEzY4tG9aukZFSNbP/ R+a/p5t1SBift4DuUzwImEqAgxd7V6p4iaJBCk/88AD1NIPcleKQN4vvGuV5wPmGsFRb neGg== X-Gm-Message-State: AOJu0Yx5E2Ymm125nuVX1zYKwJkix1Y5S8ibiJYQNkqVwSeO28t8o788 YC2zqvCx0X/aZnlbN1b77rMCUmOd8L4Y4uTGKH8bdPsU4Gb5BEeGbahBFYXbHNB5mr+aVMVTNel cywdVxxxkRDKbKXkQAfIR/zwJ9r6pQ1A9 X-Gm-Gg: ASbGnctWMCaCWnAH5X6+xsRY/6hFOl7Ex2JC+1Y1LhPvVZYVD66J9gl+1bv6p9omje6 cZi2mtYuesdXXCWFwqgAEA/oA+6s/PzxJtM8ofs/sPRNzyBubJoSDrG3V64jFsizqiLU0qOJD63 doV53+3kJX8sftc5MZYgdoI9Oj5BsDAJDHVeyO3E42aNJCIWQrWja+q4+A/hwvXJPUFFFkHkkfM rvHLZaLqCtLDHV2OrPIBAntPSft8/D/GFfsczvFUO/l9agl6HsHFS0W1gz79RybSzrwq//gitjc 0ssxAglJvYSrXLcvhNfLnG3vBOjcD8S3x5fAd8p+CK4PiKiNw+eUWzikYYE= X-Google-Smtp-Source: AGHT+IEUM88kUDe4xnK1PA3iegktG32oBpRMX2iI3+Te9JzExPNHgDHqNAm4ARTdO6kSYkO4TiL72u4T6t1k X-Received: by 2002:a05:6820:1a05:b0:606:8671:1b28 with SMTP id 006d021491bc7-60828d190bbmr3866568eaf.4.1746696499060; Thu, 08 May 2025 02:28:19 -0700 (PDT) Received: from postal.iol.unh.edu (postal.iol.unh.edu. [132.177.123.84]) by smtp-relay.gmail.com with ESMTPS id 006d021491bc7-607e773daf3sm1634082eaf.0.2025.05.08.02.28.18 (version=TLS1_2 cipher=ECDHE-ECDSA-AES128-GCM-SHA256 bits=128/128); Thu, 08 May 2025 02:28:19 -0700 (PDT) X-Relaying-Domain: iol.unh.edu Date: Thu, 08 May 2025 02:28:19 -0700 (PDT) Message-ID: <681c7933.050a0220.fc642.4aebSMTPIN_ADDED_MISSING@mx.google.com> Received: from [172.21.0.13] (unknown [172.18.0.240]) by postal.iol.unh.edu (Postfix) with ESMTP id BE4386052471; Thu, 8 May 2025 05:28:17 -0400 (EDT) Subject: |WARNING| [GIT MASTER] 4401486b5e30d43a134f80f9802f60b5f43e74a8 From: dpdklab@iol.unh.edu To: Test Report Cc: dpdk-test-reports@iol.unh.edu, Xueming Li , Christian Ehrhardt , Kevin Traynor , Luca Boccassi Content-Type: text/plain X-BeenThere: test-report@dpdk.org X-Mailman-Version: 2.1.29 Precedence: list List-Id: automatic DPDK test reports List-Unsubscribe: , List-Archive: List-Post: List-Help: List-Subscribe: , Errors-To: test-report-bounces@dpdk.org _Testing issues_ Branch: tags/v22.11 4401486b5e30d43a134f80f9802f60b5f43e74a8 --> testing issues Upstream job id: Windows-Compile-DPDK-Native#28290 Test environment and result as below: +---------------------+--------------------+-------------------------+ | Environment | dpdk_meson_compile | dpdk_llvm_clang_compile | +=====================+====================+=========================+ | CentOS Stream 9 | PEND | SKIPPED | +---------------------+--------------------+-------------------------+ | Debian 12 | PEND | SKIPPED | +---------------------+--------------------+-------------------------+ | CentOS Stream 10 | PEND | SKIPPED | +---------------------+--------------------+-------------------------+ | Fedora 41 | PEND | SKIPPED | +---------------------+--------------------+-------------------------+ | Fedora 41 (Clang) | PEND | SKIPPED | +---------------------+--------------------+-------------------------+ | Ubuntu 20.04 | PASS | SKIPPED | +---------------------+--------------------+-------------------------+ | Fedora 40 (Clang) | PEND | SKIPPED | +---------------------+--------------------+-------------------------+ | Fedora 40 | PEND | SKIPPED | +---------------------+--------------------+-------------------------+ | RHEL9 | PEND | SKIPPED | +---------------------+--------------------+-------------------------+ | RHEL8 | PEND | SKIPPED | +---------------------+--------------------+-------------------------+ | openSUSE Leap 15 | PEND | SKIPPED | +---------------------+--------------------+-------------------------+ | FreeBSD 13.5 | PASS | SKIPPED | +---------------------+--------------------+-------------------------+ | Ubuntu 24.04 | PEND | SKIPPED | +---------------------+--------------------+-------------------------+ | Ubuntu 22.04 | PEND | SKIPPED | +---------------------+--------------------+-------------------------+ | FreeBSD 14.2 | PASS | SKIPPED | +---------------------+--------------------+-------------------------+ | Windows Server 2022 | SKIPPED | FAIL | +---------------------+--------------------+-------------------------+ ==== 20 line log output for Windows Server 2022 (dpdk_llvm_clang_compile): ==== ..\lib\eal\include/rte_common.h:850:32: note: expanded from macro 'RTE_FMT_TAIL' #define RTE_FMT_TAIL(fmt, ...) __VA_ARGS__ ^~~~~~~~~~~ ..\lib\eal\include/rte_common.h:848:39: note: expanded from macro 'RTE_FMT' #define RTE_FMT(fmt, ...) fmt "%.0s", __VA_ARGS__ "" ^~~~~~~~~~~ ../drivers/crypto/mlx5/mlx5_crypto.c:463:18: note: forward declaration of 'struct mlx5_err_cqe' volatile struct mlx5_err_cqe *cqe = (volatile struct mlx5_err_cqe *) ^ 3 errors generated. [626/788] Compiling C object drivers/libtmp_rte_crypto_mlx5.a.p/crypto_mlx5_mlx5_crypto_dek.c.obj [627/788] Linking static target drivers/libtmp_rte_net_octeon_ep.a [628/788] Compiling C object drivers/libtmp_rte_net_vmxnet3.a.p/net_vmxnet3_vmxnet3_ethdev.c.obj [629/788] Compiling C object drivers/libtmp_rte_net_vmxnet3.a.p/net_vmxnet3_vmxnet3_rxtx.c.obj [630/788] Compiling C object app/dpdk-testpmd.exe.p/test-pmd_csumonly.c.obj [631/788] Compiling C object app/dpdk-testpmd.exe.p/test-pmd_cmdline_flow.c.obj [632/788] Compiling C object app/test/dpdk-test.exe.p/test_cryptodev.c.obj [633/788] Compiling C object drivers/libtmp_rte_net_mlx5.a.p/net_mlx5_mlx5_tx_empw.c.obj [634/788] Compiling C object drivers/libtmp_rte_net_mlx5.a.p/net_mlx5_mlx5_tx_txpp.c.obj ninja: build stopped: subcommand failed. ==== End log output ==== CentOS Stream 9 Kernel: Depends on container host Compiler: gcc 11.5.0 20240719 (Red Hat 11.5.0-2) Debian 12 Kernel: Depends on container host Compiler: gcc (Debian 12.2.0-14) 12.2.0 CentOS Stream 10 Kernel: Depends on container host Compiler: gcc 14.2.1 20241104 (Red Hat 14.2.1-6) Fedora 41 Kernel: Depends on container host Compiler: gcc 14.2.1 20240912 (Red Hat 14.2.1-3) Fedora 41 (Clang) Kernel: Depends on container host Compiler: clang 19.1.5 (Fedora 19.1.5-1.fc41) Ubuntu 20.04 Kernel: Depends on container host Compiler: gcc (Ubuntu 9.4.0-1ubuntu1~20.04.2) 9.4.0 Fedora 40 (Clang) Kernel: Depends on container host Compiler: clang 18.1.8 (Fedora 18.1.8-1.fc40) Fedora 40 Kernel: Depends on container host Compiler: gcc 14.2.1 20240912 (Red Hat 14.2.1-3) RHEL9 Kernel: Depends on container host Compiler: gcc 11.5.0 20240719 (Red Hat 11.5.0-2) RHEL8 Kernel: Depends on container host Compiler: gcc 8.5.0 20210514 (Red Hat 8.5.0-22) openSUSE Leap 15 Kernel: Depends on container host Compiler: gcc (SUSE Linux) 7.5.0 FreeBSD 13.5 Kernel: 13.5-RELEASE Compiler: clang 19.1.7 Ubuntu 24.04 Kernel: Depends on container host Compiler: gcc (Ubuntu 13.3.0-6ubuntu2~24.04) 13.3.0 Ubuntu 22.04 Kernel: Depends on container host Compiler: gcc (Ubuntu 11.4.0-1ubuntu1~22.04) 11.4.0 FreeBSD 14.2 Kernel: 14.2-RELEASE Compiler: clang 18.1.6 Windows Server 2022 Kernel: 10.0.20348.2031 Compiler: clang 15.0.7, gcc 14.1.0 (MinGW), and MSVC VS 19.39.33521 To view detailed results, visit: https://lab.dpdk.org/results/dashboard/tarballs/33475/ UNH-IOL DPDK Community Lab To manage your email subscriptions, visit: https://lab.dpdk.org/results/dashboard/preferences/subscriptions/