From mboxrd@z Thu Jan 1 00:00:00 1970 Return-Path: Received: from mails.dpdk.org (mails.dpdk.org [217.70.189.124]) by inbox.dpdk.org (Postfix) with ESMTP id 3D8E8466F4 for ; Thu, 8 May 2025 13:02:54 +0200 (CEST) Received: from mails.dpdk.org (localhost [127.0.0.1]) by mails.dpdk.org (Postfix) with ESMTP id 38F914026C; Thu, 8 May 2025 13:02:54 +0200 (CEST) Received: from mail-il1-f228.google.com (mail-il1-f228.google.com [209.85.166.228]) by mails.dpdk.org (Postfix) with ESMTP id E0D704026B for ; Thu, 8 May 2025 13:02:52 +0200 (CEST) Received: by mail-il1-f228.google.com with SMTP id e9e14a558f8ab-3d96d16b375so3659465ab.1 for ; Thu, 08 May 2025 04:02:52 -0700 (PDT) DKIM-Signature: v=1; a=rsa-sha256; c=relaxed/relaxed; d=iol.unh.edu; s=unh-iol; t=1746702172; x=1747306972; darn=dpdk.org; h=cc:to:from:subject:message-id:date:from:to:cc:subject:date :message-id:reply-to; bh=1ST/RQvz+SHIx3lr8K5EbD1joM0R+p7HkybokjK62mc=; b=D8iu+cqnbyYyBoAR3lF+DzZxXmGXmj746KrO/Fk/xLO2fPuW70VUSuoSR39u2khuqc t2Tsgm6vftQikIZvJbDmrAWPyIhBIEJ7/eHtC7Q4lrzvuvjsb+BY9wEjMtasnKy+8Rfu Wc0TN3AkLBSFP4Vvw/mYDzRO1zo9XWGnYnH3k= X-Google-DKIM-Signature: v=1; a=rsa-sha256; c=relaxed/relaxed; d=1e100.net; s=20230601; t=1746702172; x=1747306972; h=cc:to:from:subject:message-id:date:x-gm-message-state:from:to:cc :subject:date:message-id:reply-to; bh=1ST/RQvz+SHIx3lr8K5EbD1joM0R+p7HkybokjK62mc=; b=RvCC1GcCH8357Dtg2Zaiw+UwVlCLPpKd6spxETKRVzUZkXuit4B9k9kQsTdm1GVlck u8jUzZd9kb5wRv6KsKK8VBh362AHxYDepiwg7fYxePUaVVrwlGBo5ZZxo1eGig46pCDA gmsVikJzqdiP1FemU1E83CERuAKjnnfb1EBxsZ7uM8/fOREZfDNy3HLnEbMIJlrmeqlt aIis2zs62ZLeltf7wA6bb5U7jhOlQO/i2D57OPFSKrvRMNHtmyWzgZEwB587xtqEIiMz 6iVl/0w2b+1HhzhbK2NoiEO7jlDygfw0kc6CYZ51t8T+WCQvAbcXUUm+iKSysRJKy0vs 2K2Q== X-Gm-Message-State: AOJu0Yx7GN12Fw25BPLCsoa+l32+q1rnxhfJq/g9hlnPcW3nX/dffisA /+ciq4ndsZB2JgZgzNrd/mGoJIVxIURz2NyORkBOul5hvZXlShGBBb8/NYu64mHLMN+nOf5mPzm iIHXTboi2Qh9MVnRzmBsaTHmHoHzCgGmNIsEdvYAqIOxZ4FmX X-Gm-Gg: ASbGncsB/6YgDMwSTJ2WGzcHqGRLJb6jNrpMb5B5FyB6DvsNbRvip3u+gCyuTkOA+ZA d28pVimFILlhov/E9i9MSOcGXwqX/DQzNahT1416c9hCDTlm99GxEoQFvtmh825W56gybIMll49 c6F01USA79uuhEnnxoAVMjAdkS5BATU7XtfZt0l/Lh9NxAwtX+WQvdDgDXb+JSTAreZKQxHi3rz ivmV7ggltPz1K4J7iwenyPJq4aQ+fwMQZv3XxbY3Wvk6yN0lCZVjNA9czVRgkigC7wyG5kqUyyg 2vsDw//oNm0BHrab2RAYap6Q5iDQC/CNLnpK X-Google-Smtp-Source: AGHT+IE1SCbKdOchHGvltACAtJB+s7Bct6DiaJYGcRNRvcM0ChfbpkNG61yNhPbJCQmreHv5zzpSaKEguKCy X-Received: by 2002:a05:6e02:148b:b0:3d9:24d8:8d41 with SMTP id e9e14a558f8ab-3da7392a9e0mr70060455ab.16.1746702166136; Thu, 08 May 2025 04:02:46 -0700 (PDT) Received: from postal.iol.unh.edu (postal.iol.unh.edu. [2606:4100:3880:1234::84]) by smtp-relay.gmail.com with ESMTPS id e9e14a558f8ab-3d975e34e6fsm25074975ab.3.2025.05.08.04.02.46 (version=TLS1_2 cipher=ECDHE-ECDSA-AES128-GCM-SHA256 bits=128/128); Thu, 08 May 2025 04:02:46 -0700 (PDT) X-Relaying-Domain: iol.unh.edu Date: Thu, 08 May 2025 04:02:46 -0700 (PDT) Message-ID: <681c8f56.050a0220.bf8a9.6aaeSMTPIN_ADDED_MISSING@mx.google.com> Received: from [172.21.0.5] (unknown [172.18.0.240]) by postal.iol.unh.edu (Postfix) with ESMTP id C23826052471; Thu, 8 May 2025 07:02:45 -0400 (EDT) Subject: |FAILURE| [GIT MASTER] 4401486b5e30d43a134f80f9802f60b5f43e74a8 From: dpdklab@iol.unh.edu To: Test Report Cc: dpdk-test-reports@iol.unh.edu, Xueming Li , Christian Ehrhardt , Kevin Traynor , Luca Boccassi Content-Type: text/plain X-BeenThere: test-report@dpdk.org X-Mailman-Version: 2.1.29 Precedence: list List-Id: automatic DPDK test reports List-Unsubscribe: , List-Archive: List-Post: List-Help: List-Subscribe: , Errors-To: test-report-bounces@dpdk.org _Testing issues_ Branch: tags/v22.11 4401486b5e30d43a134f80f9802f60b5f43e74a8 --> testing issues Upstream job id: Generic-Unit-Test-DPDK#336454 Test environment and result as below: +---------------------+----------------+ | Environment | dpdk_unit_test | +=====================+================+ | RHEL8 | FAIL | +---------------------+----------------+ | Ubuntu 20.04 | FAIL | +---------------------+----------------+ | Debian 12 | FAIL | +---------------------+----------------+ | CentOS Stream 10 | FAIL | +---------------------+----------------+ | Fedora 41 | FAIL | +---------------------+----------------+ | Fedora 40 (Clang) | FAIL | +---------------------+----------------+ | CentOS Stream 9 | FAIL | +---------------------+----------------+ | Fedora 40 | FAIL | +---------------------+----------------+ | RHEL9 | FAIL | +---------------------+----------------+ | Ubuntu 24.04 | FAIL | +---------------------+----------------+ | Ubuntu 22.04 | FAIL | +---------------------+----------------+ | Fedora 41 (Clang) | FAIL | +---------------------+----------------+ | Windows Server 2022 | FAIL | +---------------------+----------------+ ==== Unit test summary for Windows Server 2022 (dpdk_unit_test): ==== Failed to get the unit test results. Displaying the unit test results is not supported for some environments, such as our aarch32 testing, where meson is not used to run the tests. Download the logs available on our CI site. ==== End log output ==== RHEL8 Kernel: Depends on container host Compiler: gcc 8.5.0 20210514 (Red Hat 8.5.0-22) Ubuntu 20.04 Kernel: Depends on container host Compiler: gcc (Ubuntu 9.4.0-1ubuntu1~20.04.2) 9.4.0 Debian 12 Kernel: Depends on container host Compiler: gcc (Debian 12.2.0-14) 12.2.0 CentOS Stream 10 Kernel: Depends on container host Compiler: gcc 14.2.1 20241104 (Red Hat 14.2.1-6) Fedora 41 Kernel: Depends on container host Compiler: gcc 14.2.1 20240912 (Red Hat 14.2.1-3) Fedora 40 (Clang) Kernel: Depends on container host Compiler: clang 18.1.8 (Fedora 18.1.8-1.fc40) CentOS Stream 9 Kernel: Depends on container host Compiler: gcc 11.5.0 20240719 (Red Hat 11.5.0-2) Fedora 40 Kernel: Depends on container host Compiler: gcc 14.2.1 20240912 (Red Hat 14.2.1-3) RHEL9 Kernel: Depends on container host Compiler: gcc 11.5.0 20240719 (Red Hat 11.5.0-2) Ubuntu 24.04 Kernel: Depends on container host Compiler: gcc (Ubuntu 13.3.0-6ubuntu2~24.04) 13.3.0 Ubuntu 22.04 Kernel: Depends on container host Compiler: gcc (Ubuntu 11.4.0-1ubuntu1~22.04) 11.4.0 Fedora 41 (Clang) Kernel: Depends on container host Compiler: clang 19.1.5 (Fedora 19.1.5-1.fc41) Windows Server 2022 Kernel: 10.0.20348.2031 Compiler: clang 15.0.7, gcc 14.1.0 (MinGW), and MSVC VS 19.39.33521 To view detailed results, visit: https://lab.dpdk.org/results/dashboard/tarballs/33475/ UNH-IOL DPDK Community Lab To manage your email subscriptions, visit: https://lab.dpdk.org/results/dashboard/preferences/subscriptions/