From mboxrd@z Thu Jan  1 00:00:00 1970
Return-Path: <test-report-bounces@dpdk.org>
Received: from mails.dpdk.org (mails.dpdk.org [217.70.189.124])
	by inbox.dpdk.org (Postfix) with ESMTP id C30A5466F4
	for <public@inbox.dpdk.org>; Thu,  8 May 2025 13:17:07 +0200 (CEST)
Received: from mails.dpdk.org (localhost [127.0.0.1])
	by mails.dpdk.org (Postfix) with ESMTP id BEE674026C;
	Thu,  8 May 2025 13:17:07 +0200 (CEST)
Received: from mail-qv1-f99.google.com (mail-qv1-f99.google.com
 [209.85.219.99]) by mails.dpdk.org (Postfix) with ESMTP id 9A3204026B
 for <test-report@dpdk.org>; Thu,  8 May 2025 13:17:06 +0200 (CEST)
Received: by mail-qv1-f99.google.com with SMTP id
 6a1803df08f44-6f0c30a1cf8so15043796d6.2
 for <test-report@dpdk.org>; Thu, 08 May 2025 04:17:06 -0700 (PDT)
DKIM-Signature: v=1; a=rsa-sha256; c=relaxed/relaxed;
 d=iol.unh.edu; s=unh-iol; t=1746703026; x=1747307826; darn=dpdk.org;
 h=cc:to:from:subject:message-id:date:from:to:cc:subject:date
 :message-id:reply-to;
 bh=dDPf+DOF7avnrUGtY40hCfo9URbLSkfEYtCE1yyZ2IA=;
 b=EtBSpRO/GaM2C//I6gqjJsekYaDtm14ALwhuiQCsaK8iavbk7R7NjgC6AG6ZMv9VHb
 mzgSoYzeFuih6gH5K+293wOdLztucp640MmtHQ6YOP5YGEcMSf8TA0NW7G0fSCrpQde3
 pkFMwD7vOZomflW0pD8lS32y/gCc3bbtgTZZU=
X-Google-DKIM-Signature: v=1; a=rsa-sha256; c=relaxed/relaxed;
 d=1e100.net; s=20230601; t=1746703026; x=1747307826;
 h=cc:to:from:subject:message-id:date:x-gm-message-state:from:to:cc
 :subject:date:message-id:reply-to;
 bh=dDPf+DOF7avnrUGtY40hCfo9URbLSkfEYtCE1yyZ2IA=;
 b=FdexbUTFGRZQjI4HYd3M7oD5gAG6xj/6uRDRF+z7leihBZ3p0LIuUR3xy7Kbc/ZY0j
 mgwONuOU0f2/Xyvwgf97yhKCJSkCKWHzVTlu9pX8a+vtdTuxS46S/RutfWN+X0HhQWKr
 EvDC+cSs9hewFx+JxAMZKRXlRTot8Udz8xGzD8Ssx2LB4rBv6jqNrWljzEURrhuJIl6f
 dRpEzXFDnY2xmO32cfeViStArltmDw5QLEE/f/jLXWTdYBxghm4clyciMmYBav63KKzG
 LdNGEoweSt51ZQYyODQDjFdoff1KVaQYx4o6eQbxirDjT6iJ6s3xBZIppTcuBeZHm/OC
 WIFQ==
X-Gm-Message-State: AOJu0Yx7duga2Yh/QKBNxg4FUqYKgCAiXzuKk2zUp0hC6YNA3UZkILm6
 fxxbmCR14XgNsIhvVqusrQj8/YgXo9aqxkB/P4Hol8Lv7AL0eGf9NJRcXxciijRwyNanLHeyCkz
 EA0pihQ/8fq2jzpfMMPyf3DKXSTYVaNhJbAno1Bk08Rj0gVWq
X-Gm-Gg: ASbGnctUrnsQh4Cj1/3/gXVxgn0agXbLu5bReuObOdXY95oAZC0KBDqIRKlGnkX2dPc
 j2PlU9BvqDjmoFu7LwzqHyf1+4GVqylPgVsNIlppYRHrpYvi/H2Rt/hPeJRr20wQCp7aQiXa0rT
 GMsJg4OhuszsCUzOiKdJi8W/j4ewN0iStB7zR1OGmTGzcz2yNi42BqvtW24Wn4NN8xG8rrHw7au
 0/lXVRmQ1vwLZVA1NuXD/DaJmyFW3r7eZNVacdKQcYouTYZ0Z2PWLs8A/NtEJGHEehENP5ILDRb
 UJx3SzMvCW4pgH41VVC2QOJrXlD5Pj/GzGkT
X-Google-Smtp-Source: AGHT+IHlb77tQhFDHYoiNAPU3QjvCyvJESrzRwunn7S8JDSkakwNJVqyxzRX3QpgIJqKyKU/btsq9agN7yWn
X-Received: by 2002:a05:6214:242f:b0:6f2:b551:a63 with SMTP id
 6a1803df08f44-6f54c373657mr54380416d6.3.1746703026076; 
 Thu, 08 May 2025 04:17:06 -0700 (PDT)
Received: from postal.iol.unh.edu (postal.iol.unh.edu.
 [2606:4100:3880:1234::84]) by smtp-relay.gmail.com with ESMTPS id
 6a1803df08f44-6f542620e31sm2273616d6.13.2025.05.08.04.17.06
 (version=TLS1_2 cipher=ECDHE-ECDSA-AES128-GCM-SHA256 bits=128/128);
 Thu, 08 May 2025 04:17:06 -0700 (PDT)
X-Relaying-Domain: iol.unh.edu
Date: Thu, 08 May 2025 04:17:06 -0700 (PDT)
Message-ID: <681c92b2.d40a0220.3f577.c15aSMTPIN_ADDED_MISSING@mx.google.com>
Received: from [172.21.0.5] (unknown [172.18.0.240])
 by postal.iol.unh.edu (Postfix) with ESMTP id C86BB6052471;
 Thu,  8 May 2025 07:17:05 -0400 (EDT)
Subject: |WARNING| [GIT MASTER] 4401486b5e30d43a134f80f9802f60b5f43e74a8
From: dpdklab@iol.unh.edu
To: Test Report <test-report@dpdk.org>
Cc: dpdk-test-reports@iol.unh.edu, Xueming Li <xuemingl@nvidia.com>,
 Christian Ehrhardt <christian.ehrhardt@canonical.com>,
 Kevin Traynor <ktraynor@redhat.com>, Luca Boccassi <bluca@debian.org>
Content-Type: text/plain
X-BeenThere: test-report@dpdk.org
X-Mailman-Version: 2.1.29
Precedence: list
List-Id: automatic DPDK test reports <test-report.dpdk.org>
List-Unsubscribe: <https://mails.dpdk.org/options/test-report>,
 <mailto:test-report-request@dpdk.org?subject=unsubscribe>
List-Archive: <http://mails.dpdk.org/archives/test-report/>
List-Post: <mailto:test-report@dpdk.org>
List-Help: <mailto:test-report-request@dpdk.org?subject=help>
List-Subscribe: <https://mails.dpdk.org/listinfo/test-report>,
 <mailto:test-report-request@dpdk.org?subject=subscribe>
Errors-To: test-report-bounces@dpdk.org

_Testing issues_

Branch: tags/v22.11

4401486b5e30d43a134f80f9802f60b5f43e74a8 --> testing issues

Upstream job id: Generic-DPDK-Compile-Meson#386397

Test environment and result as below:

+---------------------+--------------------+-------------------------+----------------------+
|     Environment     | dpdk_meson_compile | dpdk_llvm_clang_compile | dpdk_mingw64_compile |
+=====================+====================+=========================+======================+
| CentOS Stream 9     | PASS               | SKIPPED                 | SKIPPED              |
+---------------------+--------------------+-------------------------+----------------------+
| Debian 12           | PASS               | SKIPPED                 | SKIPPED              |
+---------------------+--------------------+-------------------------+----------------------+
| CentOS Stream 10    | PASS               | SKIPPED                 | SKIPPED              |
+---------------------+--------------------+-------------------------+----------------------+
| Fedora 41           | PASS               | SKIPPED                 | SKIPPED              |
+---------------------+--------------------+-------------------------+----------------------+
| Fedora 41 (Clang)   | PASS               | SKIPPED                 | SKIPPED              |
+---------------------+--------------------+-------------------------+----------------------+
| Ubuntu 20.04        | PASS               | SKIPPED                 | SKIPPED              |
+---------------------+--------------------+-------------------------+----------------------+
| Fedora 40 (Clang)   | PASS               | SKIPPED                 | SKIPPED              |
+---------------------+--------------------+-------------------------+----------------------+
| Fedora 40           | PASS               | SKIPPED                 | SKIPPED              |
+---------------------+--------------------+-------------------------+----------------------+
| RHEL9               | PASS               | SKIPPED                 | SKIPPED              |
+---------------------+--------------------+-------------------------+----------------------+
| RHEL8               | PASS               | SKIPPED                 | SKIPPED              |
+---------------------+--------------------+-------------------------+----------------------+
| openSUSE Leap 15    | PASS               | SKIPPED                 | SKIPPED              |
+---------------------+--------------------+-------------------------+----------------------+
| FreeBSD 13.5        | PASS               | SKIPPED                 | SKIPPED              |
+---------------------+--------------------+-------------------------+----------------------+
| Ubuntu 24.04        | PASS               | SKIPPED                 | SKIPPED              |
+---------------------+--------------------+-------------------------+----------------------+
| Ubuntu 22.04        | PASS               | SKIPPED                 | SKIPPED              |
+---------------------+--------------------+-------------------------+----------------------+
| FreeBSD 14.2        | PASS               | SKIPPED                 | SKIPPED              |
+---------------------+--------------------+-------------------------+----------------------+
| Windows Server 2022 | SKIPPED            | FAIL                    | PASS                 |
+---------------------+--------------------+-------------------------+----------------------+

==== 20 line log output for Windows Server 2022 (dpdk_llvm_clang_compile): ====
..\lib\eal\include/rte_common.h:850:32: note: expanded from macro 'RTE_FMT_TAIL'
#define RTE_FMT_TAIL(fmt, ...) __VA_ARGS__
^~~~~~~~~~~
..\lib\eal\include/rte_common.h:848:39: note: expanded from macro 'RTE_FMT'
#define RTE_FMT(fmt, ...) fmt "%.0s", __VA_ARGS__ ""
^~~~~~~~~~~
../drivers/crypto/mlx5/mlx5_crypto.c:463:18: note: forward declaration of 'struct mlx5_err_cqe'
volatile struct mlx5_err_cqe *cqe = (volatile struct mlx5_err_cqe *)
^
3 errors generated.
[626/788] Compiling C object drivers/libtmp_rte_crypto_mlx5.a.p/crypto_mlx5_mlx5_crypto_dek.c.obj
[627/788] Linking static target drivers/libtmp_rte_net_octeon_ep.a
[628/788] Compiling C object drivers/libtmp_rte_net_vmxnet3.a.p/net_vmxnet3_vmxnet3_ethdev.c.obj
[629/788] Compiling C object drivers/libtmp_rte_net_vmxnet3.a.p/net_vmxnet3_vmxnet3_rxtx.c.obj
[630/788] Compiling C object app/dpdk-testpmd.exe.p/test-pmd_csumonly.c.obj
[631/788] Compiling C object app/dpdk-testpmd.exe.p/test-pmd_cmdline_flow.c.obj
[632/788] Compiling C object app/test/dpdk-test.exe.p/test_cryptodev.c.obj
[633/788] Compiling C object drivers/libtmp_rte_net_mlx5.a.p/net_mlx5_mlx5_tx_empw.c.obj
[634/788] Compiling C object drivers/libtmp_rte_net_mlx5.a.p/net_mlx5_mlx5_tx_txpp.c.obj
ninja: build stopped: subcommand failed.
==== End log output ====

CentOS Stream 9
	Kernel: Depends on container host
	Compiler: gcc 11.5.0 20240719 (Red Hat 11.5.0-2)

Debian 12
	Kernel: Depends on container host
	Compiler: gcc (Debian 12.2.0-14) 12.2.0

CentOS Stream 10
	Kernel: Depends on container host
	Compiler: gcc 14.2.1 20241104 (Red Hat 14.2.1-6)

Fedora 41
	Kernel: Depends on container host
	Compiler: gcc 14.2.1 20240912 (Red Hat 14.2.1-3)

Fedora 41 (Clang)
	Kernel: Depends on container host
	Compiler: clang 19.1.5 (Fedora 19.1.5-1.fc41)

Ubuntu 20.04
	Kernel: Depends on container host
	Compiler: gcc (Ubuntu 9.4.0-1ubuntu1~20.04.2) 9.4.0

Fedora 40 (Clang)
	Kernel: Depends on container host
	Compiler: clang 18.1.8 (Fedora 18.1.8-1.fc40)

Fedora 40
	Kernel: Depends on container host
	Compiler: gcc 14.2.1 20240912 (Red Hat 14.2.1-3)

RHEL9
	Kernel: Depends on container host
	Compiler: gcc 11.5.0 20240719 (Red Hat 11.5.0-2)

RHEL8
	Kernel: Depends on container host
	Compiler: gcc 8.5.0 20210514 (Red Hat 8.5.0-22)

openSUSE Leap 15
	Kernel: Depends on container host
	Compiler: gcc (SUSE Linux) 7.5.0

FreeBSD 13.5
	Kernel: 13.5-RELEASE
	Compiler: clang 19.1.7

Ubuntu 24.04
	Kernel: Depends on container host
	Compiler: gcc (Ubuntu 13.3.0-6ubuntu2~24.04) 13.3.0

Ubuntu 22.04
	Kernel: Depends on container host
	Compiler: gcc (Ubuntu 11.4.0-1ubuntu1~22.04) 11.4.0

FreeBSD 14.2
	Kernel: 14.2-RELEASE
	Compiler: clang 18.1.6

Windows Server 2022
	Kernel: 10.0.20348.2031
	Compiler: clang 15.0.7, gcc 14.1.0 (MinGW), and MSVC VS 19.39.33521

To view detailed results, visit:
https://lab.dpdk.org/results/dashboard/tarballs/33475/

UNH-IOL DPDK Community Lab

To manage your email subscriptions, visit: 
https://lab.dpdk.org/results/dashboard/preferences/subscriptions/