From: dpdklab@iol.unh.edu
To: Test Report <test-report@dpdk.org>
Cc: dpdk-test-reports@iol.unh.edu,
Anatoly Burakov <anatoly.burakov@intel.com>
Subject: |FAILURE| pw153356-153358 [PATCH] [v7,3/3] app/testpmd: add sleep co
Date: Thu, 08 May 2025 06:55:37 -0700 (PDT) [thread overview]
Message-ID: <681cb7d9.050a0220.242dc6.00d2SMTPIN_ADDED_MISSING@mx.google.com> (raw)
In-Reply-To: <6334aba24959371cc7c6f4290869698f0ad57bc1.1746698489.git.anatoly.burakov@intel.com>
Test-Label: iol-unit-arm64-testing
Test-Status: FAILURE
http://dpdk.org/patch/153358
_Testing issues_
Submitter: Anatoly Burakov <anatoly.burakov@intel.com>
Date: Thursday, May 08 2025 10:01:38
DPDK git baseline: Repo:dpdk
Branch: master
CommitID:75f179ebe347b6098cf3af26d3d3b7168fe3fe24
153356-153358 --> testing issues
Upstream job id: Generic-Unit-Test-DPDK#336566
Test environment and result as below:
+-----------------------------+--------------+---------------------------+------------------------------+----------------+
| Environment | lpm_autotest | cryptodev_sw_zuc_autotest | cryptodev_sw_snow3g_autotest | dpdk_unit_test |
+=============================+==============+===========================+==============================+================+
| Ubuntu 20.04 ARM SVE | PEND | SKIPPED | SKIPPED | SKIPPED |
+-----------------------------+--------------+---------------------------+------------------------------+----------------+
| Debian 12 (arm) | SKIPPED | PASS | PASS | PEND |
+-----------------------------+--------------+---------------------------+------------------------------+----------------+
| CentOS Stream 9 (ARM) | SKIPPED | SKIPPED | SKIPPED | PEND |
+-----------------------------+--------------+---------------------------+------------------------------+----------------+
| CentOS Stream 10 (ARM) | SKIPPED | SKIPPED | SKIPPED | FAIL |
+-----------------------------+--------------+---------------------------+------------------------------+----------------+
| Fedora 40 (ARM) | SKIPPED | SKIPPED | SKIPPED | PEND |
+-----------------------------+--------------+---------------------------+------------------------------+----------------+
| Fedora 40 (ARM Clang) | SKIPPED | SKIPPED | SKIPPED | PEND |
+-----------------------------+--------------+---------------------------+------------------------------+----------------+
| Fedora 41 (ARM Clang) | SKIPPED | SKIPPED | SKIPPED | PEND |
+-----------------------------+--------------+---------------------------+------------------------------+----------------+
| Fedora 41 (ARM) | SKIPPED | SKIPPED | SKIPPED | PEND |
+-----------------------------+--------------+---------------------------+------------------------------+----------------+
| Ubuntu 22.04 (ARM) | SKIPPED | SKIPPED | SKIPPED | PEND |
+-----------------------------+--------------+---------------------------+------------------------------+----------------+
| Ubuntu 20.04 (ARM) | SKIPPED | SKIPPED | SKIPPED | PEND |
+-----------------------------+--------------+---------------------------+------------------------------+----------------+
| RHEL9 (ARM) | SKIPPED | SKIPPED | SKIPPED | PEND |
+-----------------------------+--------------+---------------------------+------------------------------+----------------+
| Ubuntu 24.04 (ARM) | SKIPPED | SKIPPED | SKIPPED | PEND |
+-----------------------------+--------------+---------------------------+------------------------------+----------------+
| 32-bit Ubuntu 22.04.4 (ARM) | SKIPPED | SKIPPED | SKIPPED | PASS |
+-----------------------------+--------------+---------------------------+------------------------------+----------------+
==== Unit test summary for CentOS Stream 10 (ARM) (dpdk_unit_test): ====
ninja: Entering directory `/home-local/jenkins-local/jenkins-agent/workspace/Generic-Unit-Test-DPDK/dpdk/build'
ninja: no work to do.
1/119 DPDK:fast-tests / acl_autotest OK 6.23s
2/119 DPDK:fast-tests / alarm_autotest OK 1.19s
3/119 DPDK:fast-tests / argparse_autotest OK 0.19s
4/119 DPDK:fast-tests / atomic_autotest OK 4.60s
5/119 DPDK:fast-tests / bitcount_autotest OK 0.21s
6/119 DPDK:fast-tests / bitmap_autotest OK 0.19s
7/119 DPDK:fast-tests / bitops_autotest OK 1.69s
8/119 DPDK:fast-tests / bitratestats_autotest OK 0.20s
9/119 DPDK:fast-tests / bitset_autotest OK 2.51s
10/119 DPDK:fast-tests / bpf_autotest OK 0.18s
11/119 DPDK:fast-tests / bpf_convert_autotest OK 0.22s
12/119 DPDK:fast-tests / byteorder_autotest OK 0.19s
13/119 DPDK:fast-tests / cfgfile_autotest OK 0.16s
14/119 DPDK:fast-tests / cksum_autotest OK 0.16s
15/119 DPDK:fast-tests / cmdline_autotest FAIL 0.20s (exit status 255 or signal 127 SIGinvalid)
>>> DPDK_TEST=cmdline_autotest MALLOC_PERTURB_=113 /home-local/jenkins-local/jenkins-agent/workspace/Generic-Unit-Test-DPDK/dpdk/build/app/dpdk-test --no-huge -m 2048
16/119 DPDK:fast-tests / common_autotest OK 1.06s
17/119 DPDK:fast-tests / compressdev_autotest SKIP 0.11s exit status 77
18/119 DPDK:fast-tests / cpuflags_autotest OK 0.17s
19/119 DPDK:fast-tests / crc_autotest OK 0.16s
20/119 DPDK:fast-tests / user_delay_us OK 0.16s
21/119 DPDK:fast-tests / debug_autotest OK 0.88s
22/119 DPDK:fast-tests / devargs_autotest OK 0.16s
23/119 DPDK:fast-tests / dispatcher_autotest OK 2.52s
24/119 DPDK:fast-tests / distributor_autotest OK 1.02s
25/119 DPDK:fast-tests / eal_flags_c_opt_autotest OK 1.83s
26/119 DPDK:fast-tests / eal_flags_main_opt_autotest OK 0.47s
27/119 DPDK:fast-tests / eal_flags_n_opt_autotest OK 0.45s
28/119 DPDK:fast-tests / eal_flags_hpet_autotest OK 0.27s
29/119 DPDK:fast-tests / eal_flags_no_huge_autotest OK 0.51s
30/119 DPDK:fast-tests / eal_flags_a_opt_autotest OK 0.69s
31/119 DPDK:fast-tests / eal_flags_b_opt_autotest OK 0.53s
32/119 DPDK:fast-tests / eal_flags_vdev_opt_autotest OK 0.63s
33/119 DPDK:fast-tests / eal_flags_r_opt_autotest OK 0.37s
34/119 DPDK:fast-tests / eal_flags_mem_autotest OK 0.56s
35/119 DPDK:fast-tests / eal_flags_file_prefix_autotest OK 1.56s
36/119 DPDK:fast-tests / eal_flags_misc_autotest OK 2.04s
37/119 DPDK:fast-tests / eal_fs_autotest OK 0.18s
38/119 DPDK:fast-tests / errno_autotest OK 0.16s
39/119 DPDK:fast-tests / ethdev_link_status OK 0.16s
40/119 DPDK:fast-tests / event_eth_tx_adapter_autotest OK 1.06s
41/119 DPDK:fast-tests / event_ring_autotest OK 0.18s
42/119 DPDK:fast-tests / eventdev_common_autotest OK 0.20s
43/119 DPDK:fast-tests / eventdev_selftest_sw OK 6.74s
44/119 DPDK:fast-tests / fbarray_autotest OK 0.16s
45/119 DPDK:fast-tests / fib_autotest OK 0.96s
46/119 DPDK:fast-tests / fib6_autotest OK 0.83s
47/119 DPDK:fast-tests / func_reentrancy_autotest OK 0.96s
48/119 DPDK:fast-tests / graph_autotest OK 0.24s
49/119 DPDK:fast-tests / node_list_dump OK 0.17s
50/119 DPDK:fast-tests / hash_autotest OK 0.60s
51/119 DPDK:fast-tests / hash_readwrite_func_autotest OK 8.94s
52/119 DPDK:fast-tests / interrupt_autotest OK 1.24s
53/119 DPDK:fast-tests / ipfrag_autotest OK 0.10s
54/119 DPDK:fast-tests / ipsec_autotest SKIP 0.24s exit status 77
55/119 DPDK:fast-tests / kvargs_autotest OK 0.16s
56/119 DPDK:fast-tests / latencystats_autotest OK 0.21s
57/119 DPDK:fast-tests / lcore_var_autotest OK 0.68s
58/119 DPDK:fast-tests / lcores_autotest OK 3.37s
59/119 DPDK:fast-tests / logs_autotest OK 0.20s
60/119 DPDK:fast-tests / lpm_autotest OK 1.69s
61/119 DPDK:fast-tests / lpm6_autotest OK 5.28s
62/119 DPDK:fast-tests / malloc_autotest OK 0.43s
63/119 DPDK:fast-tests / mbuf_autotest OK 4.21s
64/119 DPDK:fast-tests / mcslock_autotest OK 0.65s
65/119 DPDK:fast-tests / member_autotest OK 1.48s
66/119 DPDK:fast-tests / memcpy_autotest OK 5.81s
67/119 DPDK:fast-tests / memory_autotest OK 0.11s
68/119 DPDK:fast-tests / mempool_autotest OK 0.56s
69/119 DPDK:fast-tests / memzone_autotest OK 0.13s
70/119 DPDK:fast-tests / meter_autotest OK 0.21s
71/119 DPDK:fast-tests / metrics_autotest OK 0.18s
72/119 DPDK:fast-tests / multiprocess_autotest OK 0.38s
73/119 DPDK:fast-tests / net_ether_autotest OK 0.93s
74/119 DPDK:fast-tests / net_ipv6_autotest OK 0.19s
75/119 DPDK:fast-tests / pcapng_autotest OK 6.81s
76/119 DPDK:fast-tests / pdcp_autotest SKIP 0.10s exit status 77
77/119 DPDK:fast-tests / pdump_autotest OK 0.56s
78/119 DPDK:fast-tests / per_lcore_autotest OK 0.30s
79/119 DPDK:fast-tests / pflock_autotest OK 0.50s
80/119 DPDK:fast-tests / pie_autotest OK 0.17s
81/119 DPDK:fast-tests / ring_pmd_autotest OK 0.18s
82/119 DPDK:fast-tests / power_autotest OK 0.17s
83/119 DPDK:fast-tests / power_cpufreq_autotest SKIP 0.13s exit status 77
84/119 DPDK:fast-tests / power_intel_uncore_autotest SKIP 0.20s exit status 77
85/119 DPDK:fast-tests / power_kvm_vm_autotest SKIP 0.09s exit status 77
86/119 DPDK:fast-tests / prefetch_autotest OK 0.22s
87/119 DPDK:fast-tests / ptr_compress_autotest OK 0.17s
88/119 DPDK:fast-tests / rawdev_autotest OK 0.19s
89/119 DPDK:fast-tests / rcu_qsbr_autotest OK 0.64s
90/119 DPDK:fast-tests / reorder_autotest OK 0.44s
91/119 DPDK:fast-tests / rib_autotest OK 3.95s
92/119 DPDK:fast-tests / rib6_autotest OK 4.12s
93/119 DPDK:fast-tests / ring_autotest OK 0.20s
94/119 DPDK:fast-tests / rwlock_test1_autotest OK 0.50s
95/119 DPDK:fast-tests / rwlock_rda_autotest OK 5.21s
96/119 DPDK:fast-tests / rwlock_rds_wrm_autotest OK 5.17s
97/119 DPDK:fast-tests / rwlock_rde_wro_autotest OK 5.18s
98/119 DPDK:fast-tests / sched_autotest OK 0.18s
99/119 DPDK:fast-tests / security_autotest OK 0.10s
100/119 DPDK:fast-tests / seqlock_autotest OK 2.19s
101/119 DPDK:fast-tests / service_autotest OK 2.87s
102/119 DPDK:fast-tests / soring_autotest OK 0.17s
103/119 DPDK:fast-tests / spinlock_autotest OK 0.19s
104/119 DPDK:fast-tests / stack_autotest OK 0.36s
105/119 DPDK:fast-tests / stack_lf_autotest OK 0.33s
106/119 DPDK:fast-tests / string_autotest OK 0.21s
107/119 DPDK:fast-tests / table_autotest OK 7.16s
108/119 DPDK:fast-tests / tailq_autotest OK 0.19s
109/119 DPDK:fast-tests / telemetry_data_autotest OK 0.17s
110/119 DPDK:fast-tests / telemetry_json_autotest OK 0.16s
111/119 DPDK:fast-tests / thash_autotest OK 0.20s
112/119 DPDK:fast-tests / threads_autotest OK 0.34s
113/119 DPDK:fast-tests / ticketlock_autotest OK 0.20s
114/119 DPDK:fast-tests / timer_autotest OK 2.86s
115/119 DPDK:fast-tests / trace_autotest OK 0.30s
116/119 DPDK:fast-tests / trace_autotest_with_traces OK 0.20s
117/119 DPDK:fast-tests / vdev_autotest OK 0.16s
118/119 DPDK:fast-tests / version_autotest OK 0.17s
119/119 DPDK:fast-tests / telemetry_all SKIP 0.02s exit status 77
Ok: 111
Expected Fail: 0
Fail: 1
Unexpected Pass: 0
Skipped: 7
Timeout: 0
Full log written to /home-local/jenkins-local/jenkins-agent/workspace/Generic-Unit-Test-DPDK/dpdk/build/meson-logs/testlog.txt
Test log output from the failed test cmdline_autotest:
Sorry, we were not able to find the logs for this test.
Download the log output from the CI site for this test run.
==== End log output ====
Ubuntu 20.04 ARM SVE
Kernel: Depends on container host
Compiler: gcc (Ubuntu 10.5.0-1ubuntu1~20.04) 10.5.0
Debian 12 (arm)
Kernel: Depends on container host
Compiler: gcc (Debian 12.2.0-14) 12.2.0
CentOS Stream 9 (ARM)
Kernel: Depends on container host
Compiler: gcc 11.5.0 20240719 (Red Hat 11.5.0-2)
CentOS Stream 10 (ARM)
Kernel: Depends on container host
Compiler: gcc 14.2.1 20241104 (Red Hat 14.2.1-6)
Fedora 40 (ARM)
Kernel: Depends on container host
Compiler: gcc 14.2.1 20240912 (Red Hat 14.2.1-3)
Fedora 40 (ARM Clang)
Kernel: Depends on container host
Compiler: clang 18.1.8 (Fedora 18.1.8-1.fc40)
Fedora 41 (ARM Clang)
Kernel: Depends on container host
Compiler: clang 19.1.5 (Fedora 19.1.5-1.fc41)
Fedora 41 (ARM)
Kernel: Depends on container host
Compiler: gcc 14.2.1 20240912 (Red Hat 14.2.1-3)
Ubuntu 22.04 (ARM)
Kernel: Depends on container host
Compiler: gcc (Ubuntu 11.4.0-1ubuntu1~22.04) 11.4.0
Ubuntu 20.04 (ARM)
Kernel: Depends on container host
Compiler: gcc (Ubuntu 9.4.0-1ubuntu1~20.04.2) 9.4.0
RHEL9 (ARM)
Kernel: Depends on container host
Compiler: gcc 11.5.0 20240719 (Red Hat 11.5.0-2)
Ubuntu 24.04 (ARM)
Kernel: Depends on container host
Compiler: gcc (Ubuntu 13.3.0-6ubuntu2~24.04) 13.3.0
32-bit Ubuntu 22.04.4 (ARM)
Kernel: 5.15.83+ aarch64
Compiler: gcc (Ubuntu 11.4.0-1ubuntu1~22.04) 11.4.0
To view detailed results, visit:
https://lab.dpdk.org/results/dashboard/patchsets/33142/
UNH-IOL DPDK Community Lab
To manage your email subscriptions, visit:
https://lab.dpdk.org/results/dashboard/preferences/subscriptions/
next prev parent reply other threads:[~2025-05-08 13:55 UTC|newest]
Thread overview: 30+ messages / expand[flat|nested] mbox.gz Atom feed top
[not found] <6334aba24959371cc7c6f4290869698f0ad57bc1.1746698489.git.anatoly.burakov@intel.com>
2025-05-08 9:42 ` |SUCCESS| pw153356-153358 [PATCH v7 3/3] app/testpmd: add sleep command qemudev
2025-05-08 9:47 ` qemudev
2025-05-08 10:03 ` |SUCCESS| pw153358 " checkpatch
2025-05-08 11:23 ` 0-day Robot
2025-05-08 12:22 ` |SUCCESS| pw153356-153358 [PATCH] [v7,3/3] app/testpmd: add sleep co dpdklab
2025-05-08 12:25 ` dpdklab
2025-05-08 12:32 ` dpdklab
2025-05-08 12:33 ` dpdklab
2025-05-08 12:34 ` dpdklab
2025-05-08 12:37 ` dpdklab
2025-05-08 12:44 ` dpdklab
2025-05-08 12:51 ` dpdklab
2025-05-08 12:59 ` dpdklab
2025-05-08 13:01 ` dpdklab
2025-05-08 13:31 ` dpdklab
2025-05-08 13:48 ` |PENDING| " dpdklab
2025-05-08 13:55 ` dpdklab [this message]
2025-05-08 15:01 ` dpdklab
2025-05-08 15:29 ` |FAILURE| " dpdklab
2025-05-08 15:31 ` dpdklab
2025-05-08 15:33 ` dpdklab
2025-05-08 16:07 ` dpdklab
2025-05-08 16:08 ` dpdklab
2025-05-08 16:29 ` |SUCCESS| " dpdklab
2025-05-08 16:30 ` dpdklab
2025-05-08 16:38 ` |FAILURE| " dpdklab
2025-05-08 16:46 ` dpdklab
2025-05-08 17:17 ` |SUCCESS| " dpdklab
2025-05-08 17:56 ` dpdklab
2025-05-08 21:36 ` |WARNING| " dpdklab
Reply instructions:
You may reply publicly to this message via plain-text email
using any one of the following methods:
* Save the following mbox file, import it into your mail client,
and reply-to-all from there: mbox
Avoid top-posting and favor interleaved quoting:
https://en.wikipedia.org/wiki/Posting_style#Interleaved_style
* Reply using the --to, --cc, and --in-reply-to
switches of git-send-email(1):
git send-email \
--in-reply-to=681cb7d9.050a0220.242dc6.00d2SMTPIN_ADDED_MISSING@mx.google.com \
--to=dpdklab@iol.unh.edu \
--cc=anatoly.burakov@intel.com \
--cc=dpdk-test-reports@iol.unh.edu \
--cc=test-report@dpdk.org \
/path/to/YOUR_REPLY
https://kernel.org/pub/software/scm/git/docs/git-send-email.html
* If your mail client supports setting the In-Reply-To header
via mailto: links, try the mailto: link
Be sure your reply has a Subject: header at the top and a blank line
before the message body.
This is a public inbox, see mirroring instructions
for how to clone and mirror all data and code used for this inbox;
as well as URLs for NNTP newsgroup(s).