From mboxrd@z Thu Jan 1 00:00:00 1970 Return-Path: Received: from mails.dpdk.org (mails.dpdk.org [217.70.189.124]) by inbox.dpdk.org (Postfix) with ESMTP id 3AE5746676 for ; Thu, 8 May 2025 17:31:19 +0200 (CEST) Received: from mails.dpdk.org (localhost [127.0.0.1]) by mails.dpdk.org (Postfix) with ESMTP id 2D6A34026C; Thu, 8 May 2025 17:31:19 +0200 (CEST) Received: from mail-pl1-f226.google.com (mail-pl1-f226.google.com [209.85.214.226]) by mails.dpdk.org (Postfix) with ESMTP id 4F46C4026B for ; Thu, 8 May 2025 17:31:17 +0200 (CEST) Received: by mail-pl1-f226.google.com with SMTP id d9443c01a7336-227d6b530d8so12670815ad.3 for ; Thu, 08 May 2025 08:31:17 -0700 (PDT) DKIM-Signature: v=1; a=rsa-sha256; c=relaxed/relaxed; d=iol.unh.edu; s=unh-iol; t=1746718276; x=1747323076; darn=dpdk.org; h=references:in-reply-to:cc:to:from:subject:message-id:date:from:to :cc:subject:date:message-id:reply-to; bh=qoYIf8YyFIPhBGbJPmo5SqKB5vgxosWM7qsXQBPF4Q4=; b=GMvCpzT6yzlkaNLcoSGDZcaeI1u9qK2U/rajNeOs9Z99ZVW4Iv5n0F2A/X74W08NNC zuM+2m8UrD9FSwVyhoY0+Rx6bORfPnmpLaXweWz6kLLyGPm6ZowZwdjwdanL052nUF7c 7cqLZNa/JU2crzteCJUylld2Tbnm6PF+Ql0tU= X-Google-DKIM-Signature: v=1; a=rsa-sha256; c=relaxed/relaxed; d=1e100.net; s=20230601; t=1746718276; x=1747323076; h=references:in-reply-to:cc:to:from:subject:message-id:date :x-gm-message-state:from:to:cc:subject:date:message-id:reply-to; bh=qoYIf8YyFIPhBGbJPmo5SqKB5vgxosWM7qsXQBPF4Q4=; b=RoGtvg4wD3bmz0UK9VWzQtETsXLVoHk6vsAKhlHcDNVZ9RnzKCzyTozA0ARb71s2Sa YVi5pbprLBjwLC8oCkW/qlQYMto/Vi6s7k0Mngi85NgP56dZwVZpZIDCB0GnmtHwxR+n HjiFdE5XWAuJZtGvX/6il8XIQ/WuTyF1jRYEKgoejYbqCM8BVdhma2WwiwxyoebScheW jKvZbSOb9x6c+h8obnBzNxnx4g82/BrjJtxYkQXYv6YUmuvm8JJJSUy/PVPtKdX+xbIT 4XD7balS4xwTb+oj63y2i2ozUyGIgSi0ZEYPcWb2CGWx1F8EPOcybeQknymP6hD4UgRW Qcyg== X-Gm-Message-State: AOJu0YzspSZWlGiKLmVxX+UXxkrTY8z9qE23jEQri+FkB4BsgJE9lHXA aNbs40eM1P7y61xZjz7+Noh6ifiQoWRJlqZdWFEavu3zbmRsUt+rBL0Afy9Etb3gG5wIf22HNjd UZAyiOO2id9+/GFKumTuJOZWkE/j9fhAHGwCwLxGd X-Gm-Gg: ASbGnctikjB0jH/lMv3Kc/YjhTcS0yOw9Q0HDwpeI29DoYohsvhejFSEAOy5chMQfEe dorAaqzgQ367aQGnwNbMHMcMr6kZ3ZamJootIQrjG6s+bHBpv0NN3QalpcSbTk+QzRmzUlBbtNw +wtLZ2CKvQBkmW7/L2QVAG0wKcpyri1+yH6yFTx/m9r8x9UtK4nLv52Ti1QrKoffd3GO5G1jHd3 K+pOhWtMbOO3G+tFf75PqRl0ESXJpDQS8vTw9EUUYPusrthjB8cqdO3bjFA2EYiN/ZocmWGQ0w4 7ywf5gDYRrlJMJmdBC+GsDUqHVvunz8hGUtrJovULKVCwAaDd40N9EELKCs= X-Google-Smtp-Source: AGHT+IG1s4/xdgRUJsTh5qhKQfi4EteG5m9eOxDqMUKYf4f6HA+cPvv0epqSn1ykuupIlEZrrYvNGwPSmeKQ X-Received: by 2002:a17:903:478d:b0:22d:c52e:2dae with SMTP id d9443c01a7336-22e5ea7b384mr93433655ad.18.1746718276147; Thu, 08 May 2025 08:31:16 -0700 (PDT) Received: from postal.iol.unh.edu (postal.iol.unh.edu. [132.177.123.84]) by smtp-relay.gmail.com with ESMTPS id d9443c01a7336-22fc5a264b2sm42435ad.32.2025.05.08.08.31.16 (version=TLS1_2 cipher=ECDHE-ECDSA-AES128-GCM-SHA256 bits=128/128); Thu, 08 May 2025 08:31:16 -0700 (PDT) X-Relaying-Domain: iol.unh.edu Date: Thu, 08 May 2025 08:31:16 -0700 (PDT) Message-ID: <681cce44.170a0220.18be5.0383SMTPIN_ADDED_MISSING@mx.google.com> Received: from [172.21.0.6] (unknown [172.18.0.240]) by postal.iol.unh.edu (Postfix) with ESMTP id CE3A16052471; Thu, 8 May 2025 11:30:42 -0400 (EDT) Subject: |FAILURE| pw153356-153358 [PATCH] [v7,3/3] app/testpmd: add sleep co From: dpdklab@iol.unh.edu To: Test Report Cc: dpdk-test-reports@iol.unh.edu, Anatoly Burakov In-Reply-To: <6334aba24959371cc7c6f4290869698f0ad57bc1.1746698489.git.anatoly.burakov@intel.com> References: <6334aba24959371cc7c6f4290869698f0ad57bc1.1746698489.git.anatoly.burakov@intel.com> Content-Type: text/plain X-BeenThere: test-report@dpdk.org X-Mailman-Version: 2.1.29 Precedence: list List-Id: automatic DPDK test reports List-Unsubscribe: , List-Archive: List-Post: List-Help: List-Subscribe: , Errors-To: test-report-bounces@dpdk.org Test-Label: iol-unit-arm64-testing Test-Status: FAILURE http://dpdk.org/patch/153358 _Testing issues_ Submitter: Anatoly Burakov Date: Thursday, May 08 2025 10:01:38 DPDK git baseline: Repo:dpdk Branch: master CommitID:75f179ebe347b6098cf3af26d3d3b7168fe3fe24 153356-153358 --> testing issues Upstream job id: Generic-Unit-Test-DPDK#336560 Test environment and result as below: +-----------------------------+--------------+---------------------------+------------------------------+----------------+ | Environment | lpm_autotest | cryptodev_sw_zuc_autotest | cryptodev_sw_snow3g_autotest | dpdk_unit_test | +=============================+==============+===========================+==============================+================+ | Ubuntu 20.04 ARM SVE | PASS | SKIPPED | SKIPPED | SKIPPED | +-----------------------------+--------------+---------------------------+------------------------------+----------------+ | Debian 12 (arm) | SKIPPED | PASS | PASS | PASS | +-----------------------------+--------------+---------------------------+------------------------------+----------------+ | CentOS Stream 9 (ARM) | SKIPPED | SKIPPED | SKIPPED | PASS | +-----------------------------+--------------+---------------------------+------------------------------+----------------+ | CentOS Stream 10 (ARM) | SKIPPED | SKIPPED | SKIPPED | FAIL | +-----------------------------+--------------+---------------------------+------------------------------+----------------+ | Fedora 40 (ARM) | SKIPPED | SKIPPED | SKIPPED | FAIL | +-----------------------------+--------------+---------------------------+------------------------------+----------------+ | Fedora 40 (ARM Clang) | SKIPPED | SKIPPED | SKIPPED | FAIL | +-----------------------------+--------------+---------------------------+------------------------------+----------------+ | Fedora 41 (ARM Clang) | SKIPPED | SKIPPED | SKIPPED | FAIL | +-----------------------------+--------------+---------------------------+------------------------------+----------------+ | Fedora 41 (ARM) | SKIPPED | SKIPPED | SKIPPED | FAIL | +-----------------------------+--------------+---------------------------+------------------------------+----------------+ | Ubuntu 22.04 (ARM) | SKIPPED | SKIPPED | SKIPPED | PASS | +-----------------------------+--------------+---------------------------+------------------------------+----------------+ | Ubuntu 20.04 (ARM) | SKIPPED | SKIPPED | SKIPPED | PASS | +-----------------------------+--------------+---------------------------+------------------------------+----------------+ | RHEL9 (ARM) | SKIPPED | SKIPPED | SKIPPED | PASS | +-----------------------------+--------------+---------------------------+------------------------------+----------------+ | Ubuntu 24.04 (ARM) | SKIPPED | SKIPPED | SKIPPED | FAIL | +-----------------------------+--------------+---------------------------+------------------------------+----------------+ | 32-bit Ubuntu 22.04.4 (ARM) | SKIPPED | SKIPPED | SKIPPED | PASS | +-----------------------------+--------------+---------------------------+------------------------------+----------------+ ==== Unit test summary for Ubuntu 24.04 (ARM) (dpdk_unit_test): ==== ninja: Entering directory `/home-local/jenkins-local/jenkins-agent/workspace/Generic-Unit-Test-DPDK/dpdk/build' ninja: no work to do. 1/119 DPDK:fast-tests / acl_autotest OK 13.44s 2/119 DPDK:fast-tests / alarm_autotest OK 1.35s 3/119 DPDK:fast-tests / argparse_autotest OK 0.33s 4/119 DPDK:fast-tests / atomic_autotest OK 10.29s 5/119 DPDK:fast-tests / bitcount_autotest OK 0.53s 6/119 DPDK:fast-tests / bitmap_autotest OK 0.37s 7/119 DPDK:fast-tests / bitops_autotest OK 1.85s 8/119 DPDK:fast-tests / bitratestats_autotest OK 0.38s 9/119 DPDK:fast-tests / bitset_autotest OK 7.72s 10/119 DPDK:fast-tests / bpf_autotest OK 0.35s 11/119 DPDK:fast-tests / bpf_convert_autotest OK 0.35s 12/119 DPDK:fast-tests / byteorder_autotest OK 0.34s 13/119 DPDK:fast-tests / cfgfile_autotest OK 0.35s 14/119 DPDK:fast-tests / cksum_autotest OK 0.34s 15/119 DPDK:fast-tests / cmdline_autotest FAIL 0.35s (exit status 255 or signal 127 SIGinvalid) >>> DPDK_TEST=cmdline_autotest MALLOC_PERTURB_=242 /home-local/jenkins-local/jenkins-agent/workspace/Generic-Unit-Test-DPDK/dpdk/build/app/dpdk-test --no-huge -m 2048 16/119 DPDK:fast-tests / common_autotest OK 2.37s 17/119 DPDK:fast-tests / compressdev_autotest SKIP 0.20s exit status 77 18/119 DPDK:fast-tests / cpuflags_autotest OK 0.39s 19/119 DPDK:fast-tests / crc_autotest OK 0.35s 20/119 DPDK:fast-tests / user_delay_us OK 0.35s 21/119 DPDK:fast-tests / debug_autotest OK 1.98s 22/119 DPDK:fast-tests / devargs_autotest OK 0.33s 23/119 DPDK:fast-tests / dispatcher_autotest OK 5.36s 24/119 DPDK:fast-tests / distributor_autotest OK 1.32s 25/119 DPDK:fast-tests / eal_flags_c_opt_autotest OK 5.62s 26/119 DPDK:fast-tests / eal_flags_main_opt_autotest OK 1.33s 27/119 DPDK:fast-tests / eal_flags_n_opt_autotest OK 1.22s 28/119 DPDK:fast-tests / eal_flags_hpet_autotest OK 0.70s 29/119 DPDK:fast-tests / eal_flags_no_huge_autotest OK 1.36s 30/119 DPDK:fast-tests / eal_flags_a_opt_autotest OK 1.86s 31/119 DPDK:fast-tests / eal_flags_b_opt_autotest OK 1.10s 32/119 DPDK:fast-tests / eal_flags_vdev_opt_autotest OK 0.85s 33/119 DPDK:fast-tests / eal_flags_r_opt_autotest OK 0.84s 34/119 DPDK:fast-tests / eal_flags_mem_autotest OK 1.23s 35/119 DPDK:fast-tests / eal_flags_file_prefix_autotest OK 3.43s 36/119 DPDK:fast-tests / eal_flags_misc_autotest OK 4.75s 37/119 DPDK:fast-tests / eal_fs_autotest OK 0.38s 38/119 DPDK:fast-tests / errno_autotest OK 0.32s 39/119 DPDK:fast-tests / ethdev_link_status OK 0.35s 40/119 DPDK:fast-tests / event_eth_tx_adapter_autotest OK 2.28s 41/119 DPDK:fast-tests / event_ring_autotest OK 0.37s 42/119 DPDK:fast-tests / eventdev_common_autotest OK 0.34s 43/119 DPDK:fast-tests / eventdev_selftest_sw OK 22.72s 44/119 DPDK:fast-tests / fbarray_autotest OK 0.34s 45/119 DPDK:fast-tests / fib_autotest OK 1.92s 46/119 DPDK:fast-tests / fib6_autotest OK 1.73s 47/119 DPDK:fast-tests / func_reentrancy_autotest OK 1.52s 48/119 DPDK:fast-tests / graph_autotest OK 0.36s 49/119 DPDK:fast-tests / node_list_dump OK 0.32s 50/119 DPDK:fast-tests / hash_autotest OK 1.04s 51/119 DPDK:fast-tests / hash_readwrite_func_autotest OK 16.80s 52/119 DPDK:fast-tests / interrupt_autotest OK 1.54s 53/119 DPDK:fast-tests / ipfrag_autotest OK 0.28s 54/119 DPDK:fast-tests / ipsec_autotest SKIP 0.39s exit status 77 55/119 DPDK:fast-tests / kvargs_autotest OK 0.36s 56/119 DPDK:fast-tests / latencystats_autotest OK 0.37s 57/119 DPDK:fast-tests / lcore_var_autotest OK 1.58s 58/119 DPDK:fast-tests / lcores_autotest OK 9.10s 59/119 DPDK:fast-tests / logs_autotest OK 0.33s 60/119 DPDK:fast-tests / lpm_autotest OK 3.89s 61/119 DPDK:fast-tests / lpm6_autotest OK 10.50s 62/119 DPDK:fast-tests / malloc_autotest OK 0.96s 63/119 DPDK:fast-tests / mbuf_autotest OK 4.36s 64/119 DPDK:fast-tests / mcslock_autotest OK 1.84s 65/119 DPDK:fast-tests / member_autotest OK 3.34s 66/119 DPDK:fast-tests / memcpy_autotest OK 15.57s 67/119 DPDK:fast-tests / memory_autotest OK 0.29s 68/119 DPDK:fast-tests / mempool_autotest OK 0.81s 69/119 DPDK:fast-tests / memzone_autotest OK 0.23s 70/119 DPDK:fast-tests / meter_autotest OK 0.47s 71/119 DPDK:fast-tests / metrics_autotest OK 0.40s 72/119 DPDK:fast-tests / multiprocess_autotest OK 1.11s 73/119 DPDK:fast-tests / net_ether_autotest OK 3.27s 74/119 DPDK:fast-tests / net_ipv6_autotest OK 0.36s 75/119 DPDK:fast-tests / pcapng_autotest OK 5.85s 76/119 DPDK:fast-tests / pdcp_autotest SKIP 0.21s exit status 77 77/119 DPDK:fast-tests / pdump_autotest OK 1.26s 78/119 DPDK:fast-tests / per_lcore_autotest OK 0.53s 79/119 DPDK:fast-tests / pflock_autotest OK 0.71s 80/119 DPDK:fast-tests / pie_autotest OK 0.39s 81/119 DPDK:fast-tests / ring_pmd_autotest OK 0.38s 82/119 DPDK:fast-tests / power_autotest OK 0.36s 83/119 DPDK:fast-tests / power_cpufreq_autotest SKIP 0.19s exit status 77 84/119 DPDK:fast-tests / power_intel_uncore_autotest SKIP 0.41s exit status 77 85/119 DPDK:fast-tests / power_kvm_vm_autotest SKIP 0.25s exit status 77 86/119 DPDK:fast-tests / prefetch_autotest OK 0.47s 87/119 DPDK:fast-tests / ptr_compress_autotest OK 0.36s 88/119 DPDK:fast-tests / rawdev_autotest OK 0.45s 89/119 DPDK:fast-tests / rcu_qsbr_autotest OK 1.42s 90/119 DPDK:fast-tests / reorder_autotest OK 1.08s 91/119 DPDK:fast-tests / rib_autotest OK 10.33s 92/119 DPDK:fast-tests / rib6_autotest OK 9.47s 93/119 DPDK:fast-tests / ring_autotest OK 0.44s 94/119 DPDK:fast-tests / rwlock_test1_autotest OK 0.69s 95/119 DPDK:fast-tests / rwlock_rda_autotest OK 5.36s 96/119 DPDK:fast-tests / rwlock_rds_wrm_autotest OK 5.38s 97/119 DPDK:fast-tests / rwlock_rde_wro_autotest OK 5.43s 98/119 DPDK:fast-tests / sched_autotest OK 0.39s 99/119 DPDK:fast-tests / security_autotest OK 0.28s 100/119 DPDK:fast-tests / seqlock_autotest OK 2.38s 101/119 DPDK:fast-tests / service_autotest OK 3.07s 102/119 DPDK:fast-tests / soring_autotest OK 0.38s 103/119 DPDK:fast-tests / spinlock_autotest OK 0.42s 104/119 DPDK:fast-tests / stack_autotest OK 0.75s 105/119 DPDK:fast-tests / stack_lf_autotest OK 0.67s 106/119 DPDK:fast-tests / string_autotest OK 0.38s 107/119 DPDK:fast-tests / table_autotest OK 17.42s 108/119 DPDK:fast-tests / tailq_autotest OK 0.35s 109/119 DPDK:fast-tests / telemetry_data_autotest OK 0.34s 110/119 DPDK:fast-tests / telemetry_json_autotest OK 0.33s 111/119 DPDK:fast-tests / thash_autotest OK 0.37s 112/119 DPDK:fast-tests / threads_autotest OK 0.46s 113/119 DPDK:fast-tests / ticketlock_autotest OK 0.40s 114/119 DPDK:fast-tests / timer_autotest OK 3.55s 115/119 DPDK:fast-tests / trace_autotest OK 0.68s 116/119 DPDK:fast-tests / trace_autotest_with_traces OK 0.36s 117/119 DPDK:fast-tests / vdev_autotest OK 0.34s 118/119 DPDK:fast-tests / version_autotest OK 0.36s 119/119 DPDK:fast-tests / telemetry_all OK 1.30s Ok: 112 Expected Fail: 0 Fail: 1 Unexpected Pass: 0 Skipped: 6 Timeout: 0 Full log written to /home-local/jenkins-local/jenkins-agent/workspace/Generic-Unit-Test-DPDK/dpdk/build/meson-logs/testlog.txt Test log output from the failed test cmdline_autotest: Sorry, we were not able to find the logs for this test. Download the log output from the CI site for this test run. ==== End log output ==== Ubuntu 20.04 ARM SVE Kernel: Depends on container host Compiler: gcc (Ubuntu 10.5.0-1ubuntu1~20.04) 10.5.0 Debian 12 (arm) Kernel: Depends on container host Compiler: gcc (Debian 12.2.0-14) 12.2.0 CentOS Stream 9 (ARM) Kernel: Depends on container host Compiler: gcc 11.5.0 20240719 (Red Hat 11.5.0-2) CentOS Stream 10 (ARM) Kernel: Depends on container host Compiler: gcc 14.2.1 20241104 (Red Hat 14.2.1-6) Fedora 40 (ARM) Kernel: Depends on container host Compiler: gcc 14.2.1 20240912 (Red Hat 14.2.1-3) Fedora 40 (ARM Clang) Kernel: Depends on container host Compiler: clang 18.1.8 (Fedora 18.1.8-1.fc40) Fedora 41 (ARM Clang) Kernel: Depends on container host Compiler: clang 19.1.5 (Fedora 19.1.5-1.fc41) Fedora 41 (ARM) Kernel: Depends on container host Compiler: gcc 14.2.1 20240912 (Red Hat 14.2.1-3) Ubuntu 22.04 (ARM) Kernel: Depends on container host Compiler: gcc (Ubuntu 11.4.0-1ubuntu1~22.04) 11.4.0 Ubuntu 20.04 (ARM) Kernel: Depends on container host Compiler: gcc (Ubuntu 9.4.0-1ubuntu1~20.04.2) 9.4.0 RHEL9 (ARM) Kernel: Depends on container host Compiler: gcc 11.5.0 20240719 (Red Hat 11.5.0-2) Ubuntu 24.04 (ARM) Kernel: Depends on container host Compiler: gcc (Ubuntu 13.3.0-6ubuntu2~24.04) 13.3.0 32-bit Ubuntu 22.04.4 (ARM) Kernel: 5.15.83+ aarch64 Compiler: gcc (Ubuntu 11.4.0-1ubuntu1~22.04) 11.4.0 To view detailed results, visit: https://lab.dpdk.org/results/dashboard/patchsets/33142/ UNH-IOL DPDK Community Lab To manage your email subscriptions, visit: https://lab.dpdk.org/results/dashboard/preferences/subscriptions/