From mboxrd@z Thu Jan 1 00:00:00 1970 Return-Path: Received: from mails.dpdk.org (mails.dpdk.org [217.70.189.124]) by inbox.dpdk.org (Postfix) with ESMTP id 63CF146676 for ; Thu, 8 May 2025 17:33:11 +0200 (CEST) Received: from mails.dpdk.org (localhost [127.0.0.1]) by mails.dpdk.org (Postfix) with ESMTP id 5A37D4026C; Thu, 8 May 2025 17:33:11 +0200 (CEST) Received: from mail-oa1-f99.google.com (mail-oa1-f99.google.com [209.85.160.99]) by mails.dpdk.org (Postfix) with ESMTP id 47E944026B for ; Thu, 8 May 2025 17:33:10 +0200 (CEST) Received: by mail-oa1-f99.google.com with SMTP id 586e51a60fabf-2db9e29d3bcso110900fac.1 for ; Thu, 08 May 2025 08:33:10 -0700 (PDT) DKIM-Signature: v=1; a=rsa-sha256; c=relaxed/relaxed; d=iol.unh.edu; s=unh-iol; t=1746718389; x=1747323189; darn=dpdk.org; h=references:in-reply-to:cc:to:from:subject:message-id:date:from:to :cc:subject:date:message-id:reply-to; bh=v8G0SliLZCeqEQLyPIknmHoelGTHT3lKw/cdWv910NA=; b=JfuRkPLCkNEd2+ys9dHWaGpEXH9pywarYCXxZF7Ah50MqgBYx1Jf6wWqm4YOgGLgBi nMBxp4Oz1HG7+BHapq4tcw8JSOSDACM3HXP6ju3PyyAC2JjHKZTIk05DeIkjJzXfel42 Y/aLF7xh9J7p0hyBbm8ArvYZZb/s6VdAD3QpI= X-Google-DKIM-Signature: v=1; a=rsa-sha256; c=relaxed/relaxed; d=1e100.net; s=20230601; t=1746718389; x=1747323189; h=references:in-reply-to:cc:to:from:subject:message-id:date :x-gm-message-state:from:to:cc:subject:date:message-id:reply-to; bh=v8G0SliLZCeqEQLyPIknmHoelGTHT3lKw/cdWv910NA=; b=gEPQ8/SvEORV3cVf7lVUTUCjyiFDNEp1kQhnOEhMXmVdO2mN9oaoxuan1o5uLw9/MQ 2jMU3eJdwzJRe8F/oHL9BSfkwIryQOGlgQO0owPQt+0dLcfnnCbePorYFLnQ3c0yHwsT BAjoLcwH4uGnVFu3wg/xGTMbqv3ihkb5TqqAG+ftehq49PDq6D9F+uzIe7jj60PG97Y+ gYft78iY62Wr6CnL2ZPDimMybJDFpnsu0hLidpcOQHzI7Wlt34o5NLqsl+hRrmWNoZIP dxt3lHC2X3oYAiuB5i8Icg0yLIIdsKUlURy7wAaFAzWUaqH634330n7QrYvh8jCBfSUS IOGA== X-Gm-Message-State: AOJu0YzuYxm+XGNRlO0kWHjdMPJRK4zYTDIW2aZBgk1JwRy4DVQ4hLcb ptLKo8TN3VXw2261B9QeD+eOL63bfdLsaFliLagnvKmFClwG4Fk0oT2vu7MFbXprMEIK41aspHf r8V/5HlzGlUsNkPgcRqQNN8K+IRF0YvTcj8R6gtfS X-Gm-Gg: ASbGncvVxH+zieo+bUlYkoCWt5EWIM5P1OeQ3/P56Brm0Bv+TWtcVMjh78ol0EO8M2j DhWBT/farfzETVcD4WwM761Tkr+dn3k5m7+4cfOPfLgr/lNK3YehVctsKm8Nh/+E9NaYCQqcOhg oaXRR32WndTlzQ/D8y/hC+MR+iYN0eSB6P578i130Idkm9w3aPSo28qxkMZ2vb8LYfOUWdnPmOF OQYDnN3hnP4OCGdE1+B1hAw+QJ9UL3d+T4fmg4hZKgep47+HSWr+aIf30kyfFMDrrreGK6keGyT iktwxVEY+xgfNZ6oU5tVAoLMOCFs3nb//3kjbVS2NIMbwzfKgyTQw+q03+c= X-Google-Smtp-Source: AGHT+IHhnj0TNznjRxH2YfsYG01BSfZbgj5dT29Ejeh4b6DZk2okm1lsey+Vfr9deLomK2Z35mIzqvPcYjKA X-Received: by 2002:a05:6870:4591:b0:2b7:d3f1:dc72 with SMTP id 586e51a60fabf-2db5c0689bbmr5118015fac.29.1746718389315; Thu, 08 May 2025 08:33:09 -0700 (PDT) Received: from postal.iol.unh.edu (postal.iol.unh.edu. [132.177.123.84]) by smtp-relay.gmail.com with ESMTPS id 586e51a60fabf-2dba0bdaad5sm8338fac.41.2025.05.08.08.33.09 (version=TLS1_2 cipher=ECDHE-ECDSA-AES128-GCM-SHA256 bits=128/128); Thu, 08 May 2025 08:33:09 -0700 (PDT) X-Relaying-Domain: iol.unh.edu Date: Thu, 08 May 2025 08:33:09 -0700 (PDT) Message-ID: <681cceb5.050a0220.362e53.0801SMTPIN_ADDED_MISSING@mx.google.com> Received: from [172.21.0.5] (unknown [172.18.0.240]) by postal.iol.unh.edu (Postfix) with ESMTP id BF1636052472; Thu, 8 May 2025 11:33:08 -0400 (EDT) Subject: |FAILURE| pw153356-153358 [PATCH] [v7,3/3] app/testpmd: add sleep co From: dpdklab@iol.unh.edu To: Test Report Cc: dpdk-test-reports@iol.unh.edu, Anatoly Burakov In-Reply-To: <6334aba24959371cc7c6f4290869698f0ad57bc1.1746698489.git.anatoly.burakov@intel.com> References: <6334aba24959371cc7c6f4290869698f0ad57bc1.1746698489.git.anatoly.burakov@intel.com> Content-Type: text/plain X-BeenThere: test-report@dpdk.org X-Mailman-Version: 2.1.29 Precedence: list List-Id: automatic DPDK test reports List-Unsubscribe: , List-Archive: List-Post: List-Help: List-Subscribe: , Errors-To: test-report-bounces@dpdk.org Test-Label: iol-unit-amd64-testing Test-Status: FAILURE http://dpdk.org/patch/153358 _Testing issues_ Submitter: Anatoly Burakov Date: Thursday, May 08 2025 10:01:38 DPDK git baseline: Repo:dpdk Branch: master CommitID:75f179ebe347b6098cf3af26d3d3b7168fe3fe24 153356-153358 --> testing issues Upstream job id: Generic-Unit-Test-DPDK#336563 Test environment and result as below: +-------------------+----------------+ | Environment | dpdk_unit_test | +===================+================+ | CentOS Stream 10 | FAIL | +-------------------+----------------+ | CentOS Stream 9 | PASS | +-------------------+----------------+ | Fedora 40 | FAIL | +-------------------+----------------+ | Debian 12 | PEND | +-------------------+----------------+ | Fedora 41 | PEND | +-------------------+----------------+ | Fedora 41 (Clang) | PEND | +-------------------+----------------+ | Fedora 40 (Clang) | PEND | +-------------------+----------------+ | RHEL9 | PEND | +-------------------+----------------+ | RHEL8 | PEND | +-------------------+----------------+ | Ubuntu 20.04 | PEND | +-------------------+----------------+ | Ubuntu 22.04 | PEND | +-------------------+----------------+ | Ubuntu 24.04 | PEND | +-------------------+----------------+ ==== Unit test summary for Fedora 40 (dpdk_unit_test): ==== ninja: Entering directory `/root/workspace/Generic-Unit-Test-DPDK/dpdk/build' ninja: no work to do. 1/119 DPDK:fast-tests / acl_autotest OK 2.70s 2/119 DPDK:fast-tests / alarm_autotest OK 1.19s 3/119 DPDK:fast-tests / argparse_autotest OK 0.18s 4/119 DPDK:fast-tests / atomic_autotest OK 0.37s 5/119 DPDK:fast-tests / bitcount_autotest OK 0.31s 6/119 DPDK:fast-tests / bitmap_autotest OK 0.17s 7/119 DPDK:fast-tests / bitops_autotest OK 2.09s 8/119 DPDK:fast-tests / bitratestats_autotest OK 0.18s 9/119 DPDK:fast-tests / bitset_autotest OK 2.18s 10/119 DPDK:fast-tests / bpf_autotest OK 0.25s 11/119 DPDK:fast-tests / bpf_convert_autotest OK 0.21s 12/119 DPDK:fast-tests / byteorder_autotest OK 0.21s 13/119 DPDK:fast-tests / cfgfile_autotest OK 0.26s 14/119 DPDK:fast-tests / cksum_autotest OK 0.18s 15/119 DPDK:fast-tests / cmdline_autotest FAIL 0.18s (exit status 255 or signal 127 SIGinvalid) >>> MALLOC_PERTURB_=137 DPDK_TEST=cmdline_autotest /root/workspace/Generic-Unit-Test-DPDK/dpdk/build/app/dpdk-test --no-huge -m 2048 16/119 DPDK:fast-tests / common_autotest OK 0.60s 17/119 DPDK:fast-tests / compressdev_autotest SKIP 0.15s exit status 77 18/119 DPDK:fast-tests / cpuflags_autotest OK 0.19s 19/119 DPDK:fast-tests / crc_autotest OK 0.18s 20/119 DPDK:fast-tests / user_delay_us OK 0.18s 21/119 DPDK:fast-tests / debug_autotest OK 0.45s 22/119 DPDK:fast-tests / devargs_autotest OK 0.18s 23/119 DPDK:fast-tests / dispatcher_autotest SKIP 0.15s exit status 77 24/119 DPDK:fast-tests / distributor_autotest OK 1.01s 25/119 DPDK:fast-tests / eal_flags_c_opt_autotest OK 0.87s 26/119 DPDK:fast-tests / eal_flags_main_opt_autotest OK 0.38s 27/119 DPDK:fast-tests / eal_flags_n_opt_autotest OK 0.46s 28/119 DPDK:fast-tests / eal_flags_hpet_autotest OK 0.29s 29/119 DPDK:fast-tests / eal_flags_no_huge_autotest OK 0.50s 30/119 DPDK:fast-tests / eal_flags_a_opt_autotest OK 0.55s 31/119 DPDK:fast-tests / eal_flags_b_opt_autotest OK 0.43s 32/119 DPDK:fast-tests / eal_flags_vdev_opt_autotest OK 0.57s 33/119 DPDK:fast-tests / eal_flags_r_opt_autotest OK 0.31s 34/119 DPDK:fast-tests / eal_flags_mem_autotest OK 0.80s 35/119 DPDK:fast-tests / eal_flags_file_prefix_autotest OK 2.36s 36/119 DPDK:fast-tests / eal_flags_misc_autotest OK 2.24s 37/119 DPDK:fast-tests / eal_fs_autotest OK 0.19s 38/119 DPDK:fast-tests / errno_autotest OK 0.19s 39/119 DPDK:fast-tests / ethdev_link_status OK 0.18s 40/119 DPDK:fast-tests / event_eth_tx_adapter_autotest OK 0.54s 41/119 DPDK:fast-tests / event_ring_autotest OK 0.17s 42/119 DPDK:fast-tests / eventdev_common_autotest OK 0.17s 43/119 DPDK:fast-tests / eventdev_selftest_sw OK 0.23s 44/119 DPDK:fast-tests / fbarray_autotest OK 0.18s 45/119 DPDK:fast-tests / fib_autotest OK 0.95s 46/119 DPDK:fast-tests / fib6_autotest OK 1.72s 47/119 DPDK:fast-tests / func_reentrancy_autotest OK 0.78s 48/119 DPDK:fast-tests / graph_autotest OK 0.19s 49/119 DPDK:fast-tests / node_list_dump OK 0.17s 50/119 DPDK:fast-tests / hash_autotest OK 0.34s 51/119 DPDK:fast-tests / hash_readwrite_func_autotest SKIP 0.14s exit status 77 52/119 DPDK:fast-tests / interrupt_autotest OK 1.62s 53/119 DPDK:fast-tests / ipfrag_autotest OK 0.26s 54/119 DPDK:fast-tests / ipsec_autotest SKIP 0.20s exit status 77 55/119 DPDK:fast-tests / kvargs_autotest OK 0.19s 56/119 DPDK:fast-tests / latencystats_autotest OK 0.33s 57/119 DPDK:fast-tests / lcore_var_autotest OK 1.42s 58/119 DPDK:fast-tests / lcores_autotest OK 1.19s 59/119 DPDK:fast-tests / logs_autotest OK 0.17s 60/119 DPDK:fast-tests / lpm_autotest OK 2.67s 61/119 DPDK:fast-tests / lpm6_autotest OK 14.75s 62/119 DPDK:fast-tests / malloc_autotest OK 0.39s 63/119 DPDK:fast-tests / mbuf_autotest OK 0.39s 64/119 DPDK:fast-tests / mcslock_autotest OK 0.44s 65/119 DPDK:fast-tests / member_autotest OK 0.97s 66/119 DPDK:fast-tests / memcpy_autotest OK 4.20s 67/119 DPDK:fast-tests / memory_autotest OK 0.16s 68/119 DPDK:fast-tests / mempool_autotest OK 0.47s 69/119 DPDK:fast-tests / memzone_autotest OK 0.16s 70/119 DPDK:fast-tests / meter_autotest OK 0.20s 71/119 DPDK:fast-tests / metrics_autotest OK 0.19s 72/119 DPDK:fast-tests / multiprocess_autotest OK 0.30s 73/119 DPDK:fast-tests / net_ether_autotest OK 0.56s 74/119 DPDK:fast-tests / net_ipv6_autotest OK 0.19s 75/119 DPDK:fast-tests / pcapng_autotest OK 6.61s 76/119 DPDK:fast-tests / pdcp_autotest SKIP 0.18s exit status 77 77/119 DPDK:fast-tests / pdump_autotest OK 0.35s 78/119 DPDK:fast-tests / per_lcore_autotest OK 0.29s 79/119 DPDK:fast-tests / pflock_autotest OK 0.29s 80/119 DPDK:fast-tests / pie_autotest OK 0.20s 81/119 DPDK:fast-tests / ring_pmd_autotest OK 0.20s 82/119 DPDK:fast-tests / power_autotest OK 0.19s 83/119 DPDK:fast-tests / power_cpufreq_autotest SKIP 0.16s exit status 77 84/119 DPDK:fast-tests / power_intel_uncore_autotest SKIP 0.19s exit status 77 85/119 DPDK:fast-tests / power_kvm_vm_autotest SKIP 0.14s exit status 77 86/119 DPDK:fast-tests / prefetch_autotest OK 0.19s 87/119 DPDK:fast-tests / ptr_compress_autotest OK 0.19s 88/119 DPDK:fast-tests / rawdev_autotest OK 0.17s 89/119 DPDK:fast-tests / rcu_qsbr_autotest OK 0.29s 90/119 DPDK:fast-tests / reorder_autotest OK 0.33s 91/119 DPDK:fast-tests / rib_autotest OK 9.44s 92/119 DPDK:fast-tests / rib6_autotest OK 4.86s 93/119 DPDK:fast-tests / ring_autotest OK 0.20s 94/119 DPDK:fast-tests / rwlock_test1_autotest OK 0.29s 95/119 DPDK:fast-tests / rwlock_rda_autotest OK 5.18s 96/119 DPDK:fast-tests / rwlock_rds_wrm_autotest OK 5.23s 97/119 DPDK:fast-tests / rwlock_rde_wro_autotest OK 5.21s 98/119 DPDK:fast-tests / sched_autotest OK 0.26s 99/119 DPDK:fast-tests / security_autotest OK 0.26s 100/119 DPDK:fast-tests / seqlock_autotest SKIP 0.32s exit status 77 101/119 DPDK:fast-tests / service_autotest OK 0.52s 102/119 DPDK:fast-tests / soring_autotest OK 0.21s 103/119 DPDK:fast-tests / spinlock_autotest OK 0.28s 104/119 DPDK:fast-tests / stack_autotest OK 0.22s 105/119 DPDK:fast-tests / stack_lf_autotest OK 0.25s 106/119 DPDK:fast-tests / string_autotest OK 0.19s 107/119 DPDK:fast-tests / table_autotest OK 6.00s 108/119 DPDK:fast-tests / tailq_autotest OK 0.18s 109/119 DPDK:fast-tests / telemetry_data_autotest OK 0.18s 110/119 DPDK:fast-tests / telemetry_json_autotest OK 0.19s 111/119 DPDK:fast-tests / thash_autotest OK 0.31s 112/119 DPDK:fast-tests / threads_autotest OK 0.43s 113/119 DPDK:fast-tests / ticketlock_autotest OK 0.20s 114/119 DPDK:fast-tests / timer_autotest OK 2.62s 115/119 DPDK:fast-tests / trace_autotest OK 0.27s 116/119 DPDK:fast-tests / trace_autotest_with_traces OK 0.20s 117/119 DPDK:fast-tests / vdev_autotest OK 0.18s 118/119 DPDK:fast-tests / version_autotest OK 0.18s 119/119 DPDK:fast-tests / telemetry_all SKIP 0.01s exit status 77 Ok: 108 Expected Fail: 0 Fail: 1 Unexpected Pass: 0 Skipped: 10 Timeout: 0 Full log written to /root/workspace/Generic-Unit-Test-DPDK/dpdk/build/meson-logs/testlog.txt Test log output from the failed test cmdline_autotest: Sorry, we were not able to find the logs for this test. Download the log output from the CI site for this test run. ==== End log output ==== CentOS Stream 10 Kernel: Depends on container host Compiler: gcc 14.2.1 20241104 (Red Hat 14.2.1-6) CentOS Stream 9 Kernel: Depends on container host Compiler: gcc 11.5.0 20240719 (Red Hat 11.5.0-2) Fedora 40 Kernel: Depends on container host Compiler: gcc 14.2.1 20240912 (Red Hat 14.2.1-3) Debian 12 Kernel: Depends on container host Compiler: gcc (Debian 12.2.0-14) 12.2.0 Fedora 41 Kernel: Depends on container host Compiler: gcc 14.2.1 20240912 (Red Hat 14.2.1-3) Fedora 41 (Clang) Kernel: Depends on container host Compiler: clang 19.1.5 (Fedora 19.1.5-1.fc41) Fedora 40 (Clang) Kernel: Depends on container host Compiler: clang 18.1.8 (Fedora 18.1.8-1.fc40) RHEL9 Kernel: Depends on container host Compiler: gcc 11.5.0 20240719 (Red Hat 11.5.0-2) RHEL8 Kernel: Depends on container host Compiler: gcc 8.5.0 20210514 (Red Hat 8.5.0-22) Ubuntu 20.04 Kernel: Depends on container host Compiler: gcc (Ubuntu 9.4.0-1ubuntu1~20.04.2) 9.4.0 Ubuntu 22.04 Kernel: Depends on container host Compiler: gcc (Ubuntu 11.4.0-1ubuntu1~22.04) 11.4.0 Ubuntu 24.04 Kernel: Depends on container host Compiler: gcc (Ubuntu 13.3.0-6ubuntu2~24.04) 13.3.0 To view detailed results, visit: https://lab.dpdk.org/results/dashboard/patchsets/33142/ UNH-IOL DPDK Community Lab To manage your email subscriptions, visit: https://lab.dpdk.org/results/dashboard/preferences/subscriptions/