automatic DPDK test reports
 help / color / mirror / Atom feed
From: dpdklab@iol.unh.edu
To: Test Report <test-report@dpdk.org>
Cc: dpdk-test-reports@iol.unh.edu
Subject: |SUCCESS| pw153359-153361 [PATCH] [v8,3/3] app/testpmd: add sleep co
Date: Thu, 08 May 2025 08:40:33 -0700 (PDT)	[thread overview]
Message-ID: <681cd071.050a0220.20d13c.084fSMTPIN_ADDED_MISSING@mx.google.com> (raw)
In-Reply-To: <15755be6192657d1e75940284d09939e58aee5b9.1746710154.git.anatoly.burakov@intel.com>

Test-Label: iol-compile-amd64-testing
Test-Status: SUCCESS
http://dpdk.org/patch/153361

_Testing PASS_

Submitter: Anatoly Burakov <anatoly.burakov@intel.com>
Date: Thursday, May 08 2025 13:16:03 
DPDK git baseline: Repo:dpdk
  Branch: master
  CommitID:75f179ebe347b6098cf3af26d3d3b7168fe3fe24

153359-153361 --> testing pass

Upstream job id: Windows-Compile-DPDK-VS#5677

Test environment and result as below:

+---------------------+--------------------+-------------------+
|     Environment     | dpdk_meson_compile | dpdk_msvc_compile |
+=====================+====================+===================+
| Ubuntu 20.04        | PASS               | SKIPPED           |
+---------------------+--------------------+-------------------+
| FreeBSD 13.5        | PASS               | SKIPPED           |
+---------------------+--------------------+-------------------+
| FreeBSD 14.2        | PASS               | SKIPPED           |
+---------------------+--------------------+-------------------+
| Windows Server 2022 | SKIPPED            | PASS              |
+---------------------+--------------------+-------------------+


Ubuntu 20.04
	Kernel: 4.19.325-0419325-generic
	Compiler: gcc (Ubuntu 9.4.0-1ubuntu1~20.04.2) 9.4.0

FreeBSD 13.5
	Kernel: 13.5-RELEASE
	Compiler: clang 19.1.7

FreeBSD 14.2
	Kernel: 14.2-RELEASE
	Compiler: clang 18.1.6

Windows Server 2022
	Kernel: 10.0.20348.2031
	Compiler: clang 15.0.7, gcc 14.1.0 (MinGW), and MSVC VS 19.39.33521

To view detailed results, visit:
https://lab.dpdk.org/results/dashboard/patchsets/33143/

UNH-IOL DPDK Community Lab

To manage your email subscriptions, visit: 
https://lab.dpdk.org/results/dashboard/preferences/subscriptions/

  parent reply	other threads:[~2025-05-08 15:40 UTC|newest]

Thread overview: 25+ messages / expand[flat|nested]  mbox.gz  Atom feed  top
     [not found] <15755be6192657d1e75940284d09939e58aee5b9.1746710154.git.anatoly.burakov@intel.com>
2025-05-08 12:51 ` |SUCCESS| pw153359-153361 [PATCH v8 3/3] app/testpmd: add sleep command qemudev
2025-05-08 12:55 ` qemudev
2025-05-08 13:17 ` |SUCCESS| pw153361 " checkpatch
2025-05-08 14:24 ` 0-day Robot
2025-05-08 15:00 ` |SUCCESS| pw153359-153361 [PATCH] [v8,3/3] app/testpmd: add sleep co dpdklab
2025-05-08 15:00 ` dpdklab
2025-05-08 15:10 ` dpdklab
2025-05-08 15:11 ` dpdklab
2025-05-08 15:16 ` dpdklab
2025-05-08 15:18 ` dpdklab
2025-05-08 15:18 ` dpdklab
2025-05-08 15:26 ` dpdklab
2025-05-08 15:35 ` dpdklab
2025-05-08 15:40 ` dpdklab [this message]
2025-05-08 15:42 ` |PENDING| " dpdklab
2025-05-08 16:20 ` |WARNING| " dpdklab
2025-05-08 16:50 ` |FAILURE| " dpdklab
2025-05-08 16:57 ` dpdklab
2025-05-08 16:59 ` |PENDING| " dpdklab
2025-05-08 17:31 ` |FAILURE| " dpdklab
2025-05-08 18:10 ` dpdklab
2025-05-08 18:10 ` |SUCCESS| " dpdklab
2025-05-08 18:11 ` dpdklab
2025-05-08 18:36 ` dpdklab
2025-05-08 23:35 ` dpdklab

Reply instructions:

You may reply publicly to this message via plain-text email
using any one of the following methods:

* Save the following mbox file, import it into your mail client,
  and reply-to-all from there: mbox

  Avoid top-posting and favor interleaved quoting:
  https://en.wikipedia.org/wiki/Posting_style#Interleaved_style

* Reply using the --to, --cc, and --in-reply-to
  switches of git-send-email(1):

  git send-email \
    --in-reply-to=681cd071.050a0220.20d13c.084fSMTPIN_ADDED_MISSING@mx.google.com \
    --to=dpdklab@iol.unh.edu \
    --cc=dpdk-test-reports@iol.unh.edu \
    --cc=test-report@dpdk.org \
    /path/to/YOUR_REPLY

  https://kernel.org/pub/software/scm/git/docs/git-send-email.html

* If your mail client supports setting the In-Reply-To header
  via mailto: links, try the mailto: link
Be sure your reply has a Subject: header at the top and a blank line before the message body.
This is a public inbox, see mirroring instructions
for how to clone and mirror all data and code used for this inbox;
as well as URLs for NNTP newsgroup(s).