* |SUCCESS| pw153359-153361 [PATCH v8 3/3] app/testpmd: add sleep command
[not found] <15755be6192657d1e75940284d09939e58aee5b9.1746710154.git.anatoly.burakov@intel.com>
@ 2025-05-08 12:51 ` qemudev
2025-05-08 12:55 ` qemudev
` (22 subsequent siblings)
23 siblings, 0 replies; 24+ messages in thread
From: qemudev @ 2025-05-08 12:51 UTC (permalink / raw)
To: test-report
Test-Label: loongarch-compilation
Test-Status: SUCCESS
http://dpdk.org/patch/153361
_Compilation OK_
Submitter: Anatoly Burakov <anatoly.burakov@intel.com>
Date: Thu, 8 May 2025 14:16:01 +0100
DPDK git baseline: Repo:dpdk
Branch: main
CommitID: 75f179ebe347b6098cf3af26d3d3b7168fe3fe24
153359-153361 --> meson & ninja build successfully
Test environment and result as below:
+---------------------+----------------+
| Environment | compilation |
+---------------------+----------------+
| Loongnix-Server 8.3 | PASS |
+---------------------+----------------+
Loongnix-Server 8.3
Kernel: 4.19.190+
Compiler: gcc 8.3
^ permalink raw reply [flat|nested] 24+ messages in thread
* |SUCCESS| pw153359-153361 [PATCH v8 3/3] app/testpmd: add sleep command
[not found] <15755be6192657d1e75940284d09939e58aee5b9.1746710154.git.anatoly.burakov@intel.com>
2025-05-08 12:51 ` |SUCCESS| pw153359-153361 [PATCH v8 3/3] app/testpmd: add sleep command qemudev
@ 2025-05-08 12:55 ` qemudev
2025-05-08 13:17 ` |SUCCESS| pw153361 " checkpatch
` (21 subsequent siblings)
23 siblings, 0 replies; 24+ messages in thread
From: qemudev @ 2025-05-08 12:55 UTC (permalink / raw)
To: test-report
Test-Label: loongarch-unit-testing
Test-Status: SUCCESS
http://dpdk.org/patch/153361
_Unit Testing PASS_
Submitter: Anatoly Burakov <anatoly.burakov@intel.com>
Date: Thu, 8 May 2025 14:16:01 +0100
DPDK git baseline: Repo:dpdk
Branch: main
CommitID: 75f179ebe347b6098cf3af26d3d3b7168fe3fe24
153359-153361 --> testing pass
Test environment and result as below:
+---------------------+----------------+
| Environment | dpdk_unit_test |
+---------------------+----------------+
| Loongnix-Server 8.3 | PASS |
+---------------------+----------------+
Loongnix-Server 8.3
Kernel: 4.19.190+
Compiler: gcc 8.3
Test result details:
1/119 DPDK:fast-tests / acl_autotest OK 3.18s
2/119 DPDK:fast-tests / alarm_autotest OK 1.41s
3/119 DPDK:fast-tests / argparse_autotest OK 0.41s
4/119 DPDK:fast-tests / atomic_autotest OK 6.92s
5/119 DPDK:fast-tests / bitcount_autotest OK 0.31s
6/119 DPDK:fast-tests / bitmap_autotest OK 0.31s
7/119 DPDK:fast-tests / bitops_autotest OK 1.91s
8/119 DPDK:fast-tests / bitratestats_autotest OK 0.41s
9/119 DPDK:fast-tests / bitset_autotest OK 3.18s
10/119 DPDK:fast-tests / bpf_autotest OK 0.42s
11/119 DPDK:fast-tests / bpf_convert_autotest OK 0.41s
12/119 DPDK:fast-tests / byteorder_autotest OK 0.41s
13/119 DPDK:fast-tests / cfgfile_autotest OK 0.39s
14/119 DPDK:fast-tests / cksum_autotest OK 0.41s
15/119 DPDK:fast-tests / cmdline_autotest OK 0.41s
16/119 DPDK:fast-tests / common_autotest OK 1.29s
17/119 DPDK:fast-tests / compressdev_autotest SKIP 0.06s exit status 77
18/119 DPDK:fast-tests / cpuflags_autotest OK 0.31s
19/119 DPDK:fast-tests / crc_autotest OK 0.31s
20/119 DPDK:fast-tests / user_delay_us OK 0.31s
21/119 DPDK:fast-tests / debug_autotest OK 21.79s
22/119 DPDK:fast-tests / devargs_autotest OK 0.30s
23/119 DPDK:fast-tests / dispatcher_autotest OK 2.53s
24/119 DPDK:fast-tests / distributor_autotest OK 1.19s
25/119 DPDK:fast-tests / eal_flags_c_opt_autotest OK 0.79s
26/119 DPDK:fast-tests / eal_flags_main_opt_autotest OK 0.23s
27/119 DPDK:fast-tests / eal_flags_n_opt_autotest OK 0.20s
28/119 DPDK:fast-tests / eal_flags_hpet_autotest OK 0.13s
29/119 DPDK:fast-tests / eal_flags_no_huge_autotest OK 0.22s
30/119 DPDK:fast-tests / eal_flags_a_opt_autotest OK 0.30s
31/119 DPDK:fast-tests / eal_flags_b_opt_autotest OK 0.24s
32/119 DPDK:fast-tests / eal_flags_vdev_opt_autotest OK 0.19s
33/119 DPDK:fast-tests / eal_flags_r_opt_autotest OK 0.19s
34/119 DPDK:fast-tests / eal_flags_mem_autotest OK 0.59s
35/119 DPDK:fast-tests / eal_flags_file_prefix_autotest OK 22.24s
36/119 DPDK:fast-tests / eal_flags_misc_autotest OK 1.06s
37/119 DPDK:fast-tests / eal_fs_autotest OK 0.31s
38/119 DPDK:fast-tests / errno_autotest OK 0.31s
39/119 DPDK:fast-tests / ethdev_link_status OK 0.31s
40/119 DPDK:fast-tests / event_eth_tx_adapter_autotest OK 1.68s
41/119 DPDK:fast-tests / event_ring_autotest OK 0.31s
42/119 DPDK:fast-tests / eventdev_common_autotest OK 0.31s
43/119 DPDK:fast-tests / eventdev_selftest_sw OK 7.19s
44/119 DPDK:fast-tests / fbarray_autotest OK 0.31s
45/119 DPDK:fast-tests / fib_autotest OK 1.18s
46/119 DPDK:fast-tests / fib6_autotest OK 0.97s
47/119 DPDK:fast-tests / func_reentrancy_autotest OK 2.29s
48/119 DPDK:fast-tests / graph_autotest OK 0.31s
49/119 DPDK:fast-tests / node_list_dump OK 0.31s
50/119 DPDK:fast-tests / hash_autotest OK 0.93s
51/119 DPDK:fast-tests / hash_readwrite_func_autotest OK 6.41s
52/119 DPDK:fast-tests / interrupt_autotest OK 1.61s
53/119 DPDK:fast-tests / ipfrag_autotest OK 0.07s
54/119 DPDK:fast-tests / ipsec_autotest SKIP 0.31s exit status 77
55/119 DPDK:fast-tests / kvargs_autotest OK 0.32s
56/119 DPDK:fast-tests / latencystats_autotest OK 0.32s
57/119 DPDK:fast-tests / lcore_var_autotest OK 0.45s
58/119 DPDK:fast-tests / lcores_autotest OK 5.12s
59/119 DPDK:fast-tests / logs_autotest OK 0.31s
60/119 DPDK:fast-tests / lpm_autotest OK 2.36s
61/119 DPDK:fast-tests / lpm6_autotest OK 5.46s
62/119 DPDK:fast-tests / malloc_autotest OK 60.09s
63/119 DPDK:fast-tests / mbuf_autotest OK 4.86s
64/119 DPDK:fast-tests / mcslock_autotest OK 2.63s
65/119 DPDK:fast-tests / member_autotest OK 1.66s
66/119 DPDK:fast-tests / memcpy_autotest OK 6.75s
67/119 DPDK:fast-tests / memory_autotest OK 0.10s
68/119 DPDK:fast-tests / mempool_autotest OK 0.44s
69/119 DPDK:fast-tests / memzone_autotest OK 0.14s
70/119 DPDK:fast-tests / meter_autotest OK 0.31s
71/119 DPDK:fast-tests / metrics_autotest OK 0.31s
72/119 DPDK:fast-tests / multiprocess_autotest OK 0.18s
73/119 DPDK:fast-tests / net_ether_autotest OK 0.97s
74/119 DPDK:fast-tests / net_ipv6_autotest OK 0.31s
75/119 DPDK:fast-tests / pcapng_autotest OK 6.47s
76/119 DPDK:fast-tests / pdcp_autotest SKIP 0.06s exit status 77
77/119 DPDK:fast-tests / pdump_autotest OK 0.43s
78/119 DPDK:fast-tests / per_lcore_autotest OK 0.41s
79/119 DPDK:fast-tests / pflock_autotest OK 1.12s
80/119 DPDK:fast-tests / pie_autotest OK 0.31s
81/119 DPDK:fast-tests / ring_pmd_autotest OK 0.31s
82/119 DPDK:fast-tests / power_autotest OK 0.31s
83/119 DPDK:fast-tests / power_cpufreq_autotest SKIP 0.06s exit status 77
84/119 DPDK:fast-tests / power_intel_uncore_autotest SKIP 0.31s exit status 77
85/119 DPDK:fast-tests / power_kvm_vm_autotest SKIP 0.06s exit status 77
86/119 DPDK:fast-tests / prefetch_autotest OK 0.31s
87/119 DPDK:fast-tests / ptr_compress_autotest OK 0.31s
88/119 DPDK:fast-tests / rawdev_autotest OK 0.31s
89/119 DPDK:fast-tests / rcu_qsbr_autotest OK 0.83s
90/119 DPDK:fast-tests / reorder_autotest OK 0.37s
91/119 DPDK:fast-tests / rib_autotest OK 8.96s
92/119 DPDK:fast-tests / rib6_autotest OK 8.96s
93/119 DPDK:fast-tests / ring_autotest OK 0.34s
94/119 DPDK:fast-tests / rwlock_test1_autotest OK 1.06s
95/119 DPDK:fast-tests / rwlock_rda_autotest OK 5.31s
96/119 DPDK:fast-tests / rwlock_rds_wrm_autotest OK 5.31s
97/119 DPDK:fast-tests / rwlock_rde_wro_autotest OK 5.31s
98/119 DPDK:fast-tests / sched_autotest OK 0.31s
99/119 DPDK:fast-tests / security_autotest OK 0.06s
100/119 DPDK:fast-tests / seqlock_autotest OK 2.31s
101/119 DPDK:fast-tests / service_autotest OK 3.01s
102/119 DPDK:fast-tests / soring_autotest OK 0.31s
103/119 DPDK:fast-tests / spinlock_autotest OK 0.39s
104/119 DPDK:fast-tests / stack_autotest OK 0.86s
105/119 DPDK:fast-tests / stack_lf_autotest SKIP 0.06s exit status 77
106/119 DPDK:fast-tests / string_autotest OK 0.31s
107/119 DPDK:fast-tests / table_autotest OK 7.63s
108/119 DPDK:fast-tests / tailq_autotest OK 0.30s
109/119 DPDK:fast-tests / telemetry_data_autotest OK 0.31s
110/119 DPDK:fast-tests / telemetry_json_autotest OK 0.31s
111/119 DPDK:fast-tests / thash_autotest OK 0.32s
112/119 DPDK:fast-tests / threads_autotest OK 0.49s
113/119 DPDK:fast-tests / ticketlock_autotest OK 0.47s
114/119 DPDK:fast-tests / timer_autotest OK 3.87s
115/119 DPDK:fast-tests / trace_autotest OK 0.31s
116/119 DPDK:fast-tests / trace_autotest_with_traces OK 0.32s
117/119 DPDK:fast-tests / vdev_autotest OK 0.31s
118/119 DPDK:fast-tests / version_autotest OK 0.31s
119/119 DPDK:fast-tests / telemetry_all OK 1.28s
Ok: 112
Expected Fail: 0
Fail: 0
Unexpected Pass: 0
Skipped: 7
Timeout: 0
^ permalink raw reply [flat|nested] 24+ messages in thread
* |SUCCESS| pw153361 [PATCH v8 3/3] app/testpmd: add sleep command
[not found] <15755be6192657d1e75940284d09939e58aee5b9.1746710154.git.anatoly.burakov@intel.com>
2025-05-08 12:51 ` |SUCCESS| pw153359-153361 [PATCH v8 3/3] app/testpmd: add sleep command qemudev
2025-05-08 12:55 ` qemudev
@ 2025-05-08 13:17 ` checkpatch
2025-05-08 14:24 ` 0-day Robot
` (20 subsequent siblings)
23 siblings, 0 replies; 24+ messages in thread
From: checkpatch @ 2025-05-08 13:17 UTC (permalink / raw)
To: test-report
Test-Label: checkpatch
Test-Status: SUCCESS
http://dpdk.org/patch/153361
_coding style OK_
^ permalink raw reply [flat|nested] 24+ messages in thread
* |SUCCESS| pw153361 [PATCH v8 3/3] app/testpmd: add sleep command
[not found] <15755be6192657d1e75940284d09939e58aee5b9.1746710154.git.anatoly.burakov@intel.com>
` (2 preceding siblings ...)
2025-05-08 13:17 ` |SUCCESS| pw153361 " checkpatch
@ 2025-05-08 14:24 ` 0-day Robot
2025-05-08 15:00 ` |SUCCESS| pw153359-153361 [PATCH] [v8,3/3] app/testpmd: add sleep co dpdklab
` (19 subsequent siblings)
23 siblings, 0 replies; 24+ messages in thread
From: 0-day Robot @ 2025-05-08 14:24 UTC (permalink / raw)
To: test-report; +Cc: robot
From: robot@bytheb.org
Test-Label: github-robot: build
Test-Status: SUCCESS
http://patchwork.dpdk.org/patch/153361/
_github build: passed_
Build URL: https://github.com/ovsrobot/dpdk/actions/runs/14907582327
^ permalink raw reply [flat|nested] 24+ messages in thread
* |SUCCESS| pw153359-153361 [PATCH] [v8,3/3] app/testpmd: add sleep co
[not found] <15755be6192657d1e75940284d09939e58aee5b9.1746710154.git.anatoly.burakov@intel.com>
` (3 preceding siblings ...)
2025-05-08 14:24 ` 0-day Robot
@ 2025-05-08 15:00 ` dpdklab
2025-05-08 15:00 ` dpdklab
` (18 subsequent siblings)
23 siblings, 0 replies; 24+ messages in thread
From: dpdklab @ 2025-05-08 15:00 UTC (permalink / raw)
To: Test Report; +Cc: dpdk-test-reports
Test-Label: iol-broadcom-Performance
Test-Status: SUCCESS
http://dpdk.org/patch/153361
_Performance Testing PASS_
Submitter: Anatoly Burakov <anatoly.burakov@intel.com>
Date: Thursday, May 08 2025 13:16:03
DPDK git baseline: Repo:dpdk
Branch: master
CommitID:75f179ebe347b6098cf3af26d3d3b7168fe3fe24
153359-153361 --> performance testing pass
Upstream job id: Template-DTS-Pipeline#225040
Test environment and result as below:
Ubuntu 22.04
Kernel: 5.15.0-100-generic
Compiler: gcc (Ubuntu 11.4.0-1ubuntu1~22.04) 11.4.0
NIC: Broadcom Inc. and subsidiaries BCM57414 NetXtreme-E 10Gb/25Gb RDMA Ethernet Controller 16d7 25 Mbps
Fail/Total: 0/3
Detail performance results:
+------------+---------+----------+-------------+------------------------------+
| frame_size | txd/rxd | num_cpus | num_threads | throughput difference from |
| | | | | expected |
+============+=========+==========+=============+==============================+
| 64 | 128 | 1 | 1 | 0.1% |
+------------+---------+----------+-------------+------------------------------+
| 64 | 512 | 1 | 1 | -0.4% |
+------------+---------+----------+-------------+------------------------------+
| 64 | 2048 | 1 | 1 | -0.1% |
+------------+---------+----------+-------------+------------------------------+
Ubuntu 22.04 ARM
Kernel: 5.15.83+
Compiler: gcc 11.4.0
NIC: Arm Broadcom Inc. brcm_57414 25000 Mbps
Fail/Total: 0/2
Detail performance results:
+------------+---------+----------+-------------+------------------------------+
| frame_size | txd/rxd | num_cpus | num_threads | throughput difference from |
| | | | | expected |
+============+=========+==========+=============+==============================+
| 64 | 512 | 1 | 1 | -0.2% |
+------------+---------+----------+-------------+------------------------------+
| 64 | 2048 | 1 | 1 | -0.5% |
+------------+---------+----------+-------------+------------------------------+
To view detailed results, visit:
https://lab.dpdk.org/results/dashboard/patchsets/33143/
UNH-IOL DPDK Community Lab
To manage your email subscriptions, visit:
https://lab.dpdk.org/results/dashboard/preferences/subscriptions/
^ permalink raw reply [flat|nested] 24+ messages in thread
* |SUCCESS| pw153359-153361 [PATCH] [v8,3/3] app/testpmd: add sleep co
[not found] <15755be6192657d1e75940284d09939e58aee5b9.1746710154.git.anatoly.burakov@intel.com>
` (4 preceding siblings ...)
2025-05-08 15:00 ` |SUCCESS| pw153359-153361 [PATCH] [v8,3/3] app/testpmd: add sleep co dpdklab
@ 2025-05-08 15:00 ` dpdklab
2025-05-08 15:10 ` dpdklab
` (17 subsequent siblings)
23 siblings, 0 replies; 24+ messages in thread
From: dpdklab @ 2025-05-08 15:00 UTC (permalink / raw)
To: Test Report; +Cc: dpdk-test-reports
Test-Label: iol-marvell-Functional
Test-Status: SUCCESS
http://dpdk.org/patch/153361
_Functional Testing PASS_
Submitter: Anatoly Burakov <anatoly.burakov@intel.com>
Date: Thursday, May 08 2025 13:16:03
DPDK git baseline: Repo:dpdk
Branch: master
CommitID:75f179ebe347b6098cf3af26d3d3b7168fe3fe24
153359-153361 --> functional testing pass
Upstream job id: Template-DTS-Pipeline#225047
Test environment and result as below:
Ubuntu 20.04.6
Kernel: 5.4.105
Compiler: gcc 9.4
NIC: Marvell CN106XX 50000 Mbps
Target: arm64-native-linuxapp-gcc
Aggregate Results by Test Suite
+----------------+--------+
| Test Suite | Result |
+================+========+
| cmdline | PASS |
+----------------+--------+
| rxtx_callbacks | PASS |
+----------------+--------+
To view detailed results, visit:
https://lab.dpdk.org/results/dashboard/patchsets/33143/
UNH-IOL DPDK Community Lab
To manage your email subscriptions, visit:
https://lab.dpdk.org/results/dashboard/preferences/subscriptions/
^ permalink raw reply [flat|nested] 24+ messages in thread
* |SUCCESS| pw153359-153361 [PATCH] [v8,3/3] app/testpmd: add sleep co
[not found] <15755be6192657d1e75940284d09939e58aee5b9.1746710154.git.anatoly.burakov@intel.com>
` (5 preceding siblings ...)
2025-05-08 15:00 ` dpdklab
@ 2025-05-08 15:10 ` dpdklab
2025-05-08 15:11 ` dpdklab
` (16 subsequent siblings)
23 siblings, 0 replies; 24+ messages in thread
From: dpdklab @ 2025-05-08 15:10 UTC (permalink / raw)
To: Ali Alnubani, Test Report; +Cc: dpdk-test-reports
Test-Label: iol-mellanox-Performance
Test-Status: SUCCESS
http://dpdk.org/patch/153361
_Performance Testing PASS_
Submitter: Anatoly Burakov <anatoly.burakov@intel.com>
Date: Thursday, May 08 2025 13:16:03
DPDK git baseline: Repo:dpdk
Branch: master
CommitID:75f179ebe347b6098cf3af26d3d3b7168fe3fe24
153359-153361 --> performance testing pass
Upstream job id: Template-DTS-Pipeline#225037
Test environment and result as below:
Ubuntu 24.04
Kernel: 6.8.0-45-generic
Compiler: gcc 13.2.0
NIC: NVIDIA Mellanox ConnectX-7 100000 Mbps
Fail/Total: 0/6
Detail performance results:
+------------+---------+----------+-------------+------------------------------+
| frame_size | txd/rxd | num_cpus | num_threads | throughput difference from |
| | | | | expected |
+============+=========+==========+=============+==============================+
| 64 | 1024 | 1 | 1 | 0.0% |
+------------+---------+----------+-------------+------------------------------+
| 128 | 1024 | 1 | 1 | 0.2% |
+------------+---------+----------+-------------+------------------------------+
| 256 | 1024 | 1 | 1 | -0.6% |
+------------+---------+----------+-------------+------------------------------+
| 512 | 1024 | 1 | 1 | 0.0% |
+------------+---------+----------+-------------+------------------------------+
| 1024 | 1024 | 1 | 1 | -0.1% |
+------------+---------+----------+-------------+------------------------------+
| 1518 | 1024 | 1 | 1 | -0.0% |
+------------+---------+----------+-------------+------------------------------+
Ubuntu 24.04
Kernel: 6.8.0-45-generic
Compiler: gcc 13.2.0
NIC: Mellanox ConnectX-6 Lx 25000 Mbps
Fail/Total: 0/6
Detail performance results:
+------------+---------+----------+-------------+------------------------------+
| frame_size | txd/rxd | num_cpus | num_threads | throughput difference from |
| | | | | expected |
+============+=========+==========+=============+==============================+
| 64 | 1024 | 1 | 1 | 0.0% |
+------------+---------+----------+-------------+------------------------------+
| 128 | 1024 | 1 | 1 | 0.0% |
+------------+---------+----------+-------------+------------------------------+
| 256 | 1024 | 1 | 1 | -0.2% |
+------------+---------+----------+-------------+------------------------------+
| 512 | 1024 | 1 | 1 | -0.1% |
+------------+---------+----------+-------------+------------------------------+
| 1024 | 1024 | 1 | 1 | 0.2% |
+------------+---------+----------+-------------+------------------------------+
| 1518 | 1024 | 1 | 1 | 0.2% |
+------------+---------+----------+-------------+------------------------------+
To view detailed results, visit:
https://lab.dpdk.org/results/dashboard/patchsets/33143/
UNH-IOL DPDK Community Lab
To manage your email subscriptions, visit:
https://lab.dpdk.org/results/dashboard/preferences/subscriptions/
^ permalink raw reply [flat|nested] 24+ messages in thread
* |SUCCESS| pw153359-153361 [PATCH] [v8,3/3] app/testpmd: add sleep co
[not found] <15755be6192657d1e75940284d09939e58aee5b9.1746710154.git.anatoly.burakov@intel.com>
` (6 preceding siblings ...)
2025-05-08 15:10 ` dpdklab
@ 2025-05-08 15:11 ` dpdklab
2025-05-08 15:16 ` dpdklab
` (15 subsequent siblings)
23 siblings, 0 replies; 24+ messages in thread
From: dpdklab @ 2025-05-08 15:11 UTC (permalink / raw)
To: Test Report; +Cc: dpdk-test-reports
Test-Label: iol-intel-Performance
Test-Status: SUCCESS
http://dpdk.org/patch/153361
_Performance Testing PASS_
Submitter: Anatoly Burakov <anatoly.burakov@intel.com>
Date: Thursday, May 08 2025 13:16:03
DPDK git baseline: Repo:dpdk
Branch: master
CommitID:75f179ebe347b6098cf3af26d3d3b7168fe3fe24
153359-153361 --> performance testing pass
Upstream job id: Template-DTS-Pipeline#225039
Test environment and result as below:
Ubuntu 20.04
Kernel: 5.4.0-122-generic
Compiler: gcc 9.4.0
NIC: Intel Corporation Ethernet Converged Network Adapter XL710-QDA2 40000 Mbps
Fail/Total: 0/4
Detail performance results:
+----------+-------------+---------+------------+------------------------------+
| num_cpus | num_threads | txd/rxd | frame_size | throughput difference from |
| | | | | expected |
+==========+=============+=========+============+==============================+
| 1 | 2 | 512 | 64 | -0.6% |
+----------+-------------+---------+------------+------------------------------+
| 1 | 2 | 2048 | 64 | 0.2% |
+----------+-------------+---------+------------+------------------------------+
| 1 | 1 | 512 | 64 | 3.5% |
+----------+-------------+---------+------------+------------------------------+
| 1 | 1 | 2048 | 64 | -2.5% |
+----------+-------------+---------+------------+------------------------------+
Ubuntu 22.04
Kernel: 5.15.0-131-generic
Compiler: gcc (Ubuntu 11.4.0-1ubuntu1~22.04) 11.4.0
NIC: Intel Corporation Ethernet Converged Network Adapter 82599ES 10000 Mbps
Fail/Total: 0/6
Detail performance results:
+----------+-------------+---------+------------+------------------------------+
| num_cpus | num_threads | txd/rxd | frame_size | throughput difference from |
| | | | | expected |
+==========+=============+=========+============+==============================+
| 1 | 2 | 128 | 64 | 1.5% |
+----------+-------------+---------+------------+------------------------------+
| 1 | 2 | 512 | 64 | 0.1% |
+----------+-------------+---------+------------+------------------------------+
| 1 | 2 | 2048 | 64 | -0.1% |
+----------+-------------+---------+------------+------------------------------+
| 1 | 1 | 128 | 64 | -0.7% |
+----------+-------------+---------+------------+------------------------------+
| 1 | 1 | 512 | 64 | 0.1% |
+----------+-------------+---------+------------+------------------------------+
| 1 | 1 | 2048 | 64 | 0.4% |
+----------+-------------+---------+------------+------------------------------+
Ubuntu 24.04
Kernel: 6.8.0-52-generic
Compiler: gcc 13.3.0
NIC: Intel E810 (Arm Grace Server) 100000 Mbps
Fail/Total: 0/2
Detail performance results:
+------------+---------+----------+-------------+------------------------------+
| frame_size | txd/rxd | num_cpus | num_threads | throughput difference from |
| | | | | expected |
+============+=========+==========+=============+==============================+
| 64 | 512 | 1 | 1 | 0.2% |
+------------+---------+----------+-------------+------------------------------+
| 64 | 2048 | 1 | 1 | 0.3% |
+------------+---------+----------+-------------+------------------------------+
To view detailed results, visit:
https://lab.dpdk.org/results/dashboard/patchsets/33143/
UNH-IOL DPDK Community Lab
To manage your email subscriptions, visit:
https://lab.dpdk.org/results/dashboard/preferences/subscriptions/
^ permalink raw reply [flat|nested] 24+ messages in thread
* |SUCCESS| pw153359-153361 [PATCH] [v8,3/3] app/testpmd: add sleep co
[not found] <15755be6192657d1e75940284d09939e58aee5b9.1746710154.git.anatoly.burakov@intel.com>
` (7 preceding siblings ...)
2025-05-08 15:11 ` dpdklab
@ 2025-05-08 15:16 ` dpdklab
2025-05-08 15:18 ` dpdklab
` (14 subsequent siblings)
23 siblings, 0 replies; 24+ messages in thread
From: dpdklab @ 2025-05-08 15:16 UTC (permalink / raw)
To: Test Report; +Cc: dpdk-test-reports
Test-Label: iol-sample-apps-testing
Test-Status: SUCCESS
http://dpdk.org/patch/153361
_Testing PASS_
Submitter: Anatoly Burakov <anatoly.burakov@intel.com>
Date: Thursday, May 08 2025 13:16:03
DPDK git baseline: Repo:dpdk
Branch: master
CommitID:75f179ebe347b6098cf3af26d3d3b7168fe3fe24
153359-153361 --> testing pass
Upstream job id: Template-DTS-Pipeline#225049
Test environment and result as below:
+--------------------+----------------------+
| Environment | compressdev_zlib_pmd |
+====================+======================+
| Ubuntu 22.04 (ARM) | PASS |
+--------------------+----------------------+
Ubuntu 22.04 (ARM)
Kernel: 5.15.0-97-generic
Compiler: gcc gcc (Ubuntu 11.4.0-1ubuntu1~22.04) 11.4.0
To view detailed results, visit:
https://lab.dpdk.org/results/dashboard/patchsets/33143/
UNH-IOL DPDK Community Lab
To manage your email subscriptions, visit:
https://lab.dpdk.org/results/dashboard/preferences/subscriptions/
^ permalink raw reply [flat|nested] 24+ messages in thread
* |SUCCESS| pw153359-153361 [PATCH] [v8,3/3] app/testpmd: add sleep co
[not found] <15755be6192657d1e75940284d09939e58aee5b9.1746710154.git.anatoly.burakov@intel.com>
` (8 preceding siblings ...)
2025-05-08 15:16 ` dpdklab
@ 2025-05-08 15:18 ` dpdklab
2025-05-08 15:18 ` dpdklab
` (13 subsequent siblings)
23 siblings, 0 replies; 24+ messages in thread
From: dpdklab @ 2025-05-08 15:18 UTC (permalink / raw)
To: Test Report; +Cc: dpdk-test-reports
Test-Label: iol-intel-Functional
Test-Status: SUCCESS
http://dpdk.org/patch/153361
_Functional Testing PASS_
Submitter: Anatoly Burakov <anatoly.burakov@intel.com>
Date: Thursday, May 08 2025 13:16:03
DPDK git baseline: Repo:dpdk
Branch: master
CommitID:75f179ebe347b6098cf3af26d3d3b7168fe3fe24
153359-153361 --> functional testing pass
Upstream job id: Template-DTS-Pipeline#225050
Test environment and result as below:
Ubuntu 24.04 LTS
Kernel: 6.8.0-44-generic
Compiler: gcc 13.2.0
NIC: Intel Corporation Ethernet Controller XL710 for 40GbE QSFP+ 40 Mbps
Aggregate Results by Test Suite
+----------------------+--------+
| Test Suite | Result |
+======================+========+
| TestBlocklist | PASS |
+----------------------+--------+
| TestMacFilter | PASS |
+----------------------+--------+
| TestDynamicConfig | PASS |
+----------------------+--------+
| TestDynamicQueueConf | PASS |
+----------------------+--------+
| TestPMDBufferScatter | PASS |
+----------------------+--------+
| TestPromiscSupport | PASS |
+----------------------+--------+
| TestUniPkt | PASS |
+----------------------+--------+
Ubuntu 24.04 LTS
Kernel: 6.8.0-55-generic
Compiler: gcc 13.3.0
NIC: Intel Corporation 4xxx Series QAT 0 Mbps
Aggregate Results by Test Suite
+----------------------------+--------+
| Test Suite | Result |
+============================+========+
| crypto_perf_cryptodev_perf | PASS |
+----------------------------+--------+
To view detailed results, visit:
https://lab.dpdk.org/results/dashboard/patchsets/33143/
UNH-IOL DPDK Community Lab
To manage your email subscriptions, visit:
https://lab.dpdk.org/results/dashboard/preferences/subscriptions/
^ permalink raw reply [flat|nested] 24+ messages in thread
* |SUCCESS| pw153359-153361 [PATCH] [v8,3/3] app/testpmd: add sleep co
[not found] <15755be6192657d1e75940284d09939e58aee5b9.1746710154.git.anatoly.burakov@intel.com>
` (9 preceding siblings ...)
2025-05-08 15:18 ` dpdklab
@ 2025-05-08 15:18 ` dpdklab
2025-05-08 15:26 ` dpdklab
` (12 subsequent siblings)
23 siblings, 0 replies; 24+ messages in thread
From: dpdklab @ 2025-05-08 15:18 UTC (permalink / raw)
To: Test Report; +Cc: dpdk-test-reports
Test-Label: iol-intel-Functional
Test-Status: SUCCESS
http://dpdk.org/patch/153361
_Functional Testing PASS_
Submitter: Anatoly Burakov <anatoly.burakov@intel.com>
Date: Thursday, May 08 2025 13:16:03
DPDK git baseline: Repo:dpdk
Branch: master
CommitID:75f179ebe347b6098cf3af26d3d3b7168fe3fe24
153359-153361 --> functional testing pass
Upstream job id: Template-DTS-Pipeline#225043
Test environment and result as below:
Ubuntu 24.04 LTS
Kernel: 6.8.0-44-generic
Compiler: gcc 13.2.0
NIC: Intel Corporation Ethernet Controller XL710 for 40GbE QSFP+ 40 Mbps
Aggregate Results by Test Suite
+----------------------+--------+
| Test Suite | Result |
+======================+========+
| TestBlocklist | PASS |
+----------------------+--------+
| TestMacFilter | PASS |
+----------------------+--------+
| TestDynamicConfig | PASS |
+----------------------+--------+
| TestDynamicQueueConf | PASS |
+----------------------+--------+
| TestPMDBufferScatter | PASS |
+----------------------+--------+
| TestPromiscSupport | PASS |
+----------------------+--------+
| TestUniPkt | PASS |
+----------------------+--------+
Ubuntu 24.04 LTS
Kernel: 6.8.0-55-generic
Compiler: gcc 13.3.0
NIC: Intel Corporation 4xxx Series QAT 0 Mbps
Aggregate Results by Test Suite
+----------------------------+--------+
| Test Suite | Result |
+============================+========+
| crypto_perf_cryptodev_perf | PASS |
+----------------------------+--------+
Arm Ampere Altra - Ubuntu 22.04
Kernel: 5.15.83+
Compiler: gcc 11.4
NIC: Intel Corporation QAT 8970 0 Mbps
Aggregate Results by Test Suite
+----------------------------+--------+
| Test Suite | Result |
+============================+========+
| crypto_perf_cryptodev_perf | PASS |
+----------------------------+--------+
Ubuntu 20.04
Kernel: 5.4.0-122-generic
Compiler: gcc 9.4.0
NIC: Intel Corporation Ethernet Converged Network Adapter XL710-QDA2 40000 Mbps
Aggregate Results by Test Suite
+-----------------------------+--------+
| Test Suite | Result |
+=============================+========+
| unit_tests_mbuf | PASS |
+-----------------------------+--------+
| vhost_virtio_user_interrupt | PASS |
+-----------------------------+--------+
| virtio_smoke | PASS |
+-----------------------------+--------+
To view detailed results, visit:
https://lab.dpdk.org/results/dashboard/patchsets/33143/
UNH-IOL DPDK Community Lab
To manage your email subscriptions, visit:
https://lab.dpdk.org/results/dashboard/preferences/subscriptions/
^ permalink raw reply [flat|nested] 24+ messages in thread
* |SUCCESS| pw153359-153361 [PATCH] [v8,3/3] app/testpmd: add sleep co
[not found] <15755be6192657d1e75940284d09939e58aee5b9.1746710154.git.anatoly.burakov@intel.com>
` (10 preceding siblings ...)
2025-05-08 15:18 ` dpdklab
@ 2025-05-08 15:26 ` dpdklab
2025-05-08 15:35 ` dpdklab
` (11 subsequent siblings)
23 siblings, 0 replies; 24+ messages in thread
From: dpdklab @ 2025-05-08 15:26 UTC (permalink / raw)
To: Test Report; +Cc: dpdk-test-reports
Test-Label: iol-intel-Functional
Test-Status: SUCCESS
http://dpdk.org/patch/153361
_Functional Testing PASS_
Submitter: Anatoly Burakov <anatoly.burakov@intel.com>
Date: Thursday, May 08 2025 13:16:03
DPDK git baseline: Repo:dpdk
Branch: master
CommitID:75f179ebe347b6098cf3af26d3d3b7168fe3fe24
153359-153361 --> functional testing pass
Upstream job id: Template-DTS-Pipeline#225044
Test environment and result as below:
Ubuntu 24.04 LTS
Kernel: 6.8.0-44-generic
Compiler: gcc 13.2.0
NIC: Intel Corporation Ethernet Controller XL710 for 40GbE QSFP+ 40 Mbps
Aggregate Results by Test Suite
+----------------------+--------+
| Test Suite | Result |
+======================+========+
| TestBlocklist | PASS |
+----------------------+--------+
| TestMacFilter | PASS |
+----------------------+--------+
| TestDynamicConfig | PASS |
+----------------------+--------+
| TestDynamicQueueConf | PASS |
+----------------------+--------+
| TestPMDBufferScatter | PASS |
+----------------------+--------+
| TestPromiscSupport | PASS |
+----------------------+--------+
| TestUniPkt | PASS |
+----------------------+--------+
Ubuntu 24.04 LTS
Kernel: 6.8.0-55-generic
Compiler: gcc 13.3.0
NIC: Intel Corporation 4xxx Series QAT 0 Mbps
Aggregate Results by Test Suite
+----------------------------+--------+
| Test Suite | Result |
+============================+========+
| crypto_perf_cryptodev_perf | PASS |
+----------------------------+--------+
Arm Ampere Altra - Ubuntu 22.04
Kernel: 5.15.83+
Compiler: gcc 11.4
NIC: Intel Corporation QAT 8970 0 Mbps
Aggregate Results by Test Suite
+----------------------------+--------+
| Test Suite | Result |
+============================+========+
| crypto_perf_cryptodev_perf | PASS |
+----------------------------+--------+
Ubuntu 20.04
Kernel: 5.4.0-122-generic
Compiler: gcc 9.4.0
NIC: Intel Corporation Ethernet Converged Network Adapter XL710-QDA2 40000 Mbps
Aggregate Results by Test Suite
+-----------------------------+--------+
| Test Suite | Result |
+=============================+========+
| unit_tests_mbuf | PASS |
+-----------------------------+--------+
| vhost_virtio_user_interrupt | PASS |
+-----------------------------+--------+
| virtio_smoke | PASS |
+-----------------------------+--------+
Ubuntu 22.04
Kernel: 5.15.0-131-generic
Compiler: gcc (Ubuntu 11.4.0-1ubuntu1~22.04) 11.4.0
NIC: Intel Corporation Ethernet Converged Network Adapter 82599ES 10000 Mbps
Aggregate Results by Test Suite
+-----------------------------+--------+
| Test Suite | Result |
+=============================+========+
| unit_tests_mbuf | PASS |
+-----------------------------+--------+
| vhost_virtio_user_interrupt | PASS |
+-----------------------------+--------+
| virtio_smoke | PASS |
+-----------------------------+--------+
To view detailed results, visit:
https://lab.dpdk.org/results/dashboard/patchsets/33143/
UNH-IOL DPDK Community Lab
To manage your email subscriptions, visit:
https://lab.dpdk.org/results/dashboard/preferences/subscriptions/
^ permalink raw reply [flat|nested] 24+ messages in thread
* |SUCCESS| pw153359-153361 [PATCH] [v8,3/3] app/testpmd: add sleep co
[not found] <15755be6192657d1e75940284d09939e58aee5b9.1746710154.git.anatoly.burakov@intel.com>
` (11 preceding siblings ...)
2025-05-08 15:26 ` dpdklab
@ 2025-05-08 15:35 ` dpdklab
2025-05-08 15:40 ` dpdklab
` (10 subsequent siblings)
23 siblings, 0 replies; 24+ messages in thread
From: dpdklab @ 2025-05-08 15:35 UTC (permalink / raw)
To: Test Report; +Cc: dpdk-test-reports
Test-Label: iol-sample-apps-testing
Test-Status: SUCCESS
http://dpdk.org/patch/153361
_Testing PASS_
Submitter: Anatoly Burakov <anatoly.burakov@intel.com>
Date: Thursday, May 08 2025 13:16:03
DPDK git baseline: Repo:dpdk
Branch: master
CommitID:75f179ebe347b6098cf3af26d3d3b7168fe3fe24
153359-153361 --> testing pass
Upstream job id: Template-DTS-Pipeline#225048
Test environment and result as below:
+--------------------+----------------------+
| Environment | compressdev_zlib_pmd |
+====================+======================+
| Ubuntu 22.04 (ARM) | PASS |
+--------------------+----------------------+
| Ubuntu 22.04 | PASS |
+--------------------+----------------------+
Ubuntu 22.04 (ARM)
Kernel: 5.15.0-97-generic
Compiler: gcc gcc (Ubuntu 11.4.0-1ubuntu1~22.04) 11.4.0
Ubuntu 22.04
Kernel: 5.15.0-100-generic
Compiler: gcc gcc (Ubuntu 11.4.0-1ubuntu1~22.04) 11.4.0
To view detailed results, visit:
https://lab.dpdk.org/results/dashboard/patchsets/33143/
UNH-IOL DPDK Community Lab
To manage your email subscriptions, visit:
https://lab.dpdk.org/results/dashboard/preferences/subscriptions/
^ permalink raw reply [flat|nested] 24+ messages in thread
* |SUCCESS| pw153359-153361 [PATCH] [v8,3/3] app/testpmd: add sleep co
[not found] <15755be6192657d1e75940284d09939e58aee5b9.1746710154.git.anatoly.burakov@intel.com>
` (12 preceding siblings ...)
2025-05-08 15:35 ` dpdklab
@ 2025-05-08 15:40 ` dpdklab
2025-05-08 15:42 ` |PENDING| " dpdklab
` (9 subsequent siblings)
23 siblings, 0 replies; 24+ messages in thread
From: dpdklab @ 2025-05-08 15:40 UTC (permalink / raw)
To: Test Report; +Cc: dpdk-test-reports
Test-Label: iol-compile-amd64-testing
Test-Status: SUCCESS
http://dpdk.org/patch/153361
_Testing PASS_
Submitter: Anatoly Burakov <anatoly.burakov@intel.com>
Date: Thursday, May 08 2025 13:16:03
DPDK git baseline: Repo:dpdk
Branch: master
CommitID:75f179ebe347b6098cf3af26d3d3b7168fe3fe24
153359-153361 --> testing pass
Upstream job id: Windows-Compile-DPDK-VS#5677
Test environment and result as below:
+---------------------+--------------------+-------------------+
| Environment | dpdk_meson_compile | dpdk_msvc_compile |
+=====================+====================+===================+
| Ubuntu 20.04 | PASS | SKIPPED |
+---------------------+--------------------+-------------------+
| FreeBSD 13.5 | PASS | SKIPPED |
+---------------------+--------------------+-------------------+
| FreeBSD 14.2 | PASS | SKIPPED |
+---------------------+--------------------+-------------------+
| Windows Server 2022 | SKIPPED | PASS |
+---------------------+--------------------+-------------------+
Ubuntu 20.04
Kernel: 4.19.325-0419325-generic
Compiler: gcc (Ubuntu 9.4.0-1ubuntu1~20.04.2) 9.4.0
FreeBSD 13.5
Kernel: 13.5-RELEASE
Compiler: clang 19.1.7
FreeBSD 14.2
Kernel: 14.2-RELEASE
Compiler: clang 18.1.6
Windows Server 2022
Kernel: 10.0.20348.2031
Compiler: clang 15.0.7, gcc 14.1.0 (MinGW), and MSVC VS 19.39.33521
To view detailed results, visit:
https://lab.dpdk.org/results/dashboard/patchsets/33143/
UNH-IOL DPDK Community Lab
To manage your email subscriptions, visit:
https://lab.dpdk.org/results/dashboard/preferences/subscriptions/
^ permalink raw reply [flat|nested] 24+ messages in thread
* |PENDING| pw153359-153361 [PATCH] [v8,3/3] app/testpmd: add sleep co
[not found] <15755be6192657d1e75940284d09939e58aee5b9.1746710154.git.anatoly.burakov@intel.com>
` (13 preceding siblings ...)
2025-05-08 15:40 ` dpdklab
@ 2025-05-08 15:42 ` dpdklab
2025-05-08 16:20 ` |WARNING| " dpdklab
` (8 subsequent siblings)
23 siblings, 0 replies; 24+ messages in thread
From: dpdklab @ 2025-05-08 15:42 UTC (permalink / raw)
To: Test Report; +Cc: dpdk-test-reports
Test-Label: iol-compile-arm64-testing
Test-Status: PENDING
http://dpdk.org/patch/153361
_Testing pending_
Submitter: Anatoly Burakov <anatoly.burakov@intel.com>
Date: Thursday, May 08 2025 13:16:03
DPDK git baseline: Repo:dpdk
Branch: master
CommitID:75f179ebe347b6098cf3af26d3d3b7168fe3fe24
153359-153361 --> testing pending
Upstream job id: Generic-DPDK-Compile-Meson#386563
Test environment and result as below:
+------------------------------------+--------------------+
| Environment | dpdk_meson_compile |
+====================================+====================+
| RHEL9 (ARM) | PEND |
+------------------------------------+--------------------+
| Ubuntu 20.04 ARM GCC Cross Compile | PEND |
+------------------------------------+--------------------+
| Ubuntu 20.04 ARM SVE | PASS |
+------------------------------------+--------------------+
| Debian 12 with MUSDK | PEND |
+------------------------------------+--------------------+
| Fedora 40 (ARM) | PEND |
+------------------------------------+--------------------+
| Fedora 40 (ARM Clang) | PEND |
+------------------------------------+--------------------+
| Fedora 41 (ARM) | PEND |
+------------------------------------+--------------------+
| Fedora 41 (ARM Clang) | PEND |
+------------------------------------+--------------------+
RHEL9 (ARM)
Kernel: Depends on container host
Compiler: gcc 11.5.0 20240719 (Red Hat 11.5.0-2)
Ubuntu 20.04 ARM GCC Cross Compile
Kernel: Depends on container host
Compiler: aarch64-linux-gnu-gcc (Ubuntu 9.4.0-1ubuntu1~20.04.2) 9.4.0
Ubuntu 20.04 ARM SVE
Kernel: Depends on container host
Compiler: gcc (Ubuntu 10.5.0-1ubuntu1~20.04) 10.5.0
Debian 12 with MUSDK
Kernel: Depends on container host
Compiler: gcc (Debian 12.2.0-14) 12.2.0
Fedora 40 (ARM)
Kernel: Depends on container host
Compiler: gcc 14.2.1 20240912 (Red Hat 14.2.1-3)
Fedora 40 (ARM Clang)
Kernel: Depends on container host
Compiler: clang 18.1.8 (Fedora 18.1.8-1.fc40)
Fedora 41 (ARM)
Kernel: Depends on container host
Compiler: gcc 14.2.1 20240912 (Red Hat 14.2.1-3)
Fedora 41 (ARM Clang)
Kernel: Depends on container host
Compiler: clang 19.1.5 (Fedora 19.1.5-1.fc41)
To view detailed results, visit:
https://lab.dpdk.org/results/dashboard/patchsets/33143/
UNH-IOL DPDK Community Lab
To manage your email subscriptions, visit:
https://lab.dpdk.org/results/dashboard/preferences/subscriptions/
^ permalink raw reply [flat|nested] 24+ messages in thread
* |WARNING| pw153359-153361 [PATCH] [v8,3/3] app/testpmd: add sleep co
[not found] <15755be6192657d1e75940284d09939e58aee5b9.1746710154.git.anatoly.burakov@intel.com>
` (14 preceding siblings ...)
2025-05-08 15:42 ` |PENDING| " dpdklab
@ 2025-05-08 16:20 ` dpdklab
2025-05-08 16:50 ` |FAILURE| " dpdklab
` (7 subsequent siblings)
23 siblings, 0 replies; 24+ messages in thread
From: dpdklab @ 2025-05-08 16:20 UTC (permalink / raw)
To: Test Report; +Cc: dpdk-test-reports
Test-Label: iol-compile-amd64-testing
Test-Status: WARNING
http://dpdk.org/patch/153361
_Testing issues_
Submitter: Anatoly Burakov <anatoly.burakov@intel.com>
Date: Thursday, May 08 2025 13:16:03
DPDK git baseline: Repo:dpdk
Branch: master
CommitID:75f179ebe347b6098cf3af26d3d3b7168fe3fe24
153359-153361 --> testing issues
Upstream job id: Windows-Compile-DPDK-Native#28302
Test environment and result as below:
+-----------------------------------+--------------------+-------------------+-------------------+------------------+-------------------------+
| Environment | dpdk_meson_compile | dpdk_msvc_compile | dpdk_compile_spdk | dpdk_compile_ovs | dpdk_llvm_clang_compile |
+===================================+====================+===================+===================+==================+=========================+
| Ubuntu 20.04 | PEND | SKIPPED | SKIPPED | SKIPPED | SKIPPED |
+-----------------------------------+--------------------+-------------------+-------------------+------------------+-------------------------+
| FreeBSD 13.5 | PASS | SKIPPED | SKIPPED | SKIPPED | SKIPPED |
+-----------------------------------+--------------------+-------------------+-------------------+------------------+-------------------------+
| FreeBSD 14.2 | PASS | SKIPPED | SKIPPED | SKIPPED | SKIPPED |
+-----------------------------------+--------------------+-------------------+-------------------+------------------+-------------------------+
| CentOS Stream 9 | PEND | SKIPPED | PEND | SKIPPED | SKIPPED |
+-----------------------------------+--------------------+-------------------+-------------------+------------------+-------------------------+
| CentOS Stream 10 | PEND | SKIPPED | SKIPPED | SKIPPED | SKIPPED |
+-----------------------------------+--------------------+-------------------+-------------------+------------------+-------------------------+
| Debian 12 | PEND | SKIPPED | PEND | SKIPPED | SKIPPED |
+-----------------------------------+--------------------+-------------------+-------------------+------------------+-------------------------+
| Fedora 40 (Clang) | PEND | SKIPPED | PEND | SKIPPED | SKIPPED |
+-----------------------------------+--------------------+-------------------+-------------------+------------------+-------------------------+
| Fedora 40 | PEND | SKIPPED | PEND | SKIPPED | SKIPPED |
+-----------------------------------+--------------------+-------------------+-------------------+------------------+-------------------------+
| Fedora 41 (Clang) | PEND | SKIPPED | PEND | PEND | SKIPPED |
+-----------------------------------+--------------------+-------------------+-------------------+------------------+-------------------------+
| Fedora 41 | PEND | SKIPPED | PEND | PEND | SKIPPED |
+-----------------------------------+--------------------+-------------------+-------------------+------------------+-------------------------+
| openSUSE Leap 15 | PEND | SKIPPED | SKIPPED | SKIPPED | SKIPPED |
+-----------------------------------+--------------------+-------------------+-------------------+------------------+-------------------------+
| RHEL8 | PEND | SKIPPED | SKIPPED | SKIPPED | SKIPPED |
+-----------------------------------+--------------------+-------------------+-------------------+------------------+-------------------------+
| RHEL9 | PEND | SKIPPED | SKIPPED | SKIPPED | SKIPPED |
+-----------------------------------+--------------------+-------------------+-------------------+------------------+-------------------------+
| Ubuntu 22.04 | PEND | SKIPPED | PEND | SKIPPED | SKIPPED |
+-----------------------------------+--------------------+-------------------+-------------------+------------------+-------------------------+
| Ubuntu 24.04 | PEND | SKIPPED | PEND | PEND | SKIPPED |
+-----------------------------------+--------------------+-------------------+-------------------+------------------+-------------------------+
| Alpine | PEND | SKIPPED | SKIPPED | SKIPPED | SKIPPED |
+-----------------------------------+--------------------+-------------------+-------------------+------------------+-------------------------+
| Ubuntu 24.04 32 Bit Cross Compile | PEND | SKIPPED | SKIPPED | SKIPPED | SKIPPED |
+-----------------------------------+--------------------+-------------------+-------------------+------------------+-------------------------+
| Windows Server 2022 | SKIPPED | PASS | SKIPPED | SKIPPED | FAIL |
+-----------------------------------+--------------------+-------------------+-------------------+------------------+-------------------------+
==== 20 line log output for Windows Server 2022 (dpdk_llvm_clang_compile): ====
[444/858] Compiling C object lib/librte_ethdev.a.p/ethdev_rte_ethdev_cman.c.obj
[445/858] Compiling C object lib/librte_ethdev.a.p/ethdev_rte_ethdev_telemetry.c.obj
[446/858] Compiling C object lib/librte_cmdline.a.p/cmdline_cmdline_parse_num.c.obj
FAILED: lib/librte_cmdline.a.p/cmdline_cmdline_parse_num.c.obj
"clang" "-Ilib\librte_cmdline.a.p" "-Ilib" "-I..\lib" "-Ilib\cmdline" "-I..\lib\cmdline" "-Ilib\eal\common" "-I..\lib\eal\common" "-I." "-I.." "-Iconfig" "-I..\config" "-Ilib\eal\include" "-I..\lib\eal\include" "-Ilib\eal\windows\include" "-I..\lib\eal\windows\include" "-Ilib\eal\x86\include" "-I..\lib\eal\x86\include" "-Ilib\eal" "-I..\lib\eal" "-Ilib\log" "-I..\lib\log" "-Ilib\kvargs" "-I..\lib\kvargs" "-Ilib\net" "-I..\lib\net" "-Ilib\mbuf" "-I..\lib\mbuf" "-Ilib\mempool" "-I..\lib\mempool" "-Ilib\ring" "-I..\lib\ring" "-Ilib\metrics" "-I..\lib\metrics" "-Ilib\telemetry" "-I..\lib\telemetry" "-IC:\Program Files\Mellanox\MLNX_WinOF2_DevX_SDK\inc" "-Xclang" "-fcolor-diagnostics" "-pipe" "-D_FILE_OFFSET_BITS=64" "-Wall" "-Winvalid-pch" "-Wextra" "-Werror" "-std=c11" "-O3" "-include" "rte_config.h" "-Wvla" "-Wcast-qual" "-Wdeprecated" "-Wformat" "-Wformat-nonliteral" "-Wformat-security" "-Wmissing-declarations" "-Wmissing-prototypes" "-Wnested-externs" "-Wold-style-definition" "-Wpoin
ter-arith" "-Wsign-compare" "-Wstrict-prototypes" "-Wundef" "-Wwrite-strings" "-Wno-missing-field-initializers" "-D_GNU_SOURCE" "-D_WIN32_WINNT=0x0A00" "-D_CRT_SECURE_NO_WARNINGS" "-march=native" "-mrtm" "-DALLOW_EXPERIMENTAL_API" "-DALLOW_INTERNAL_API" "-DRTE_LOG_DEFAULT_LOGTYPE=lib.cmdline" "-DRTE_ANNOTATE_LOCKS" "-Wthread-safety" -MD -MQ lib/librte_cmdline.a.p/cmdline_cmdline_parse_num.c.obj -MF "lib\librte_cmdline.a.p\cmdline_cmdline_parse_num.c.obj.d" -o lib/librte_cmdline.a.p/cmdline_cmdline_parse_num.c.obj "-c" ../lib/cmdline/cmdline_parse_num.c
../lib/cmdline/cmdline_parse_num.c:385:14: error: comparison of integers of different signs: 'enum cmdline_numtype' and 'unsigned long long' [-Werror,-Wsign-compare]
if (nd.type >= RTE_DIM(num_help))
~~~~~~~ ^ ~~~~~~~~~~~~~~~~~
1 error generated.
[447/858] Linking target lib/rte_pci-25.dll
Creating library lib\rte_pci.lib and object lib\rte_pci.exp
[448/858] Generating symbol file lib/rte_rcu-25.dll.p/rte_rcu-25.dll.symbols
[449/858] Generating symbol file lib/rte_mempool-25.dll.p/rte_mempool-25.dll.symbols
[450/858] Compiling C object lib/librte_cmdline.a.p/cmdline_cmdline_parse.c.obj
[451/858] Compiling C object examples/dpdk-helloworld.exe.p/helloworld_main.c.obj
[452/858] Compiling C object drivers/librte_net_iavf_base_lib.a.p/net_intel_ice_base_ice_proto_grp.c.obj
[453/858] Compiling C object drivers/librte_net_iavf_base_lib.a.p/net_intel_ice_base_ice_flg_rd.c.obj
[454/858] Compiling C object lib/librte_cmdline.a.p/cmdline_cmdline_parse_ipaddr.c.obj
[455/858] Compiling C object lib/librte_ethdev.a.p/ethdev_rte_ethdev.c.obj
ninja: build stopped: subcommand failed.
==== End log output ====
Ubuntu 20.04
Kernel: 4.19.325-0419325-generic
Compiler: gcc (Ubuntu 9.4.0-1ubuntu1~20.04.2) 9.4.0
FreeBSD 13.5
Kernel: 13.5-RELEASE
Compiler: clang 19.1.7
FreeBSD 14.2
Kernel: 14.2-RELEASE
Compiler: clang 18.1.6
CentOS Stream 9
Kernel: Depends on container host
Compiler: gcc 11.5.0 20240719 (Red Hat 11.5.0-2)
CentOS Stream 10
Kernel: Depends on container host
Compiler: gcc 14.2.1 20241104 (Red Hat 14.2.1-6)
Debian 12
Kernel: Depends on container host
Compiler: gcc (Debian 12.2.0-14) 12.2.0
Fedora 40 (Clang)
Kernel: Depends on container host
Compiler: clang 18.1.8 (Fedora 18.1.8-1.fc40)
Fedora 40
Kernel: Depends on container host
Compiler: gcc 14.2.1 20240912 (Red Hat 14.2.1-3)
Fedora 41 (Clang)
Kernel: Depends on container host
Compiler: clang 19.1.5 (Fedora 19.1.5-1.fc41)
Fedora 41
Kernel: Depends on container host
Compiler: gcc 14.2.1 20240912 (Red Hat 14.2.1-3)
openSUSE Leap 15
Kernel: Depends on container host
Compiler: gcc (SUSE Linux) 7.5.0
RHEL8
Kernel: Depends on container host
Compiler: gcc 8.5.0 20210514 (Red Hat 8.5.0-22)
RHEL9
Kernel: Depends on container host
Compiler: gcc 11.5.0 20240719 (Red Hat 11.5.0-2)
Ubuntu 22.04
Kernel: Depends on container host
Compiler: gcc (Ubuntu 11.4.0-1ubuntu1~22.04) 11.4.0
Ubuntu 24.04
Kernel: Depends on container host
Compiler: gcc (Ubuntu 13.3.0-6ubuntu2~24.04) 13.3.0
Alpine
Kernel: Depends on container host
Compiler: gcc (Alpine 14.2.0) 14.2.0
Ubuntu 24.04 32 Bit Cross Compile
Kernel: Depends on container host
Compiler: gcc (Ubuntu 13.3.0-6ubuntu2~24.04) 13.3.0
Windows Server 2022
Kernel: 10.0.20348.2031
Compiler: clang 15.0.7, gcc 14.1.0 (MinGW), and MSVC VS 19.39.33521
To view detailed results, visit:
https://lab.dpdk.org/results/dashboard/patchsets/33143/
UNH-IOL DPDK Community Lab
To manage your email subscriptions, visit:
https://lab.dpdk.org/results/dashboard/preferences/subscriptions/
^ permalink raw reply [flat|nested] 24+ messages in thread
* |FAILURE| pw153359-153361 [PATCH] [v8,3/3] app/testpmd: add sleep co
[not found] <15755be6192657d1e75940284d09939e58aee5b9.1746710154.git.anatoly.burakov@intel.com>
` (15 preceding siblings ...)
2025-05-08 16:20 ` |WARNING| " dpdklab
@ 2025-05-08 16:50 ` dpdklab
2025-05-08 16:57 ` dpdklab
` (6 subsequent siblings)
23 siblings, 0 replies; 24+ messages in thread
From: dpdklab @ 2025-05-08 16:50 UTC (permalink / raw)
To: Test Report; +Cc: dpdk-test-reports, Anatoly Burakov
Test-Label: iol-unit-amd64-testing
Test-Status: FAILURE
http://dpdk.org/patch/153361
_Testing issues_
Submitter: Anatoly Burakov <anatoly.burakov@intel.com>
Date: Thursday, May 08 2025 13:16:03
DPDK git baseline: Repo:dpdk
Branch: master
CommitID:75f179ebe347b6098cf3af26d3d3b7168fe3fe24
153359-153361 --> testing issues
Upstream job id: Generic-VM-Unit-Test-DPDK#28421
Test environment and result as below:
+---------------------+----------------+
| Environment | dpdk_unit_test |
+=====================+================+
| CentOS Stream 9 | PEND |
+---------------------+----------------+
| CentOS Stream 10 | PEND |
+---------------------+----------------+
| Debian 12 | PEND |
+---------------------+----------------+
| Fedora 40 | PEND |
+---------------------+----------------+
| Fedora 40 (Clang) | PEND |
+---------------------+----------------+
| Fedora 41 | PEND |
+---------------------+----------------+
| Fedora 41 (Clang) | PEND |
+---------------------+----------------+
| RHEL8 | PEND |
+---------------------+----------------+
| RHEL9 | PEND |
+---------------------+----------------+
| Ubuntu 20.04 | PEND |
+---------------------+----------------+
| Ubuntu 22.04 | PEND |
+---------------------+----------------+
| Ubuntu 24.04 | PEND |
+---------------------+----------------+
| Windows Server 2022 | FAIL |
+---------------------+----------------+
==== Unit test summary for Windows Server 2022 (dpdk_unit_test): ====
Failed to get the unit test results.
Displaying the unit test results is not supported for some environments,
such as our aarch32 testing, where meson is not used to run the tests.
Download the logs available on our CI site.
==== End log output ====
CentOS Stream 9
Kernel: Depends on container host
Compiler: gcc 11.5.0 20240719 (Red Hat 11.5.0-2)
CentOS Stream 10
Kernel: Depends on container host
Compiler: gcc 14.2.1 20241104 (Red Hat 14.2.1-6)
Debian 12
Kernel: Depends on container host
Compiler: gcc (Debian 12.2.0-14) 12.2.0
Fedora 40
Kernel: Depends on container host
Compiler: gcc 14.2.1 20240912 (Red Hat 14.2.1-3)
Fedora 40 (Clang)
Kernel: Depends on container host
Compiler: clang 18.1.8 (Fedora 18.1.8-1.fc40)
Fedora 41
Kernel: Depends on container host
Compiler: gcc 14.2.1 20240912 (Red Hat 14.2.1-3)
Fedora 41 (Clang)
Kernel: Depends on container host
Compiler: clang 19.1.5 (Fedora 19.1.5-1.fc41)
RHEL8
Kernel: Depends on container host
Compiler: gcc 8.5.0 20210514 (Red Hat 8.5.0-22)
RHEL9
Kernel: Depends on container host
Compiler: gcc 11.5.0 20240719 (Red Hat 11.5.0-2)
Ubuntu 20.04
Kernel: Depends on container host
Compiler: gcc (Ubuntu 9.4.0-1ubuntu1~20.04.2) 9.4.0
Ubuntu 22.04
Kernel: Depends on container host
Compiler: gcc (Ubuntu 11.4.0-1ubuntu1~22.04) 11.4.0
Ubuntu 24.04
Kernel: Depends on container host
Compiler: gcc (Ubuntu 13.3.0-6ubuntu2~24.04) 13.3.0
Windows Server 2022
Kernel: 10.0.20348.2031
Compiler: clang 15.0.7, gcc 14.1.0 (MinGW), and MSVC VS 19.39.33521
To view detailed results, visit:
https://lab.dpdk.org/results/dashboard/patchsets/33143/
UNH-IOL DPDK Community Lab
To manage your email subscriptions, visit:
https://lab.dpdk.org/results/dashboard/preferences/subscriptions/
^ permalink raw reply [flat|nested] 24+ messages in thread
* |FAILURE| pw153359-153361 [PATCH] [v8,3/3] app/testpmd: add sleep co
[not found] <15755be6192657d1e75940284d09939e58aee5b9.1746710154.git.anatoly.burakov@intel.com>
` (16 preceding siblings ...)
2025-05-08 16:50 ` |FAILURE| " dpdklab
@ 2025-05-08 16:57 ` dpdklab
2025-05-08 16:59 ` |PENDING| " dpdklab
` (5 subsequent siblings)
23 siblings, 0 replies; 24+ messages in thread
From: dpdklab @ 2025-05-08 16:57 UTC (permalink / raw)
To: Test Report; +Cc: dpdk-test-reports, Anatoly Burakov
Test-Label: iol-unit-amd64-testing
Test-Status: FAILURE
http://dpdk.org/patch/153361
_Testing issues_
Submitter: Anatoly Burakov <anatoly.burakov@intel.com>
Date: Thursday, May 08 2025 13:16:03
DPDK git baseline: Repo:dpdk
Branch: master
CommitID:75f179ebe347b6098cf3af26d3d3b7168fe3fe24
153359-153361 --> testing issues
Upstream job id: Generic-VM-Unit-Test-DPDK#28422
Test environment and result as below:
+---------------------+----------------+
| Environment | dpdk_unit_test |
+=====================+================+
| CentOS Stream 9 | PEND |
+---------------------+----------------+
| CentOS Stream 10 | PEND |
+---------------------+----------------+
| Debian 12 | PEND |
+---------------------+----------------+
| Fedora 40 | PEND |
+---------------------+----------------+
| Fedora 40 (Clang) | PEND |
+---------------------+----------------+
| Fedora 41 | PEND |
+---------------------+----------------+
| Fedora 41 (Clang) | PEND |
+---------------------+----------------+
| RHEL8 | PEND |
+---------------------+----------------+
| RHEL9 | PEND |
+---------------------+----------------+
| Ubuntu 20.04 | PASS |
+---------------------+----------------+
| Ubuntu 22.04 | PEND |
+---------------------+----------------+
| Ubuntu 24.04 | PEND |
+---------------------+----------------+
| Windows Server 2022 | FAIL |
+---------------------+----------------+
==== Unit test summary for Windows Server 2022 (dpdk_unit_test): ====
Failed to get the unit test results.
Displaying the unit test results is not supported for some environments,
such as our aarch32 testing, where meson is not used to run the tests.
Download the logs available on our CI site.
==== End log output ====
CentOS Stream 9
Kernel: Depends on container host
Compiler: gcc 11.5.0 20240719 (Red Hat 11.5.0-2)
CentOS Stream 10
Kernel: Depends on container host
Compiler: gcc 14.2.1 20241104 (Red Hat 14.2.1-6)
Debian 12
Kernel: Depends on container host
Compiler: gcc (Debian 12.2.0-14) 12.2.0
Fedora 40
Kernel: Depends on container host
Compiler: gcc 14.2.1 20240912 (Red Hat 14.2.1-3)
Fedora 40 (Clang)
Kernel: Depends on container host
Compiler: clang 18.1.8 (Fedora 18.1.8-1.fc40)
Fedora 41
Kernel: Depends on container host
Compiler: gcc 14.2.1 20240912 (Red Hat 14.2.1-3)
Fedora 41 (Clang)
Kernel: Depends on container host
Compiler: clang 19.1.5 (Fedora 19.1.5-1.fc41)
RHEL8
Kernel: Depends on container host
Compiler: gcc 8.5.0 20210514 (Red Hat 8.5.0-22)
RHEL9
Kernel: Depends on container host
Compiler: gcc 11.5.0 20240719 (Red Hat 11.5.0-2)
Ubuntu 20.04
Kernel: Depends on container host
Compiler: gcc (Ubuntu 9.4.0-1ubuntu1~20.04.2) 9.4.0
Ubuntu 22.04
Kernel: Depends on container host
Compiler: gcc (Ubuntu 11.4.0-1ubuntu1~22.04) 11.4.0
Ubuntu 24.04
Kernel: Depends on container host
Compiler: gcc (Ubuntu 13.3.0-6ubuntu2~24.04) 13.3.0
Windows Server 2022
Kernel: 10.0.20348.2031
Compiler: clang 15.0.7, gcc 14.1.0 (MinGW), and MSVC VS 19.39.33521
To view detailed results, visit:
https://lab.dpdk.org/results/dashboard/patchsets/33143/
UNH-IOL DPDK Community Lab
To manage your email subscriptions, visit:
https://lab.dpdk.org/results/dashboard/preferences/subscriptions/
^ permalink raw reply [flat|nested] 24+ messages in thread
* |PENDING| pw153359-153361 [PATCH] [v8,3/3] app/testpmd: add sleep co
[not found] <15755be6192657d1e75940284d09939e58aee5b9.1746710154.git.anatoly.burakov@intel.com>
` (17 preceding siblings ...)
2025-05-08 16:57 ` dpdklab
@ 2025-05-08 16:59 ` dpdklab
2025-05-08 17:31 ` |FAILURE| " dpdklab
` (4 subsequent siblings)
23 siblings, 0 replies; 24+ messages in thread
From: dpdklab @ 2025-05-08 16:59 UTC (permalink / raw)
To: Test Report; +Cc: dpdk-test-reports
Test-Label: iol-abi-testing
Test-Status: PENDING
http://dpdk.org/patch/153361
_Testing pending_
Submitter: Anatoly Burakov <anatoly.burakov@intel.com>
Date: Thursday, May 08 2025 13:16:03
DPDK git baseline: Repo:dpdk
Branch: master
CommitID:75f179ebe347b6098cf3af26d3d3b7168fe3fe24
153359-153361 --> testing pending
Upstream job id: Generic-DPDK-Compile-ABI#125798
Test environment and result as below:
+-------------------+----------+
| Environment | abi_test |
+===================+==========+
| CentOS Stream 10 | PASS |
+-------------------+----------+
| CentOS Stream 9 | PEND |
+-------------------+----------+
| Fedora 40 (Clang) | PEND |
+-------------------+----------+
| Debian 12 | PEND |
+-------------------+----------+
| Fedora 40 | PEND |
+-------------------+----------+
| Fedora 41 (Clang) | PEND |
+-------------------+----------+
| Fedora 41 | PEND |
+-------------------+----------+
| openSUSE Leap 15 | PEND |
+-------------------+----------+
| RHEL8 | PEND |
+-------------------+----------+
| RHEL9 | PEND |
+-------------------+----------+
| Ubuntu 24.04 | PEND |
+-------------------+----------+
| Ubuntu 22.04 | PEND |
+-------------------+----------+
CentOS Stream 10
Kernel: Depends on container host
Compiler: gcc 14.2.1 20241104 (Red Hat 14.2.1-6)
CentOS Stream 9
Kernel: Depends on container host
Compiler: gcc 11.5.0 20240719 (Red Hat 11.5.0-2)
Fedora 40 (Clang)
Kernel: Depends on container host
Compiler: clang 18.1.8 (Fedora 18.1.8-1.fc40)
Debian 12
Kernel: Depends on container host
Compiler: gcc (Debian 12.2.0-14) 12.2.0
Fedora 40
Kernel: Depends on container host
Compiler: gcc 14.2.1 20240912 (Red Hat 14.2.1-3)
Fedora 41 (Clang)
Kernel: Depends on container host
Compiler: clang 19.1.5 (Fedora 19.1.5-1.fc41)
Fedora 41
Kernel: Depends on container host
Compiler: gcc 14.2.1 20240912 (Red Hat 14.2.1-3)
openSUSE Leap 15
Kernel: Depends on container host
Compiler: gcc (SUSE Linux) 7.5.0
RHEL8
Kernel: Depends on container host
Compiler: gcc 8.5.0 20210514 (Red Hat 8.5.0-22)
RHEL9
Kernel: Depends on container host
Compiler: gcc 11.5.0 20240719 (Red Hat 11.5.0-2)
Ubuntu 24.04
Kernel: Depends on container host
Compiler: gcc (Ubuntu 13.3.0-6ubuntu2~24.04) 13.3.0
Ubuntu 22.04
Kernel: Depends on container host
Compiler: gcc (Ubuntu 11.4.0-1ubuntu1~22.04) 11.4.0
To view detailed results, visit:
https://lab.dpdk.org/results/dashboard/patchsets/33143/
UNH-IOL DPDK Community Lab
To manage your email subscriptions, visit:
https://lab.dpdk.org/results/dashboard/preferences/subscriptions/
^ permalink raw reply [flat|nested] 24+ messages in thread
* |FAILURE| pw153359-153361 [PATCH] [v8,3/3] app/testpmd: add sleep co
[not found] <15755be6192657d1e75940284d09939e58aee5b9.1746710154.git.anatoly.burakov@intel.com>
` (18 preceding siblings ...)
2025-05-08 16:59 ` |PENDING| " dpdklab
@ 2025-05-08 17:31 ` dpdklab
2025-05-08 18:10 ` dpdklab
` (3 subsequent siblings)
23 siblings, 0 replies; 24+ messages in thread
From: dpdklab @ 2025-05-08 17:31 UTC (permalink / raw)
To: Test Report; +Cc: dpdk-test-reports, Anatoly Burakov
Test-Label: iol-unit-arm64-testing
Test-Status: FAILURE
http://dpdk.org/patch/153361
_Testing issues_
Submitter: Anatoly Burakov <anatoly.burakov@intel.com>
Date: Thursday, May 08 2025 13:16:03
DPDK git baseline: Repo:dpdk
Branch: master
CommitID:75f179ebe347b6098cf3af26d3d3b7168fe3fe24
153359-153361 --> testing issues
Upstream job id: Generic-Unit-Test-DPDK#336586
Test environment and result as below:
+-----------------------------+--------------+------------------------------+---------------------------+----------------+
| Environment | lpm_autotest | cryptodev_sw_snow3g_autotest | cryptodev_sw_zuc_autotest | dpdk_unit_test |
+=============================+==============+==============================+===========================+================+
| Ubuntu 20.04 ARM SVE | PASS | SKIPPED | SKIPPED | SKIPPED |
+-----------------------------+--------------+------------------------------+---------------------------+----------------+
| Debian 12 (arm) | SKIPPED | PASS | PASS | PASS |
+-----------------------------+--------------+------------------------------+---------------------------+----------------+
| CentOS Stream 9 (ARM) | SKIPPED | SKIPPED | SKIPPED | PASS |
+-----------------------------+--------------+------------------------------+---------------------------+----------------+
| CentOS Stream 10 (ARM) | SKIPPED | SKIPPED | SKIPPED | FAIL |
+-----------------------------+--------------+------------------------------+---------------------------+----------------+
| Fedora 40 (ARM) | SKIPPED | SKIPPED | SKIPPED | FAIL |
+-----------------------------+--------------+------------------------------+---------------------------+----------------+
| Fedora 41 (ARM) | SKIPPED | SKIPPED | SKIPPED | FAIL |
+-----------------------------+--------------+------------------------------+---------------------------+----------------+
| Fedora 40 (ARM Clang) | SKIPPED | SKIPPED | SKIPPED | FAIL |
+-----------------------------+--------------+------------------------------+---------------------------+----------------+
| Fedora 41 (ARM Clang) | SKIPPED | SKIPPED | SKIPPED | FAIL |
+-----------------------------+--------------+------------------------------+---------------------------+----------------+
| RHEL9 (ARM) | SKIPPED | SKIPPED | SKIPPED | PASS |
+-----------------------------+--------------+------------------------------+---------------------------+----------------+
| Ubuntu 24.04 (ARM) | SKIPPED | SKIPPED | SKIPPED | FAIL |
+-----------------------------+--------------+------------------------------+---------------------------+----------------+
| Ubuntu 20.04 (ARM) | SKIPPED | SKIPPED | SKIPPED | PASS |
+-----------------------------+--------------+------------------------------+---------------------------+----------------+
| Ubuntu 22.04 (ARM) | SKIPPED | SKIPPED | SKIPPED | PASS |
+-----------------------------+--------------+------------------------------+---------------------------+----------------+
| 32-bit Ubuntu 22.04.4 (ARM) | SKIPPED | SKIPPED | SKIPPED | PASS |
+-----------------------------+--------------+------------------------------+---------------------------+----------------+
==== Unit test summary for Ubuntu 24.04 (ARM) (dpdk_unit_test): ====
ninja: Entering directory `/home-local/jenkins-local/jenkins-agent/workspace/Generic-Unit-Test-DPDK/dpdk/build'
ninja: no work to do.
1/119 DPDK:fast-tests / acl_autotest OK 10.69s
2/119 DPDK:fast-tests / alarm_autotest OK 1.33s
3/119 DPDK:fast-tests / argparse_autotest OK 0.32s
4/119 DPDK:fast-tests / atomic_autotest OK 8.42s
5/119 DPDK:fast-tests / bitcount_autotest OK 0.45s
6/119 DPDK:fast-tests / bitmap_autotest OK 0.38s
7/119 DPDK:fast-tests / bitops_autotest OK 1.83s
8/119 DPDK:fast-tests / bitratestats_autotest OK 0.34s
9/119 DPDK:fast-tests / bitset_autotest OK 5.72s
10/119 DPDK:fast-tests / bpf_autotest OK 0.36s
11/119 DPDK:fast-tests / bpf_convert_autotest OK 0.40s
12/119 DPDK:fast-tests / byteorder_autotest OK 0.33s
13/119 DPDK:fast-tests / cfgfile_autotest OK 0.32s
14/119 DPDK:fast-tests / cksum_autotest OK 0.33s
15/119 DPDK:fast-tests / cmdline_autotest FAIL 0.35s (exit status 255 or signal 127 SIGinvalid)
>>> DPDK_TEST=cmdline_autotest MALLOC_PERTURB_=99 /home-local/jenkins-local/jenkins-agent/workspace/Generic-Unit-Test-DPDK/dpdk/build/app/dpdk-test --no-huge -m 2048
16/119 DPDK:fast-tests / common_autotest OK 2.20s
17/119 DPDK:fast-tests / compressdev_autotest SKIP 0.22s exit status 77
18/119 DPDK:fast-tests / cpuflags_autotest OK 0.37s
19/119 DPDK:fast-tests / crc_autotest OK 0.37s
20/119 DPDK:fast-tests / user_delay_us OK 0.34s
21/119 DPDK:fast-tests / debug_autotest OK 1.94s
22/119 DPDK:fast-tests / devargs_autotest OK 0.39s
23/119 DPDK:fast-tests / dispatcher_autotest OK 5.56s
24/119 DPDK:fast-tests / distributor_autotest OK 1.20s
25/119 DPDK:fast-tests / eal_flags_c_opt_autotest OK 5.70s
26/119 DPDK:fast-tests / eal_flags_main_opt_autotest OK 1.61s
27/119 DPDK:fast-tests / eal_flags_n_opt_autotest OK 1.53s
28/119 DPDK:fast-tests / eal_flags_hpet_autotest OK 0.52s
29/119 DPDK:fast-tests / eal_flags_no_huge_autotest OK 1.09s
30/119 DPDK:fast-tests / eal_flags_a_opt_autotest OK 1.41s
31/119 DPDK:fast-tests / eal_flags_b_opt_autotest OK 1.10s
32/119 DPDK:fast-tests / eal_flags_vdev_opt_autotest OK 0.80s
33/119 DPDK:fast-tests / eal_flags_r_opt_autotest OK 0.80s
34/119 DPDK:fast-tests / eal_flags_mem_autotest OK 1.51s
35/119 DPDK:fast-tests / eal_flags_file_prefix_autotest OK 3.51s
36/119 DPDK:fast-tests / eal_flags_misc_autotest OK 4.69s
37/119 DPDK:fast-tests / eal_fs_autotest OK 0.39s
38/119 DPDK:fast-tests / errno_autotest OK 0.34s
39/119 DPDK:fast-tests / ethdev_link_status OK 0.35s
40/119 DPDK:fast-tests / event_eth_tx_adapter_autotest OK 2.49s
41/119 DPDK:fast-tests / event_ring_autotest OK 0.38s
42/119 DPDK:fast-tests / eventdev_common_autotest OK 0.34s
43/119 DPDK:fast-tests / eventdev_selftest_sw OK 23.28s
44/119 DPDK:fast-tests / fbarray_autotest OK 0.33s
45/119 DPDK:fast-tests / fib_autotest OK 1.96s
46/119 DPDK:fast-tests / fib6_autotest OK 1.89s
47/119 DPDK:fast-tests / func_reentrancy_autotest OK 1.60s
48/119 DPDK:fast-tests / graph_autotest OK 0.36s
49/119 DPDK:fast-tests / node_list_dump OK 0.35s
50/119 DPDK:fast-tests / hash_autotest OK 1.11s
51/119 DPDK:fast-tests / hash_readwrite_func_autotest OK 15.92s
52/119 DPDK:fast-tests / interrupt_autotest OK 1.40s
53/119 DPDK:fast-tests / ipfrag_autotest OK 0.20s
54/119 DPDK:fast-tests / ipsec_autotest SKIP 0.37s exit status 77
55/119 DPDK:fast-tests / kvargs_autotest OK 0.36s
56/119 DPDK:fast-tests / latencystats_autotest OK 0.39s
57/119 DPDK:fast-tests / lcore_var_autotest OK 1.39s
58/119 DPDK:fast-tests / lcores_autotest OK 6.82s
59/119 DPDK:fast-tests / logs_autotest OK 0.37s
60/119 DPDK:fast-tests / lpm_autotest OK 3.58s
61/119 DPDK:fast-tests / lpm6_autotest OK 11.21s
62/119 DPDK:fast-tests / malloc_autotest OK 0.91s
63/119 DPDK:fast-tests / mbuf_autotest OK 4.45s
64/119 DPDK:fast-tests / mcslock_autotest OK 1.85s
65/119 DPDK:fast-tests / member_autotest OK 3.04s
66/119 DPDK:fast-tests / memcpy_autotest OK 13.99s
67/119 DPDK:fast-tests / memory_autotest OK 0.21s
68/119 DPDK:fast-tests / mempool_autotest OK 0.83s
69/119 DPDK:fast-tests / memzone_autotest OK 0.23s
70/119 DPDK:fast-tests / meter_autotest OK 0.39s
71/119 DPDK:fast-tests / metrics_autotest OK 0.35s
72/119 DPDK:fast-tests / multiprocess_autotest OK 0.78s
73/119 DPDK:fast-tests / net_ether_autotest OK 2.12s
74/119 DPDK:fast-tests / net_ipv6_autotest OK 0.33s
75/119 DPDK:fast-tests / pcapng_autotest OK 7.67s
76/119 DPDK:fast-tests / pdcp_autotest SKIP 0.19s exit status 77
77/119 DPDK:fast-tests / pdump_autotest OK 1.02s
78/119 DPDK:fast-tests / per_lcore_autotest OK 0.48s
79/119 DPDK:fast-tests / pflock_autotest OK 0.74s
80/119 DPDK:fast-tests / pie_autotest OK 0.34s
81/119 DPDK:fast-tests / ring_pmd_autotest OK 0.37s
82/119 DPDK:fast-tests / power_autotest OK 0.33s
83/119 DPDK:fast-tests / power_cpufreq_autotest SKIP 0.19s exit status 77
84/119 DPDK:fast-tests / power_intel_uncore_autotest SKIP 0.37s exit status 77
85/119 DPDK:fast-tests / power_kvm_vm_autotest SKIP 0.20s exit status 77
86/119 DPDK:fast-tests / prefetch_autotest OK 0.37s
87/119 DPDK:fast-tests / ptr_compress_autotest OK 0.35s
88/119 DPDK:fast-tests / rawdev_autotest OK 0.32s
89/119 DPDK:fast-tests / rcu_qsbr_autotest OK 1.31s
90/119 DPDK:fast-tests / reorder_autotest OK 0.92s
91/119 DPDK:fast-tests / rib_autotest OK 8.55s
92/119 DPDK:fast-tests / rib6_autotest OK 8.58s
93/119 DPDK:fast-tests / ring_autotest OK 0.39s
94/119 DPDK:fast-tests / rwlock_test1_autotest OK 0.67s
95/119 DPDK:fast-tests / rwlock_rda_autotest OK 5.33s
96/119 DPDK:fast-tests / rwlock_rds_wrm_autotest OK 5.34s
97/119 DPDK:fast-tests / rwlock_rde_wro_autotest OK 5.44s
98/119 DPDK:fast-tests / sched_autotest OK 0.35s
99/119 DPDK:fast-tests / security_autotest OK 0.18s
100/119 DPDK:fast-tests / seqlock_autotest OK 2.37s
101/119 DPDK:fast-tests / service_autotest OK 3.04s
102/119 DPDK:fast-tests / soring_autotest OK 0.34s
103/119 DPDK:fast-tests / spinlock_autotest OK 0.38s
104/119 DPDK:fast-tests / stack_autotest OK 0.74s
105/119 DPDK:fast-tests / stack_lf_autotest OK 0.67s
106/119 DPDK:fast-tests / string_autotest OK 0.37s
107/119 DPDK:fast-tests / table_autotest OK 16.02s
108/119 DPDK:fast-tests / tailq_autotest OK 0.35s
109/119 DPDK:fast-tests / telemetry_data_autotest OK 0.33s
110/119 DPDK:fast-tests / telemetry_json_autotest OK 0.33s
111/119 DPDK:fast-tests / thash_autotest OK 0.42s
112/119 DPDK:fast-tests / threads_autotest OK 0.49s
113/119 DPDK:fast-tests / ticketlock_autotest OK 0.38s
114/119 DPDK:fast-tests / timer_autotest OK 3.54s
115/119 DPDK:fast-tests / trace_autotest OK 0.37s
116/119 DPDK:fast-tests / trace_autotest_with_traces OK 0.60s
117/119 DPDK:fast-tests / vdev_autotest OK 0.35s
118/119 DPDK:fast-tests / version_autotest OK 0.35s
119/119 DPDK:fast-tests / telemetry_all OK 1.15s
Ok: 112
Expected Fail: 0
Fail: 1
Unexpected Pass: 0
Skipped: 6
Timeout: 0
Full log written to /home-local/jenkins-local/jenkins-agent/workspace/Generic-Unit-Test-DPDK/dpdk/build/meson-logs/testlog.txt
Test log output from the failed test cmdline_autotest:
Sorry, we were not able to find the logs for this test.
Download the log output from the CI site for this test run.
==== End log output ====
Ubuntu 20.04 ARM SVE
Kernel: Depends on container host
Compiler: gcc (Ubuntu 10.5.0-1ubuntu1~20.04) 10.5.0
Debian 12 (arm)
Kernel: Depends on container host
Compiler: gcc (Debian 12.2.0-14) 12.2.0
CentOS Stream 9 (ARM)
Kernel: Depends on container host
Compiler: gcc 11.5.0 20240719 (Red Hat 11.5.0-2)
CentOS Stream 10 (ARM)
Kernel: Depends on container host
Compiler: gcc 14.2.1 20241104 (Red Hat 14.2.1-6)
Fedora 40 (ARM)
Kernel: Depends on container host
Compiler: gcc 14.2.1 20240912 (Red Hat 14.2.1-3)
Fedora 41 (ARM)
Kernel: Depends on container host
Compiler: gcc 14.2.1 20240912 (Red Hat 14.2.1-3)
Fedora 40 (ARM Clang)
Kernel: Depends on container host
Compiler: clang 18.1.8 (Fedora 18.1.8-1.fc40)
Fedora 41 (ARM Clang)
Kernel: Depends on container host
Compiler: clang 19.1.5 (Fedora 19.1.5-1.fc41)
RHEL9 (ARM)
Kernel: Depends on container host
Compiler: gcc 11.5.0 20240719 (Red Hat 11.5.0-2)
Ubuntu 24.04 (ARM)
Kernel: Depends on container host
Compiler: gcc (Ubuntu 13.3.0-6ubuntu2~24.04) 13.3.0
Ubuntu 20.04 (ARM)
Kernel: Depends on container host
Compiler: gcc (Ubuntu 9.4.0-1ubuntu1~20.04.2) 9.4.0
Ubuntu 22.04 (ARM)
Kernel: Depends on container host
Compiler: gcc (Ubuntu 11.4.0-1ubuntu1~22.04) 11.4.0
32-bit Ubuntu 22.04.4 (ARM)
Kernel: 5.15.83+ aarch64
Compiler: gcc (Ubuntu 11.4.0-1ubuntu1~22.04) 11.4.0
To view detailed results, visit:
https://lab.dpdk.org/results/dashboard/patchsets/33143/
UNH-IOL DPDK Community Lab
To manage your email subscriptions, visit:
https://lab.dpdk.org/results/dashboard/preferences/subscriptions/
^ permalink raw reply [flat|nested] 24+ messages in thread
* |FAILURE| pw153359-153361 [PATCH] [v8,3/3] app/testpmd: add sleep co
[not found] <15755be6192657d1e75940284d09939e58aee5b9.1746710154.git.anatoly.burakov@intel.com>
` (19 preceding siblings ...)
2025-05-08 17:31 ` |FAILURE| " dpdklab
@ 2025-05-08 18:10 ` dpdklab
2025-05-08 18:10 ` |SUCCESS| " dpdklab
` (2 subsequent siblings)
23 siblings, 0 replies; 24+ messages in thread
From: dpdklab @ 2025-05-08 18:10 UTC (permalink / raw)
To: Test Report; +Cc: dpdk-test-reports, Anatoly Burakov
Test-Label: iol-unit-amd64-testing
Test-Status: FAILURE
http://dpdk.org/patch/153361
_Testing issues_
Submitter: Anatoly Burakov <anatoly.burakov@intel.com>
Date: Thursday, May 08 2025 13:16:03
DPDK git baseline: Repo:dpdk
Branch: master
CommitID:75f179ebe347b6098cf3af26d3d3b7168fe3fe24
153359-153361 --> testing issues
Upstream job id: Generic-Unit-Test-DPDK#336610
Test environment and result as below:
+---------------------+----------------+
| Environment | dpdk_unit_test |
+=====================+================+
| CentOS Stream 9 | PASS |
+---------------------+----------------+
| CentOS Stream 10 | FAIL |
+---------------------+----------------+
| Debian 12 | PASS |
+---------------------+----------------+
| Fedora 40 | FAIL |
+---------------------+----------------+
| Fedora 40 (Clang) | FAIL |
+---------------------+----------------+
| Fedora 41 | FAIL |
+---------------------+----------------+
| Fedora 41 (Clang) | FAIL |
+---------------------+----------------+
| RHEL8 | PASS |
+---------------------+----------------+
| RHEL9 | PASS |
+---------------------+----------------+
| Ubuntu 20.04 | PASS |
+---------------------+----------------+
| Ubuntu 22.04 | PASS |
+---------------------+----------------+
| Ubuntu 24.04 | FAIL |
+---------------------+----------------+
| Windows Server 2022 | FAIL |
+---------------------+----------------+
==== Unit test summary for Windows Server 2022 (dpdk_unit_test): ====
Failed to get the unit test results.
Displaying the unit test results is not supported for some environments,
such as our aarch32 testing, where meson is not used to run the tests.
Download the logs available on our CI site.
==== End log output ====
CentOS Stream 9
Kernel: Depends on container host
Compiler: gcc 11.5.0 20240719 (Red Hat 11.5.0-2)
CentOS Stream 10
Kernel: Depends on container host
Compiler: gcc 14.2.1 20241104 (Red Hat 14.2.1-6)
Debian 12
Kernel: Depends on container host
Compiler: gcc (Debian 12.2.0-14) 12.2.0
Fedora 40
Kernel: Depends on container host
Compiler: gcc 14.2.1 20240912 (Red Hat 14.2.1-3)
Fedora 40 (Clang)
Kernel: Depends on container host
Compiler: clang 18.1.8 (Fedora 18.1.8-1.fc40)
Fedora 41
Kernel: Depends on container host
Compiler: gcc 14.2.1 20240912 (Red Hat 14.2.1-3)
Fedora 41 (Clang)
Kernel: Depends on container host
Compiler: clang 19.1.5 (Fedora 19.1.5-1.fc41)
RHEL8
Kernel: Depends on container host
Compiler: gcc 8.5.0 20210514 (Red Hat 8.5.0-22)
RHEL9
Kernel: Depends on container host
Compiler: gcc 11.5.0 20240719 (Red Hat 11.5.0-2)
Ubuntu 20.04
Kernel: Depends on container host
Compiler: gcc (Ubuntu 9.4.0-1ubuntu1~20.04.2) 9.4.0
Ubuntu 22.04
Kernel: Depends on container host
Compiler: gcc (Ubuntu 11.4.0-1ubuntu1~22.04) 11.4.0
Ubuntu 24.04
Kernel: Depends on container host
Compiler: gcc (Ubuntu 13.3.0-6ubuntu2~24.04) 13.3.0
Windows Server 2022
Kernel: 10.0.20348.2031
Compiler: clang 15.0.7, gcc 14.1.0 (MinGW), and MSVC VS 19.39.33521
To view detailed results, visit:
https://lab.dpdk.org/results/dashboard/patchsets/33143/
UNH-IOL DPDK Community Lab
To manage your email subscriptions, visit:
https://lab.dpdk.org/results/dashboard/preferences/subscriptions/
^ permalink raw reply [flat|nested] 24+ messages in thread
* |SUCCESS| pw153359-153361 [PATCH] [v8,3/3] app/testpmd: add sleep co
[not found] <15755be6192657d1e75940284d09939e58aee5b9.1746710154.git.anatoly.burakov@intel.com>
` (20 preceding siblings ...)
2025-05-08 18:10 ` dpdklab
@ 2025-05-08 18:10 ` dpdklab
2025-05-08 18:11 ` dpdklab
2025-05-08 18:36 ` dpdklab
23 siblings, 0 replies; 24+ messages in thread
From: dpdklab @ 2025-05-08 18:10 UTC (permalink / raw)
To: Test Report; +Cc: dpdk-test-reports
Test-Label: iol-abi-testing
Test-Status: SUCCESS
http://dpdk.org/patch/153361
_Testing PASS_
Submitter: Anatoly Burakov <anatoly.burakov@intel.com>
Date: Thursday, May 08 2025 13:16:03
DPDK git baseline: Repo:dpdk
Branch: master
CommitID:75f179ebe347b6098cf3af26d3d3b7168fe3fe24
153359-153361 --> testing pass
Upstream job id: Generic-DPDK-Compile-ABI#125799
Test environment and result as below:
+-------------------+----------+
| Environment | abi_test |
+===================+==========+
| CentOS Stream 10 | PASS |
+-------------------+----------+
| CentOS Stream 9 | PASS |
+-------------------+----------+
| Fedora 40 (Clang) | PASS |
+-------------------+----------+
| Debian 12 | PASS |
+-------------------+----------+
| Fedora 40 | PASS |
+-------------------+----------+
| Fedora 41 (Clang) | PASS |
+-------------------+----------+
| Fedora 41 | PASS |
+-------------------+----------+
| openSUSE Leap 15 | PASS |
+-------------------+----------+
| RHEL8 | PASS |
+-------------------+----------+
| RHEL9 | PASS |
+-------------------+----------+
| Ubuntu 24.04 | PASS |
+-------------------+----------+
| Ubuntu 22.04 | PASS |
+-------------------+----------+
CentOS Stream 10
Kernel: Depends on container host
Compiler: gcc 14.2.1 20241104 (Red Hat 14.2.1-6)
CentOS Stream 9
Kernel: Depends on container host
Compiler: gcc 11.5.0 20240719 (Red Hat 11.5.0-2)
Fedora 40 (Clang)
Kernel: Depends on container host
Compiler: clang 18.1.8 (Fedora 18.1.8-1.fc40)
Debian 12
Kernel: Depends on container host
Compiler: gcc (Debian 12.2.0-14) 12.2.0
Fedora 40
Kernel: Depends on container host
Compiler: gcc 14.2.1 20240912 (Red Hat 14.2.1-3)
Fedora 41 (Clang)
Kernel: Depends on container host
Compiler: clang 19.1.5 (Fedora 19.1.5-1.fc41)
Fedora 41
Kernel: Depends on container host
Compiler: gcc 14.2.1 20240912 (Red Hat 14.2.1-3)
openSUSE Leap 15
Kernel: Depends on container host
Compiler: gcc (SUSE Linux) 7.5.0
RHEL8
Kernel: Depends on container host
Compiler: gcc 8.5.0 20210514 (Red Hat 8.5.0-22)
RHEL9
Kernel: Depends on container host
Compiler: gcc 11.5.0 20240719 (Red Hat 11.5.0-2)
Ubuntu 24.04
Kernel: Depends on container host
Compiler: gcc (Ubuntu 13.3.0-6ubuntu2~24.04) 13.3.0
Ubuntu 22.04
Kernel: Depends on container host
Compiler: gcc (Ubuntu 11.4.0-1ubuntu1~22.04) 11.4.0
To view detailed results, visit:
https://lab.dpdk.org/results/dashboard/patchsets/33143/
UNH-IOL DPDK Community Lab
To manage your email subscriptions, visit:
https://lab.dpdk.org/results/dashboard/preferences/subscriptions/
^ permalink raw reply [flat|nested] 24+ messages in thread
* |SUCCESS| pw153359-153361 [PATCH] [v8,3/3] app/testpmd: add sleep co
[not found] <15755be6192657d1e75940284d09939e58aee5b9.1746710154.git.anatoly.burakov@intel.com>
` (21 preceding siblings ...)
2025-05-08 18:10 ` |SUCCESS| " dpdklab
@ 2025-05-08 18:11 ` dpdklab
2025-05-08 18:36 ` dpdklab
23 siblings, 0 replies; 24+ messages in thread
From: dpdklab @ 2025-05-08 18:11 UTC (permalink / raw)
To: Test Report; +Cc: dpdk-test-reports
Test-Label: iol-abi-testing
Test-Status: SUCCESS
http://dpdk.org/patch/153361
_Testing PASS_
Submitter: Anatoly Burakov <anatoly.burakov@intel.com>
Date: Thursday, May 08 2025 13:16:03
DPDK git baseline: Repo:dpdk
Branch: master
CommitID:75f179ebe347b6098cf3af26d3d3b7168fe3fe24
153359-153361 --> testing pass
Upstream job id: Generic-DPDK-Compile-ABI#125808
Test environment and result as below:
+-------------------+----------+
| Environment | abi_test |
+===================+==========+
| CentOS Stream 10 | PASS |
+-------------------+----------+
| CentOS Stream 9 | PASS |
+-------------------+----------+
| Fedora 40 (Clang) | PASS |
+-------------------+----------+
| Debian 12 | PASS |
+-------------------+----------+
| Fedora 40 | PASS |
+-------------------+----------+
| Fedora 41 (Clang) | PASS |
+-------------------+----------+
| Fedora 41 | PASS |
+-------------------+----------+
| openSUSE Leap 15 | PASS |
+-------------------+----------+
| RHEL8 | PASS |
+-------------------+----------+
| RHEL9 | PASS |
+-------------------+----------+
| Ubuntu 24.04 | PASS |
+-------------------+----------+
| Ubuntu 22.04 | PASS |
+-------------------+----------+
CentOS Stream 10
Kernel: Depends on container host
Compiler: gcc 14.2.1 20241104 (Red Hat 14.2.1-6)
CentOS Stream 9
Kernel: Depends on container host
Compiler: gcc 11.5.0 20240719 (Red Hat 11.5.0-2)
Fedora 40 (Clang)
Kernel: Depends on container host
Compiler: clang 18.1.8 (Fedora 18.1.8-1.fc40)
Debian 12
Kernel: Depends on container host
Compiler: gcc (Debian 12.2.0-14) 12.2.0
Fedora 40
Kernel: Depends on container host
Compiler: gcc 14.2.1 20240912 (Red Hat 14.2.1-3)
Fedora 41 (Clang)
Kernel: Depends on container host
Compiler: clang 19.1.5 (Fedora 19.1.5-1.fc41)
Fedora 41
Kernel: Depends on container host
Compiler: gcc 14.2.1 20240912 (Red Hat 14.2.1-3)
openSUSE Leap 15
Kernel: Depends on container host
Compiler: gcc (SUSE Linux) 7.5.0
RHEL8
Kernel: Depends on container host
Compiler: gcc 8.5.0 20210514 (Red Hat 8.5.0-22)
RHEL9
Kernel: Depends on container host
Compiler: gcc 11.5.0 20240719 (Red Hat 11.5.0-2)
Ubuntu 24.04
Kernel: Depends on container host
Compiler: gcc (Ubuntu 13.3.0-6ubuntu2~24.04) 13.3.0
Ubuntu 22.04
Kernel: Depends on container host
Compiler: gcc (Ubuntu 11.4.0-1ubuntu1~22.04) 11.4.0
To view detailed results, visit:
https://lab.dpdk.org/results/dashboard/patchsets/33143/
UNH-IOL DPDK Community Lab
To manage your email subscriptions, visit:
https://lab.dpdk.org/results/dashboard/preferences/subscriptions/
^ permalink raw reply [flat|nested] 24+ messages in thread
* |SUCCESS| pw153359-153361 [PATCH] [v8,3/3] app/testpmd: add sleep co
[not found] <15755be6192657d1e75940284d09939e58aee5b9.1746710154.git.anatoly.burakov@intel.com>
` (22 preceding siblings ...)
2025-05-08 18:11 ` dpdklab
@ 2025-05-08 18:36 ` dpdklab
23 siblings, 0 replies; 24+ messages in thread
From: dpdklab @ 2025-05-08 18:36 UTC (permalink / raw)
To: Test Report; +Cc: dpdk-test-reports
Test-Label: iol-compile-arm64-testing
Test-Status: SUCCESS
http://dpdk.org/patch/153361
_Testing PASS_
Submitter: Anatoly Burakov <anatoly.burakov@intel.com>
Date: Thursday, May 08 2025 13:16:03
DPDK git baseline: Repo:dpdk
Branch: master
CommitID:75f179ebe347b6098cf3af26d3d3b7168fe3fe24
153359-153361 --> testing pass
Upstream job id: Generic-DPDK-Compile-Meson#386566
Test environment and result as below:
+----------------------------------------+--------------------+
| Environment | dpdk_meson_compile |
+========================================+====================+
| RHEL9 (ARM) | PASS |
+----------------------------------------+--------------------+
| Ubuntu 20.04 ARM GCC Cross Compile | PASS |
+----------------------------------------+--------------------+
| Ubuntu 20.04 ARM SVE | PASS |
+----------------------------------------+--------------------+
| Debian 12 with MUSDK | PASS |
+----------------------------------------+--------------------+
| Fedora 40 (ARM) | PASS |
+----------------------------------------+--------------------+
| Fedora 40 (ARM Clang) | PASS |
+----------------------------------------+--------------------+
| Fedora 41 (ARM) | PASS |
+----------------------------------------+--------------------+
| Fedora 41 (ARM Clang) | PASS |
+----------------------------------------+--------------------+
| Ubuntu 20.04 (ARM) | PASS |
+----------------------------------------+--------------------+
| Ubuntu 22.04 (ARM) | PASS |
+----------------------------------------+--------------------+
| Ubuntu 24.04 (ARM) | PASS |
+----------------------------------------+--------------------+
| CentOS Stream 9 (ARM) | PASS |
+----------------------------------------+--------------------+
| CentOS Stream 10 (ARM) | PASS |
+----------------------------------------+--------------------+
| Debian 12 (arm) | PASS |
+----------------------------------------+--------------------+
| Ubuntu 20.04 ARM Clang Cross Compile | PASS |
+----------------------------------------+--------------------+
| Ubuntu 20.04 aarch32 GCC Cross Compile | PASS |
+----------------------------------------+--------------------+
RHEL9 (ARM)
Kernel: Depends on container host
Compiler: gcc 11.5.0 20240719 (Red Hat 11.5.0-2)
Ubuntu 20.04 ARM GCC Cross Compile
Kernel: Depends on container host
Compiler: aarch64-linux-gnu-gcc (Ubuntu 9.4.0-1ubuntu1~20.04.2) 9.4.0
Ubuntu 20.04 ARM SVE
Kernel: Depends on container host
Compiler: gcc (Ubuntu 10.5.0-1ubuntu1~20.04) 10.5.0
Debian 12 with MUSDK
Kernel: Depends on container host
Compiler: gcc (Debian 12.2.0-14) 12.2.0
Fedora 40 (ARM)
Kernel: Depends on container host
Compiler: gcc 14.2.1 20240912 (Red Hat 14.2.1-3)
Fedora 40 (ARM Clang)
Kernel: Depends on container host
Compiler: clang 18.1.8 (Fedora 18.1.8-1.fc40)
Fedora 41 (ARM)
Kernel: Depends on container host
Compiler: gcc 14.2.1 20240912 (Red Hat 14.2.1-3)
Fedora 41 (ARM Clang)
Kernel: Depends on container host
Compiler: clang 19.1.5 (Fedora 19.1.5-1.fc41)
Ubuntu 20.04 (ARM)
Kernel: Depends on container host
Compiler: gcc (Ubuntu 9.4.0-1ubuntu1~20.04.2) 9.4.0
Ubuntu 22.04 (ARM)
Kernel: Depends on container host
Compiler: gcc (Ubuntu 11.4.0-1ubuntu1~22.04) 11.4.0
Ubuntu 24.04 (ARM)
Kernel: Depends on container host
Compiler: gcc (Ubuntu 13.3.0-6ubuntu2~24.04) 13.3.0
CentOS Stream 9 (ARM)
Kernel: Depends on container host
Compiler: gcc 11.5.0 20240719 (Red Hat 11.5.0-2)
CentOS Stream 10 (ARM)
Kernel: Depends on container host
Compiler: gcc 14.2.1 20241104 (Red Hat 14.2.1-6)
Debian 12 (arm)
Kernel: Depends on container host
Compiler: gcc (Debian 12.2.0-14) 12.2.0
Ubuntu 20.04 ARM Clang Cross Compile
Kernel: Depends on container host
Compiler: clang 10.0.0-4ubuntu1
Ubuntu 20.04 aarch32 GCC Cross Compile
Kernel: Depends on container host
Compiler: gcc 9.4.0
To view detailed results, visit:
https://lab.dpdk.org/results/dashboard/patchsets/33143/
UNH-IOL DPDK Community Lab
To manage your email subscriptions, visit:
https://lab.dpdk.org/results/dashboard/preferences/subscriptions/
^ permalink raw reply [flat|nested] 24+ messages in thread
end of thread, other threads:[~2025-05-08 18:37 UTC | newest]
Thread overview: 24+ messages (download: mbox.gz / follow: Atom feed)
-- links below jump to the message on this page --
[not found] <15755be6192657d1e75940284d09939e58aee5b9.1746710154.git.anatoly.burakov@intel.com>
2025-05-08 12:51 ` |SUCCESS| pw153359-153361 [PATCH v8 3/3] app/testpmd: add sleep command qemudev
2025-05-08 12:55 ` qemudev
2025-05-08 13:17 ` |SUCCESS| pw153361 " checkpatch
2025-05-08 14:24 ` 0-day Robot
2025-05-08 15:00 ` |SUCCESS| pw153359-153361 [PATCH] [v8,3/3] app/testpmd: add sleep co dpdklab
2025-05-08 15:00 ` dpdklab
2025-05-08 15:10 ` dpdklab
2025-05-08 15:11 ` dpdklab
2025-05-08 15:16 ` dpdklab
2025-05-08 15:18 ` dpdklab
2025-05-08 15:18 ` dpdklab
2025-05-08 15:26 ` dpdklab
2025-05-08 15:35 ` dpdklab
2025-05-08 15:40 ` dpdklab
2025-05-08 15:42 ` |PENDING| " dpdklab
2025-05-08 16:20 ` |WARNING| " dpdklab
2025-05-08 16:50 ` |FAILURE| " dpdklab
2025-05-08 16:57 ` dpdklab
2025-05-08 16:59 ` |PENDING| " dpdklab
2025-05-08 17:31 ` |FAILURE| " dpdklab
2025-05-08 18:10 ` dpdklab
2025-05-08 18:10 ` |SUCCESS| " dpdklab
2025-05-08 18:11 ` dpdklab
2025-05-08 18:36 ` dpdklab
This is a public inbox, see mirroring instructions
for how to clone and mirror all data and code used for this inbox;
as well as URLs for NNTP newsgroup(s).