From mboxrd@z Thu Jan 1 00:00:00 1970 Return-Path: Received: from mails.dpdk.org (mails.dpdk.org [217.70.189.124]) by inbox.dpdk.org (Postfix) with ESMTP id C0C1F4669D for ; Thu, 8 May 2025 18:20:32 +0200 (CEST) Received: from mails.dpdk.org (localhost [127.0.0.1]) by mails.dpdk.org (Postfix) with ESMTP id 90BE24026C; Thu, 8 May 2025 18:20:32 +0200 (CEST) Received: from mail-qv1-f98.google.com (mail-qv1-f98.google.com [209.85.219.98]) by mails.dpdk.org (Postfix) with ESMTP id 526F24026B for ; Thu, 8 May 2025 18:20:31 +0200 (CEST) Received: by mail-qv1-f98.google.com with SMTP id 6a1803df08f44-6f2c45ecaffso12446166d6.2 for ; Thu, 08 May 2025 09:20:31 -0700 (PDT) DKIM-Signature: v=1; a=rsa-sha256; c=relaxed/relaxed; d=iol.unh.edu; s=unh-iol; t=1746721230; x=1747326030; darn=dpdk.org; h=references:in-reply-to:cc:to:from:subject:message-id:date:from:to :cc:subject:date:message-id:reply-to; bh=XFS6mo2HJdFAzDSyDvwCKoKDwtKbkUqSSVfOTrboN1w=; b=ITJvkXIj6hXNyuygEMFqZkRD0fM4IXVWSXAShhH8rjcLNhGtsEd2YSTow265ETNKQf gRXOFioroCneXkDoSYKo0OnWbznX7Qq0nVbWdO4nHXpCTiZmyrBff6W6wT0u4BtCMBhK kp7lyANMIVOuu6je9e5xvAahK3xYn209/8YkQ= X-Google-DKIM-Signature: v=1; a=rsa-sha256; c=relaxed/relaxed; d=1e100.net; s=20230601; t=1746721230; x=1747326030; h=references:in-reply-to:cc:to:from:subject:message-id:date :x-gm-message-state:from:to:cc:subject:date:message-id:reply-to; bh=XFS6mo2HJdFAzDSyDvwCKoKDwtKbkUqSSVfOTrboN1w=; b=wkudW/mzKgw3uKqoBQG1w5aat1XJ+f4emZxiG0GRljh86tkRmXJRmO32EPhc6vVPCX mgWtLaBdGb5MdaFpxa24DgzxLxyojMkdqR18JffT5en4MsbakgY2wTVbh6GGH4ZS3TiS y3eZMQMvDsyka4vpJXRNkJltdIAcd/nr6OAZkgG5QHrzCLflnM0vLa9lxkkbBcoX1f+I yuXvQImgnhEoy60/6/nP3LUrn7rA/WE2JL39m+ORbjwK4lMH+dSAECq7vixl+Lmace1C MnROHtd2jYf+geL7Nufh9/mI7STBx0rrxyxPYDSCrP6Uo2cadnjmHRCkjInVK2282MF6 HWcA== X-Gm-Message-State: AOJu0YzqdHSR8/P1D31no+dHX1NPDXToTqBCNQcsmy6tzx02H6vik0mi maXSA34vdUAXch6+5C8qmVkZYB04c61nuoPcAafh46QHpGjSo+jpuWZpRtqGvTcexV9V5NzB/tr WZ4Iz6WoHq4yy7a1I0oCohGQA5gUdroJdsslySO2I X-Gm-Gg: ASbGncuE5KTfhQ35HLz+UhlqnwOqyhHDElOie3LFVYJ3oXEhuDx1EExcyky/HiQUd2x XtrdQm1P1u1eg1GWsQZLi7lQHX3Tp95ATMry3zgK1RTW4JNeBpEXQK/Y5p8FBgUEJWbAox8BwCU y1kSahCV2ob5Q/fYYOwKU531LWTfzkDXYmJ3J4oyNrz+EG/LshAkZQU4EGmemoGSPjLSTP9s7J4 WfFKDTlFmpBPpdQf7Q/Du1xUUZ0vdscDrcyrYELL8TDXiX4NkY610afLOpzRN1X7WgtJ9pga//L ZypCo5gCvXWHHcwrOW1Z5GqJKHj2xbukysQ7EOGONdZKN7jSQQPyCVBV7Ds= X-Google-Smtp-Source: AGHT+IFl3sehRnbDaUz9zuT3Gspn7J2KQdpoS4zq/D53HCH7SwMDqm6SohqOngMGyl4dx9V1g262jQMGt4AH X-Received: by 2002:a05:6214:2581:b0:6d8:e5f4:b977 with SMTP id 6a1803df08f44-6f54c37360amr63026706d6.5.1746721230552; Thu, 08 May 2025 09:20:30 -0700 (PDT) Received: from postal.iol.unh.edu (postal.iol.unh.edu. [132.177.123.84]) by smtp-relay.gmail.com with ESMTPS id 6a1803df08f44-6f6e39e7d7dsm153616d6.1.2025.05.08.09.20.30 (version=TLS1_2 cipher=ECDHE-ECDSA-AES128-GCM-SHA256 bits=128/128); Thu, 08 May 2025 09:20:30 -0700 (PDT) X-Relaying-Domain: iol.unh.edu Date: Thu, 08 May 2025 09:20:30 -0700 (PDT) Message-ID: <681cd9ce.d40a0220.60344.0d18SMTPIN_ADDED_MISSING@mx.google.com> Received: from [172.21.0.5] (unknown [172.18.0.240]) by postal.iol.unh.edu (Postfix) with ESMTP id 2FB0B6052471; Thu, 8 May 2025 12:20:00 -0400 (EDT) Subject: |WARNING| pw153359-153361 [PATCH] [v8,3/3] app/testpmd: add sleep co From: dpdklab@iol.unh.edu To: Test Report Cc: dpdk-test-reports@iol.unh.edu In-Reply-To: <15755be6192657d1e75940284d09939e58aee5b9.1746710154.git.anatoly.burakov@intel.com> References: <15755be6192657d1e75940284d09939e58aee5b9.1746710154.git.anatoly.burakov@intel.com> Content-Type: text/plain X-BeenThere: test-report@dpdk.org X-Mailman-Version: 2.1.29 Precedence: list List-Id: automatic DPDK test reports List-Unsubscribe: , List-Archive: List-Post: List-Help: List-Subscribe: , Errors-To: test-report-bounces@dpdk.org Test-Label: iol-compile-amd64-testing Test-Status: WARNING http://dpdk.org/patch/153361 _Testing issues_ Submitter: Anatoly Burakov Date: Thursday, May 08 2025 13:16:03 DPDK git baseline: Repo:dpdk Branch: master CommitID:75f179ebe347b6098cf3af26d3d3b7168fe3fe24 153359-153361 --> testing issues Upstream job id: Windows-Compile-DPDK-Native#28302 Test environment and result as below: +-----------------------------------+--------------------+-------------------+-------------------+------------------+-------------------------+ | Environment | dpdk_meson_compile | dpdk_msvc_compile | dpdk_compile_spdk | dpdk_compile_ovs | dpdk_llvm_clang_compile | +===================================+====================+===================+===================+==================+=========================+ | Ubuntu 20.04 | PEND | SKIPPED | SKIPPED | SKIPPED | SKIPPED | +-----------------------------------+--------------------+-------------------+-------------------+------------------+-------------------------+ | FreeBSD 13.5 | PASS | SKIPPED | SKIPPED | SKIPPED | SKIPPED | +-----------------------------------+--------------------+-------------------+-------------------+------------------+-------------------------+ | FreeBSD 14.2 | PASS | SKIPPED | SKIPPED | SKIPPED | SKIPPED | +-----------------------------------+--------------------+-------------------+-------------------+------------------+-------------------------+ | CentOS Stream 9 | PEND | SKIPPED | PEND | SKIPPED | SKIPPED | +-----------------------------------+--------------------+-------------------+-------------------+------------------+-------------------------+ | CentOS Stream 10 | PEND | SKIPPED | SKIPPED | SKIPPED | SKIPPED | +-----------------------------------+--------------------+-------------------+-------------------+------------------+-------------------------+ | Debian 12 | PEND | SKIPPED | PEND | SKIPPED | SKIPPED | +-----------------------------------+--------------------+-------------------+-------------------+------------------+-------------------------+ | Fedora 40 (Clang) | PEND | SKIPPED | PEND | SKIPPED | SKIPPED | +-----------------------------------+--------------------+-------------------+-------------------+------------------+-------------------------+ | Fedora 40 | PEND | SKIPPED | PEND | SKIPPED | SKIPPED | +-----------------------------------+--------------------+-------------------+-------------------+------------------+-------------------------+ | Fedora 41 (Clang) | PEND | SKIPPED | PEND | PEND | SKIPPED | +-----------------------------------+--------------------+-------------------+-------------------+------------------+-------------------------+ | Fedora 41 | PEND | SKIPPED | PEND | PEND | SKIPPED | +-----------------------------------+--------------------+-------------------+-------------------+------------------+-------------------------+ | openSUSE Leap 15 | PEND | SKIPPED | SKIPPED | SKIPPED | SKIPPED | +-----------------------------------+--------------------+-------------------+-------------------+------------------+-------------------------+ | RHEL8 | PEND | SKIPPED | SKIPPED | SKIPPED | SKIPPED | +-----------------------------------+--------------------+-------------------+-------------------+------------------+-------------------------+ | RHEL9 | PEND | SKIPPED | SKIPPED | SKIPPED | SKIPPED | +-----------------------------------+--------------------+-------------------+-------------------+------------------+-------------------------+ | Ubuntu 22.04 | PEND | SKIPPED | PEND | SKIPPED | SKIPPED | +-----------------------------------+--------------------+-------------------+-------------------+------------------+-------------------------+ | Ubuntu 24.04 | PEND | SKIPPED | PEND | PEND | SKIPPED | +-----------------------------------+--------------------+-------------------+-------------------+------------------+-------------------------+ | Alpine | PEND | SKIPPED | SKIPPED | SKIPPED | SKIPPED | +-----------------------------------+--------------------+-------------------+-------------------+------------------+-------------------------+ | Ubuntu 24.04 32 Bit Cross Compile | PEND | SKIPPED | SKIPPED | SKIPPED | SKIPPED | +-----------------------------------+--------------------+-------------------+-------------------+------------------+-------------------------+ | Windows Server 2022 | SKIPPED | PASS | SKIPPED | SKIPPED | FAIL | +-----------------------------------+--------------------+-------------------+-------------------+------------------+-------------------------+ ==== 20 line log output for Windows Server 2022 (dpdk_llvm_clang_compile): ==== [444/858] Compiling C object lib/librte_ethdev.a.p/ethdev_rte_ethdev_cman.c.obj [445/858] Compiling C object lib/librte_ethdev.a.p/ethdev_rte_ethdev_telemetry.c.obj [446/858] Compiling C object lib/librte_cmdline.a.p/cmdline_cmdline_parse_num.c.obj FAILED: lib/librte_cmdline.a.p/cmdline_cmdline_parse_num.c.obj "clang" "-Ilib\librte_cmdline.a.p" "-Ilib" "-I..\lib" "-Ilib\cmdline" "-I..\lib\cmdline" "-Ilib\eal\common" "-I..\lib\eal\common" "-I." "-I.." "-Iconfig" "-I..\config" "-Ilib\eal\include" "-I..\lib\eal\include" "-Ilib\eal\windows\include" "-I..\lib\eal\windows\include" "-Ilib\eal\x86\include" "-I..\lib\eal\x86\include" "-Ilib\eal" "-I..\lib\eal" "-Ilib\log" "-I..\lib\log" "-Ilib\kvargs" "-I..\lib\kvargs" "-Ilib\net" "-I..\lib\net" "-Ilib\mbuf" "-I..\lib\mbuf" "-Ilib\mempool" "-I..\lib\mempool" "-Ilib\ring" "-I..\lib\ring" "-Ilib\metrics" "-I..\lib\metrics" "-Ilib\telemetry" "-I..\lib\telemetry" "-IC:\Program Files\Mellanox\MLNX_WinOF2_DevX_SDK\inc" "-Xclang" "-fcolor-diagnostics" "-pipe" "-D_FILE_OFFSET_BITS=64" "-Wall" "-Winvalid-pch" "-Wextra" "-Werror" "-std=c11" "-O3" "-include" "rte_config.h" "-Wvla" "-Wcast-qual" "-Wdeprecated" "-Wformat" "-Wformat-nonliteral" "-Wformat-security" "-Wmissing-declarations" "-Wmissing-prototypes" "-Wnested-externs" "-Wold-style-definition" "-Wpoin ter-arith" "-Wsign-compare" "-Wstrict-prototypes" "-Wundef" "-Wwrite-strings" "-Wno-missing-field-initializers" "-D_GNU_SOURCE" "-D_WIN32_WINNT=0x0A00" "-D_CRT_SECURE_NO_WARNINGS" "-march=native" "-mrtm" "-DALLOW_EXPERIMENTAL_API" "-DALLOW_INTERNAL_API" "-DRTE_LOG_DEFAULT_LOGTYPE=lib.cmdline" "-DRTE_ANNOTATE_LOCKS" "-Wthread-safety" -MD -MQ lib/librte_cmdline.a.p/cmdline_cmdline_parse_num.c.obj -MF "lib\librte_cmdline.a.p\cmdline_cmdline_parse_num.c.obj.d" -o lib/librte_cmdline.a.p/cmdline_cmdline_parse_num.c.obj "-c" ../lib/cmdline/cmdline_parse_num.c ../lib/cmdline/cmdline_parse_num.c:385:14: error: comparison of integers of different signs: 'enum cmdline_numtype' and 'unsigned long long' [-Werror,-Wsign-compare] if (nd.type >= RTE_DIM(num_help)) ~~~~~~~ ^ ~~~~~~~~~~~~~~~~~ 1 error generated. [447/858] Linking target lib/rte_pci-25.dll Creating library lib\rte_pci.lib and object lib\rte_pci.exp [448/858] Generating symbol file lib/rte_rcu-25.dll.p/rte_rcu-25.dll.symbols [449/858] Generating symbol file lib/rte_mempool-25.dll.p/rte_mempool-25.dll.symbols [450/858] Compiling C object lib/librte_cmdline.a.p/cmdline_cmdline_parse.c.obj [451/858] Compiling C object examples/dpdk-helloworld.exe.p/helloworld_main.c.obj [452/858] Compiling C object drivers/librte_net_iavf_base_lib.a.p/net_intel_ice_base_ice_proto_grp.c.obj [453/858] Compiling C object drivers/librte_net_iavf_base_lib.a.p/net_intel_ice_base_ice_flg_rd.c.obj [454/858] Compiling C object lib/librte_cmdline.a.p/cmdline_cmdline_parse_ipaddr.c.obj [455/858] Compiling C object lib/librte_ethdev.a.p/ethdev_rte_ethdev.c.obj ninja: build stopped: subcommand failed. ==== End log output ==== Ubuntu 20.04 Kernel: 4.19.325-0419325-generic Compiler: gcc (Ubuntu 9.4.0-1ubuntu1~20.04.2) 9.4.0 FreeBSD 13.5 Kernel: 13.5-RELEASE Compiler: clang 19.1.7 FreeBSD 14.2 Kernel: 14.2-RELEASE Compiler: clang 18.1.6 CentOS Stream 9 Kernel: Depends on container host Compiler: gcc 11.5.0 20240719 (Red Hat 11.5.0-2) CentOS Stream 10 Kernel: Depends on container host Compiler: gcc 14.2.1 20241104 (Red Hat 14.2.1-6) Debian 12 Kernel: Depends on container host Compiler: gcc (Debian 12.2.0-14) 12.2.0 Fedora 40 (Clang) Kernel: Depends on container host Compiler: clang 18.1.8 (Fedora 18.1.8-1.fc40) Fedora 40 Kernel: Depends on container host Compiler: gcc 14.2.1 20240912 (Red Hat 14.2.1-3) Fedora 41 (Clang) Kernel: Depends on container host Compiler: clang 19.1.5 (Fedora 19.1.5-1.fc41) Fedora 41 Kernel: Depends on container host Compiler: gcc 14.2.1 20240912 (Red Hat 14.2.1-3) openSUSE Leap 15 Kernel: Depends on container host Compiler: gcc (SUSE Linux) 7.5.0 RHEL8 Kernel: Depends on container host Compiler: gcc 8.5.0 20210514 (Red Hat 8.5.0-22) RHEL9 Kernel: Depends on container host Compiler: gcc 11.5.0 20240719 (Red Hat 11.5.0-2) Ubuntu 22.04 Kernel: Depends on container host Compiler: gcc (Ubuntu 11.4.0-1ubuntu1~22.04) 11.4.0 Ubuntu 24.04 Kernel: Depends on container host Compiler: gcc (Ubuntu 13.3.0-6ubuntu2~24.04) 13.3.0 Alpine Kernel: Depends on container host Compiler: gcc (Alpine 14.2.0) 14.2.0 Ubuntu 24.04 32 Bit Cross Compile Kernel: Depends on container host Compiler: gcc (Ubuntu 13.3.0-6ubuntu2~24.04) 13.3.0 Windows Server 2022 Kernel: 10.0.20348.2031 Compiler: clang 15.0.7, gcc 14.1.0 (MinGW), and MSVC VS 19.39.33521 To view detailed results, visit: https://lab.dpdk.org/results/dashboard/patchsets/33143/ UNH-IOL DPDK Community Lab To manage your email subscriptions, visit: https://lab.dpdk.org/results/dashboard/preferences/subscriptions/