From mboxrd@z Thu Jan 1 00:00:00 1970 Return-Path: Received: from mails.dpdk.org (mails.dpdk.org [217.70.189.124]) by inbox.dpdk.org (Postfix) with ESMTP id 620A5466AD for ; Thu, 8 May 2025 18:38:41 +0200 (CEST) Received: from mails.dpdk.org (localhost [127.0.0.1]) by mails.dpdk.org (Postfix) with ESMTP id 363EF4026C; Thu, 8 May 2025 18:38:41 +0200 (CEST) Received: from mail-il1-f228.google.com (mail-il1-f228.google.com [209.85.166.228]) by mails.dpdk.org (Postfix) with ESMTP id 239884026B for ; Thu, 8 May 2025 18:38:39 +0200 (CEST) Received: by mail-il1-f228.google.com with SMTP id e9e14a558f8ab-3d6d6d82633so4468475ab.0 for ; Thu, 08 May 2025 09:38:39 -0700 (PDT) DKIM-Signature: v=1; a=rsa-sha256; c=relaxed/relaxed; d=iol.unh.edu; s=unh-iol; t=1746722318; x=1747327118; darn=dpdk.org; h=references:in-reply-to:cc:to:from:subject:message-id:date:from:to :cc:subject:date:message-id:reply-to; bh=hWEMrX13pb6iQscd+UrYKZ8HWAM7zqmeD4PVHd9w0nU=; b=I13E/UDNkHl9QxAHR3FN/EgUlw07+JrddgSXLVlOYEoV7fj2UaY9hjgbDK7ZLpQq8W 3+4VhWjHleos/azZA0iKPS7hP8F19/7QsTO4X0DMk9fjZedCYwYgYFkqBuxv+M4hjOXy 4utPEFM3vliSGcJYSDRA8QUxoHLVotpQ5zUcA= X-Google-DKIM-Signature: v=1; a=rsa-sha256; c=relaxed/relaxed; d=1e100.net; s=20230601; t=1746722318; x=1747327118; h=references:in-reply-to:cc:to:from:subject:message-id:date :x-gm-message-state:from:to:cc:subject:date:message-id:reply-to; bh=hWEMrX13pb6iQscd+UrYKZ8HWAM7zqmeD4PVHd9w0nU=; b=AMS7CCyaFCl48UPHVj/Bi4vyziS822p+VUed8H46Ax82iRfsczOeR8irRyv/ZgpvVz oJe64qGybwJxeBkpVMm3YIeeiKzp2/tDUaQf2zXMkQ+uAwkiG+yy0VGzkBgUDan3niGw GFt0zcyZm1cAHgr02uzTuxPGAqe+MN8n+LTw1L0UH9Dak5sayBn4EnAIgubjaPMRvH5X 0ue/1QBHKKy9goC50uXi9EV8qjCeDxkSBx32hvyXRBJNnTbLkGVW3NpF1gb27ENy5dkT 0W75LjKVJghhtvdrgqdR6WQcgmxoVp/UNYp16izfPgR3k2z2TrA3YpQ4Wt+iZYoEfEJB 5ieQ== X-Gm-Message-State: AOJu0YyDrt7DncvZ1/jxDa242hTtYEWQjmGIpyIoCkR0rLJCch/Jfcuw lx2Flsb2yLzmAnCDJ4t+/T/3fFqtZhMRHVzYX+xtUpl0V/q7bQcuJgj7Pm5jtXjfB64tuwmWqo6 gJ3lsk3OdMhWP0V1Mrgr/rMTRlH0/bYbTaEep2OAD X-Gm-Gg: ASbGncvRi2wUVo1iwRi1jo/1bPrOycqwsRY1jj8CQtip4deErG6ViFpTy2fBeu3Z2Rn MQ7IDkJ0E461xIwbJvj+7JMpM1vz02dzqOfnpkZWntxxCccE/6WBdjtefgDN/JVwFq3DGH4i+Sa Bvg+IvBmKgv8ut7kLBouDfqjWw8dvxffDyBuKZmSk/ILpKL2/Ks23Nsp/pDjrYl2ewWROkn428f VyPi8mpm2Re72tHCxen4OaHtuVAdJ1dknJ7GuMC5uW7qCLgH8ERTlJc9NaBc3/9NTJ1OE7LJq+R 77Ro96hokp5jeBQqEP9lgL3iDb8OidJUrla5wOdqARtcFeWa3aUSE1thQgU= X-Google-Smtp-Source: AGHT+IF7T8e0avQhzjBFwJgvFphFg9+m0+la6wVuqMZMsNNfb42KzUKAcsxkzL5ox0E6smeWO1l+i6u9VzIh X-Received: by 2002:a05:6e02:174e:b0:3d3:ff5c:287 with SMTP id e9e14a558f8ab-3da7e210342mr1025805ab.14.1746722318329; Thu, 08 May 2025 09:38:38 -0700 (PDT) Received: from postal.iol.unh.edu (postal.iol.unh.edu. [132.177.123.84]) by smtp-relay.gmail.com with ESMTPS id e9e14a558f8ab-3da7e15bc80sm45855ab.49.2025.05.08.09.38.38 (version=TLS1_2 cipher=ECDHE-ECDSA-AES128-GCM-SHA256 bits=128/128); Thu, 08 May 2025 09:38:38 -0700 (PDT) X-Relaying-Domain: iol.unh.edu Date: Thu, 08 May 2025 09:38:38 -0700 (PDT) Message-ID: <681cde0e.050a0220.23962d.0583SMTPIN_ADDED_MISSING@mx.google.com> Received: from [172.21.0.5] (unknown [172.18.0.240]) by postal.iol.unh.edu (Postfix) with ESMTP id B5B036052471; Thu, 8 May 2025 12:38:37 -0400 (EDT) Subject: |FAILURE| pw153356-153358 [PATCH] [v7,3/3] app/testpmd: add sleep co From: dpdklab@iol.unh.edu To: Test Report Cc: dpdk-test-reports@iol.unh.edu, Anatoly Burakov In-Reply-To: <6334aba24959371cc7c6f4290869698f0ad57bc1.1746698489.git.anatoly.burakov@intel.com> References: <6334aba24959371cc7c6f4290869698f0ad57bc1.1746698489.git.anatoly.burakov@intel.com> Content-Type: text/plain X-BeenThere: test-report@dpdk.org X-Mailman-Version: 2.1.29 Precedence: list List-Id: automatic DPDK test reports List-Unsubscribe: , List-Archive: List-Post: List-Help: List-Subscribe: , Errors-To: test-report-bounces@dpdk.org Test-Label: iol-unit-amd64-testing Test-Status: FAILURE http://dpdk.org/patch/153358 _Testing issues_ Submitter: Anatoly Burakov Date: Thursday, May 08 2025 10:01:38 DPDK git baseline: Repo:dpdk Branch: master CommitID:75f179ebe347b6098cf3af26d3d3b7168fe3fe24 153356-153358 --> testing issues Upstream job id: Generic-VM-Unit-Test-DPDK#28419 Test environment and result as below: +---------------------+----------------+ | Environment | dpdk_unit_test | +=====================+================+ | CentOS Stream 10 | FAIL | +---------------------+----------------+ | CentOS Stream 9 | PASS | +---------------------+----------------+ | Fedora 40 | FAIL | +---------------------+----------------+ | Debian 12 | PASS | +---------------------+----------------+ | Fedora 41 | FAIL | +---------------------+----------------+ | Fedora 41 (Clang) | FAIL | +---------------------+----------------+ | Fedora 40 (Clang) | FAIL | +---------------------+----------------+ | RHEL9 | PASS | +---------------------+----------------+ | RHEL8 | PASS | +---------------------+----------------+ | Ubuntu 20.04 | PASS | +---------------------+----------------+ | Ubuntu 22.04 | PASS | +---------------------+----------------+ | Ubuntu 24.04 | FAIL | +---------------------+----------------+ | Windows Server 2022 | PASS | +---------------------+----------------+ ==== Unit test summary for Ubuntu 24.04 (dpdk_unit_test): ==== ninja: Entering directory `/root/workspace/Generic-Unit-Test-DPDK/dpdk/build' ninja: no work to do. 1/119 DPDK:fast-tests / acl_autotest OK 6.09s 2/119 DPDK:fast-tests / alarm_autotest OK 1.33s 3/119 DPDK:fast-tests / argparse_autotest OK 0.41s 4/119 DPDK:fast-tests / atomic_autotest OK 0.88s 5/119 DPDK:fast-tests / bitcount_autotest OK 0.35s 6/119 DPDK:fast-tests / bitmap_autotest OK 0.32s 7/119 DPDK:fast-tests / bitops_autotest OK 2.12s 8/119 DPDK:fast-tests / bitratestats_autotest OK 0.25s 9/119 DPDK:fast-tests / bitset_autotest OK 3.31s 10/119 DPDK:fast-tests / bpf_autotest OK 0.19s 11/119 DPDK:fast-tests / bpf_convert_autotest OK 0.37s 12/119 DPDK:fast-tests / byteorder_autotest OK 0.39s 13/119 DPDK:fast-tests / cfgfile_autotest OK 0.22s 14/119 DPDK:fast-tests / cksum_autotest OK 0.42s 15/119 DPDK:fast-tests / cmdline_autotest FAIL 0.28s (exit status 255 or signal 127 SIGinvalid) >>> DPDK_TEST=cmdline_autotest MALLOC_PERTURB_=149 /root/workspace/Generic-Unit-Test-DPDK/dpdk/build/app/dpdk-test --no-huge -m 2048 16/119 DPDK:fast-tests / common_autotest OK 1.15s 17/119 DPDK:fast-tests / compressdev_autotest SKIP 0.23s exit status 77 18/119 DPDK:fast-tests / cpuflags_autotest OK 0.17s 19/119 DPDK:fast-tests / crc_autotest OK 0.52s 20/119 DPDK:fast-tests / user_delay_us OK 0.39s 21/119 DPDK:fast-tests / debug_autotest OK 0.57s 22/119 DPDK:fast-tests / devargs_autotest OK 0.39s 23/119 DPDK:fast-tests / dispatcher_autotest SKIP 0.22s exit status 77 24/119 DPDK:fast-tests / distributor_autotest OK 2.18s 25/119 DPDK:fast-tests / eal_flags_c_opt_autotest OK 1.93s 26/119 DPDK:fast-tests / eal_flags_main_opt_autotest OK 0.60s 27/119 DPDK:fast-tests / eal_flags_n_opt_autotest OK 0.73s 28/119 DPDK:fast-tests / eal_flags_hpet_autotest OK 0.53s 29/119 DPDK:fast-tests / eal_flags_no_huge_autotest OK 0.84s 30/119 DPDK:fast-tests / eal_flags_a_opt_autotest OK 0.81s 31/119 DPDK:fast-tests / eal_flags_b_opt_autotest OK 0.76s 32/119 DPDK:fast-tests / eal_flags_vdev_opt_autotest OK 1.17s 33/119 DPDK:fast-tests / eal_flags_r_opt_autotest OK 0.73s 34/119 DPDK:fast-tests / eal_flags_mem_autotest OK 1.33s 35/119 DPDK:fast-tests / eal_flags_file_prefix_autotest OK 5.21s 36/119 DPDK:fast-tests / eal_flags_misc_autotest OK 3.89s 37/119 DPDK:fast-tests / eal_fs_autotest OK 0.19s 38/119 DPDK:fast-tests / errno_autotest OK 0.44s 39/119 DPDK:fast-tests / ethdev_link_status OK 0.34s 40/119 DPDK:fast-tests / event_eth_tx_adapter_autotest OK 0.96s 41/119 DPDK:fast-tests / event_ring_autotest OK 0.37s 42/119 DPDK:fast-tests / eventdev_common_autotest OK 0.34s 43/119 DPDK:fast-tests / eventdev_selftest_sw OK 0.44s 44/119 DPDK:fast-tests / fbarray_autotest OK 0.49s 45/119 DPDK:fast-tests / fib_autotest OK 1.73s 46/119 DPDK:fast-tests / fib6_autotest OK 1.45s 47/119 DPDK:fast-tests / func_reentrancy_autotest OK 1.26s 48/119 DPDK:fast-tests / graph_autotest OK 0.45s 49/119 DPDK:fast-tests / node_list_dump OK 0.32s 50/119 DPDK:fast-tests / hash_autotest OK 0.67s 51/119 DPDK:fast-tests / hash_readwrite_func_autotest SKIP 0.15s exit status 77 52/119 DPDK:fast-tests / interrupt_autotest OK 2.03s 53/119 DPDK:fast-tests / ipfrag_autotest OK 0.21s 54/119 DPDK:fast-tests / ipsec_autotest SKIP 0.42s exit status 77 55/119 DPDK:fast-tests / kvargs_autotest OK 0.29s 56/119 DPDK:fast-tests / latencystats_autotest OK 0.27s 57/119 DPDK:fast-tests / lcore_var_autotest OK 0.72s 58/119 DPDK:fast-tests / lcores_autotest OK 7.42s 59/119 DPDK:fast-tests / logs_autotest OK 0.45s 60/119 DPDK:fast-tests / lpm_autotest OK 3.56s 61/119 DPDK:fast-tests / lpm6_autotest OK 6.18s 62/119 DPDK:fast-tests / malloc_autotest OK 0.76s 63/119 DPDK:fast-tests / mbuf_autotest OK 0.48s 64/119 DPDK:fast-tests / mcslock_autotest OK 1.19s 65/119 DPDK:fast-tests / member_autotest OK 1.71s 66/119 DPDK:fast-tests / memcpy_autotest OK 4.60s 67/119 DPDK:fast-tests / memory_autotest OK 0.31s 68/119 DPDK:fast-tests / mempool_autotest OK 0.56s 69/119 DPDK:fast-tests / memzone_autotest OK 0.31s 70/119 DPDK:fast-tests / meter_autotest OK 0.34s 71/119 DPDK:fast-tests / metrics_autotest OK 0.25s 72/119 DPDK:fast-tests / multiprocess_autotest OK 0.43s 73/119 DPDK:fast-tests / net_ether_autotest OK 1.26s 74/119 DPDK:fast-tests / net_ipv6_autotest OK 0.38s 75/119 DPDK:fast-tests / pcapng_autotest OK 9.81s 76/119 DPDK:fast-tests / pdcp_autotest SKIP 0.25s exit status 77 77/119 DPDK:fast-tests / pdump_autotest OK 1.08s 78/119 DPDK:fast-tests / per_lcore_autotest OK 0.63s 79/119 DPDK:fast-tests / pflock_autotest OK 0.41s 80/119 DPDK:fast-tests / pie_autotest OK 0.29s 81/119 DPDK:fast-tests / ring_pmd_autotest OK 0.17s 82/119 DPDK:fast-tests / power_autotest OK 0.64s 83/119 DPDK:fast-tests / power_cpufreq_autotest SKIP 0.25s exit status 77 84/119 DPDK:fast-tests / power_intel_uncore_autotest SKIP 0.51s exit status 77 85/119 DPDK:fast-tests / power_kvm_vm_autotest SKIP 0.27s exit status 77 86/119 DPDK:fast-tests / prefetch_autotest OK 0.25s 87/119 DPDK:fast-tests / ptr_compress_autotest OK 0.23s 88/119 DPDK:fast-tests / rawdev_autotest OK 0.27s 89/119 DPDK:fast-tests / rcu_qsbr_autotest OK 0.67s 90/119 DPDK:fast-tests / reorder_autotest OK 0.59s 91/119 DPDK:fast-tests / rib_autotest OK 7.38s 92/119 DPDK:fast-tests / rib6_autotest OK 8.12s 93/119 DPDK:fast-tests / ring_autotest OK 0.24s 94/119 DPDK:fast-tests / rwlock_test1_autotest OK 0.45s 95/119 DPDK:fast-tests / rwlock_rda_autotest OK 5.36s 96/119 DPDK:fast-tests / rwlock_rds_wrm_autotest OK 5.17s 97/119 DPDK:fast-tests / rwlock_rde_wro_autotest OK 5.39s 98/119 DPDK:fast-tests / sched_autotest OK 0.40s 99/119 DPDK:fast-tests / security_autotest OK 0.29s 100/119 DPDK:fast-tests / seqlock_autotest SKIP 0.18s exit status 77 101/119 DPDK:fast-tests / service_autotest OK 0.63s 102/119 DPDK:fast-tests / soring_autotest OK 0.29s 103/119 DPDK:fast-tests / spinlock_autotest OK 0.21s 104/119 DPDK:fast-tests / stack_autotest OK 0.32s 105/119 DPDK:fast-tests / stack_lf_autotest OK 0.29s 106/119 DPDK:fast-tests / string_autotest OK 0.47s 107/119 DPDK:fast-tests / table_autotest OK 9.84s 108/119 DPDK:fast-tests / tailq_autotest OK 0.32s 109/119 DPDK:fast-tests / telemetry_data_autotest OK 0.35s 110/119 DPDK:fast-tests / telemetry_json_autotest OK 0.26s 111/119 DPDK:fast-tests / thash_autotest OK 0.40s 112/119 DPDK:fast-tests / threads_autotest OK 0.50s 113/119 DPDK:fast-tests / ticketlock_autotest OK 0.38s 114/119 DPDK:fast-tests / timer_autotest OK 3.22s 115/119 DPDK:fast-tests / trace_autotest OK 0.41s 116/119 DPDK:fast-tests / trace_autotest_with_traces OK 0.37s 117/119 DPDK:fast-tests / vdev_autotest OK 0.43s 118/119 DPDK:fast-tests / version_autotest OK 0.33s 119/119 DPDK:fast-tests / telemetry_all OK 1.04s Ok: 109 Expected Fail: 0 Fail: 1 Unexpected Pass: 0 Skipped: 9 Timeout: 0 Full log written to /root/workspace/Generic-Unit-Test-DPDK/dpdk/build/meson-logs/testlog.txt Test log output from the failed test cmdline_autotest: Sorry, we were not able to find the logs for this test. Download the log output from the CI site for this test run. ==== End log output ==== CentOS Stream 10 Kernel: Depends on container host Compiler: gcc 14.2.1 20241104 (Red Hat 14.2.1-6) CentOS Stream 9 Kernel: Depends on container host Compiler: gcc 11.5.0 20240719 (Red Hat 11.5.0-2) Fedora 40 Kernel: Depends on container host Compiler: gcc 14.2.1 20240912 (Red Hat 14.2.1-3) Debian 12 Kernel: Depends on container host Compiler: gcc (Debian 12.2.0-14) 12.2.0 Fedora 41 Kernel: Depends on container host Compiler: gcc 14.2.1 20240912 (Red Hat 14.2.1-3) Fedora 41 (Clang) Kernel: Depends on container host Compiler: clang 19.1.5 (Fedora 19.1.5-1.fc41) Fedora 40 (Clang) Kernel: Depends on container host Compiler: clang 18.1.8 (Fedora 18.1.8-1.fc40) RHEL9 Kernel: Depends on container host Compiler: gcc 11.5.0 20240719 (Red Hat 11.5.0-2) RHEL8 Kernel: Depends on container host Compiler: gcc 8.5.0 20210514 (Red Hat 8.5.0-22) Ubuntu 20.04 Kernel: Depends on container host Compiler: gcc (Ubuntu 9.4.0-1ubuntu1~20.04.2) 9.4.0 Ubuntu 22.04 Kernel: Depends on container host Compiler: gcc (Ubuntu 11.4.0-1ubuntu1~22.04) 11.4.0 Ubuntu 24.04 Kernel: Depends on container host Compiler: gcc (Ubuntu 13.3.0-6ubuntu2~24.04) 13.3.0 Windows Server 2022 Kernel: 10.0.20348.2031 Compiler: clang 15.0.7, gcc 14.1.0 (MinGW), and MSVC VS 19.39.33521 To view detailed results, visit: https://lab.dpdk.org/results/dashboard/patchsets/33142/ UNH-IOL DPDK Community Lab To manage your email subscriptions, visit: https://lab.dpdk.org/results/dashboard/preferences/subscriptions/