automatic DPDK test reports
 help / color / mirror / Atom feed
From: dpdklab@iol.unh.edu
To: Test Report <test-report@dpdk.org>
Cc: dpdk-test-reports@iol.unh.edu,
	Anatoly Burakov <anatoly.burakov@intel.com>
Subject: |FAILURE| pw153359-153361 [PATCH] [v8,3/3] app/testpmd: add sleep co
Date: Thu, 08 May 2025 10:31:22 -0700 (PDT)	[thread overview]
Message-ID: <681cea6a.050a0220.3a98dc.0a6dSMTPIN_ADDED_MISSING@mx.google.com> (raw)
In-Reply-To: <15755be6192657d1e75940284d09939e58aee5b9.1746710154.git.anatoly.burakov@intel.com>

Test-Label: iol-unit-arm64-testing
Test-Status: FAILURE
http://dpdk.org/patch/153361

_Testing issues_

Submitter: Anatoly Burakov <anatoly.burakov@intel.com>
Date: Thursday, May 08 2025 13:16:03 
DPDK git baseline: Repo:dpdk
  Branch: master
  CommitID:75f179ebe347b6098cf3af26d3d3b7168fe3fe24

153359-153361 --> testing issues

Upstream job id: Generic-Unit-Test-DPDK#336586

Test environment and result as below:

+-----------------------------+--------------+------------------------------+---------------------------+----------------+
|         Environment         | lpm_autotest | cryptodev_sw_snow3g_autotest | cryptodev_sw_zuc_autotest | dpdk_unit_test |
+=============================+==============+==============================+===========================+================+
| Ubuntu 20.04 ARM SVE        | PASS         | SKIPPED                      | SKIPPED                   | SKIPPED        |
+-----------------------------+--------------+------------------------------+---------------------------+----------------+
| Debian 12 (arm)             | SKIPPED      | PASS                         | PASS                      | PASS           |
+-----------------------------+--------------+------------------------------+---------------------------+----------------+
| CentOS Stream 9 (ARM)       | SKIPPED      | SKIPPED                      | SKIPPED                   | PASS           |
+-----------------------------+--------------+------------------------------+---------------------------+----------------+
| CentOS Stream 10 (ARM)      | SKIPPED      | SKIPPED                      | SKIPPED                   | FAIL           |
+-----------------------------+--------------+------------------------------+---------------------------+----------------+
| Fedora 40 (ARM)             | SKIPPED      | SKIPPED                      | SKIPPED                   | FAIL           |
+-----------------------------+--------------+------------------------------+---------------------------+----------------+
| Fedora 41 (ARM)             | SKIPPED      | SKIPPED                      | SKIPPED                   | FAIL           |
+-----------------------------+--------------+------------------------------+---------------------------+----------------+
| Fedora 40 (ARM Clang)       | SKIPPED      | SKIPPED                      | SKIPPED                   | FAIL           |
+-----------------------------+--------------+------------------------------+---------------------------+----------------+
| Fedora 41 (ARM Clang)       | SKIPPED      | SKIPPED                      | SKIPPED                   | FAIL           |
+-----------------------------+--------------+------------------------------+---------------------------+----------------+
| RHEL9 (ARM)                 | SKIPPED      | SKIPPED                      | SKIPPED                   | PASS           |
+-----------------------------+--------------+------------------------------+---------------------------+----------------+
| Ubuntu 24.04 (ARM)          | SKIPPED      | SKIPPED                      | SKIPPED                   | FAIL           |
+-----------------------------+--------------+------------------------------+---------------------------+----------------+
| Ubuntu 20.04 (ARM)          | SKIPPED      | SKIPPED                      | SKIPPED                   | PASS           |
+-----------------------------+--------------+------------------------------+---------------------------+----------------+
| Ubuntu 22.04 (ARM)          | SKIPPED      | SKIPPED                      | SKIPPED                   | PASS           |
+-----------------------------+--------------+------------------------------+---------------------------+----------------+
| 32-bit Ubuntu 22.04.4 (ARM) | SKIPPED      | SKIPPED                      | SKIPPED                   | PASS           |
+-----------------------------+--------------+------------------------------+---------------------------+----------------+

==== Unit test summary for Ubuntu 24.04 (ARM) (dpdk_unit_test): ====
ninja: Entering directory `/home-local/jenkins-local/jenkins-agent/workspace/Generic-Unit-Test-DPDK/dpdk/build'
ninja: no work to do.
  1/119 DPDK:fast-tests / acl_autotest                   OK              10.69s
  2/119 DPDK:fast-tests / alarm_autotest                 OK               1.33s
  3/119 DPDK:fast-tests / argparse_autotest              OK               0.32s
  4/119 DPDK:fast-tests / atomic_autotest                OK               8.42s
  5/119 DPDK:fast-tests / bitcount_autotest              OK               0.45s
  6/119 DPDK:fast-tests / bitmap_autotest                OK               0.38s
  7/119 DPDK:fast-tests / bitops_autotest                OK               1.83s
  8/119 DPDK:fast-tests / bitratestats_autotest          OK               0.34s
  9/119 DPDK:fast-tests / bitset_autotest                OK               5.72s
 10/119 DPDK:fast-tests / bpf_autotest                   OK               0.36s
 11/119 DPDK:fast-tests / bpf_convert_autotest           OK               0.40s
 12/119 DPDK:fast-tests / byteorder_autotest             OK               0.33s
 13/119 DPDK:fast-tests / cfgfile_autotest               OK               0.32s
 14/119 DPDK:fast-tests / cksum_autotest                 OK               0.33s
 15/119 DPDK:fast-tests / cmdline_autotest               FAIL             0.35s   (exit status 255 or signal 127 SIGinvalid)
>>> DPDK_TEST=cmdline_autotest MALLOC_PERTURB_=99 /home-local/jenkins-local/jenkins-agent/workspace/Generic-Unit-Test-DPDK/dpdk/build/app/dpdk-test --no-huge -m 2048

 16/119 DPDK:fast-tests / common_autotest                OK               2.20s
 17/119 DPDK:fast-tests / compressdev_autotest           SKIP             0.22s   exit status 77
 18/119 DPDK:fast-tests / cpuflags_autotest              OK               0.37s
 19/119 DPDK:fast-tests / crc_autotest                   OK               0.37s
 20/119 DPDK:fast-tests / user_delay_us                  OK               0.34s
 21/119 DPDK:fast-tests / debug_autotest                 OK               1.94s
 22/119 DPDK:fast-tests / devargs_autotest               OK               0.39s
 23/119 DPDK:fast-tests / dispatcher_autotest            OK               5.56s
 24/119 DPDK:fast-tests / distributor_autotest           OK               1.20s
 25/119 DPDK:fast-tests / eal_flags_c_opt_autotest       OK               5.70s
 26/119 DPDK:fast-tests / eal_flags_main_opt_autotest    OK               1.61s
 27/119 DPDK:fast-tests / eal_flags_n_opt_autotest       OK               1.53s
 28/119 DPDK:fast-tests / eal_flags_hpet_autotest        OK               0.52s
 29/119 DPDK:fast-tests / eal_flags_no_huge_autotest     OK               1.09s
 30/119 DPDK:fast-tests / eal_flags_a_opt_autotest       OK               1.41s
 31/119 DPDK:fast-tests / eal_flags_b_opt_autotest       OK               1.10s
 32/119 DPDK:fast-tests / eal_flags_vdev_opt_autotest    OK               0.80s
 33/119 DPDK:fast-tests / eal_flags_r_opt_autotest       OK               0.80s
 34/119 DPDK:fast-tests / eal_flags_mem_autotest         OK               1.51s
 35/119 DPDK:fast-tests / eal_flags_file_prefix_autotest OK               3.51s
 36/119 DPDK:fast-tests / eal_flags_misc_autotest        OK               4.69s
 37/119 DPDK:fast-tests / eal_fs_autotest                OK               0.39s
 38/119 DPDK:fast-tests / errno_autotest                 OK               0.34s
 39/119 DPDK:fast-tests / ethdev_link_status             OK               0.35s
 40/119 DPDK:fast-tests / event_eth_tx_adapter_autotest  OK               2.49s
 41/119 DPDK:fast-tests / event_ring_autotest            OK               0.38s
 42/119 DPDK:fast-tests / eventdev_common_autotest       OK               0.34s
 43/119 DPDK:fast-tests / eventdev_selftest_sw           OK              23.28s
 44/119 DPDK:fast-tests / fbarray_autotest               OK               0.33s
 45/119 DPDK:fast-tests / fib_autotest                   OK               1.96s
 46/119 DPDK:fast-tests / fib6_autotest                  OK               1.89s
 47/119 DPDK:fast-tests / func_reentrancy_autotest       OK               1.60s
 48/119 DPDK:fast-tests / graph_autotest                 OK               0.36s
 49/119 DPDK:fast-tests / node_list_dump                 OK               0.35s
 50/119 DPDK:fast-tests / hash_autotest                  OK               1.11s
 51/119 DPDK:fast-tests / hash_readwrite_func_autotest   OK              15.92s
 52/119 DPDK:fast-tests / interrupt_autotest             OK               1.40s
 53/119 DPDK:fast-tests / ipfrag_autotest                OK               0.20s
 54/119 DPDK:fast-tests / ipsec_autotest                 SKIP             0.37s   exit status 77
 55/119 DPDK:fast-tests / kvargs_autotest                OK               0.36s
 56/119 DPDK:fast-tests / latencystats_autotest          OK               0.39s
 57/119 DPDK:fast-tests / lcore_var_autotest             OK               1.39s
 58/119 DPDK:fast-tests / lcores_autotest                OK               6.82s
 59/119 DPDK:fast-tests / logs_autotest                  OK               0.37s
 60/119 DPDK:fast-tests / lpm_autotest                   OK               3.58s
 61/119 DPDK:fast-tests / lpm6_autotest                  OK              11.21s
 62/119 DPDK:fast-tests / malloc_autotest                OK               0.91s
 63/119 DPDK:fast-tests / mbuf_autotest                  OK               4.45s
 64/119 DPDK:fast-tests / mcslock_autotest               OK               1.85s
 65/119 DPDK:fast-tests / member_autotest                OK               3.04s
 66/119 DPDK:fast-tests / memcpy_autotest                OK              13.99s
 67/119 DPDK:fast-tests / memory_autotest                OK               0.21s
 68/119 DPDK:fast-tests / mempool_autotest               OK               0.83s
 69/119 DPDK:fast-tests / memzone_autotest               OK               0.23s
 70/119 DPDK:fast-tests / meter_autotest                 OK               0.39s
 71/119 DPDK:fast-tests / metrics_autotest               OK               0.35s
 72/119 DPDK:fast-tests / multiprocess_autotest          OK               0.78s
 73/119 DPDK:fast-tests / net_ether_autotest             OK               2.12s
 74/119 DPDK:fast-tests / net_ipv6_autotest              OK               0.33s
 75/119 DPDK:fast-tests / pcapng_autotest                OK               7.67s
 76/119 DPDK:fast-tests / pdcp_autotest                  SKIP             0.19s   exit status 77
 77/119 DPDK:fast-tests / pdump_autotest                 OK               1.02s
 78/119 DPDK:fast-tests / per_lcore_autotest             OK               0.48s
 79/119 DPDK:fast-tests / pflock_autotest                OK               0.74s
 80/119 DPDK:fast-tests / pie_autotest                   OK               0.34s
 81/119 DPDK:fast-tests / ring_pmd_autotest              OK               0.37s
 82/119 DPDK:fast-tests / power_autotest                 OK               0.33s
 83/119 DPDK:fast-tests / power_cpufreq_autotest         SKIP             0.19s   exit status 77
 84/119 DPDK:fast-tests / power_intel_uncore_autotest    SKIP             0.37s   exit status 77
 85/119 DPDK:fast-tests / power_kvm_vm_autotest          SKIP             0.20s   exit status 77
 86/119 DPDK:fast-tests / prefetch_autotest              OK               0.37s
 87/119 DPDK:fast-tests / ptr_compress_autotest          OK               0.35s
 88/119 DPDK:fast-tests / rawdev_autotest                OK               0.32s
 89/119 DPDK:fast-tests / rcu_qsbr_autotest              OK               1.31s
 90/119 DPDK:fast-tests / reorder_autotest               OK               0.92s
 91/119 DPDK:fast-tests / rib_autotest                   OK               8.55s
 92/119 DPDK:fast-tests / rib6_autotest                  OK               8.58s
 93/119 DPDK:fast-tests / ring_autotest                  OK               0.39s
 94/119 DPDK:fast-tests / rwlock_test1_autotest          OK               0.67s
 95/119 DPDK:fast-tests / rwlock_rda_autotest            OK               5.33s
 96/119 DPDK:fast-tests / rwlock_rds_wrm_autotest        OK               5.34s
 97/119 DPDK:fast-tests / rwlock_rde_wro_autotest        OK               5.44s
 98/119 DPDK:fast-tests / sched_autotest                 OK               0.35s
 99/119 DPDK:fast-tests / security_autotest              OK               0.18s
100/119 DPDK:fast-tests / seqlock_autotest               OK               2.37s
101/119 DPDK:fast-tests / service_autotest               OK               3.04s
102/119 DPDK:fast-tests / soring_autotest                OK               0.34s
103/119 DPDK:fast-tests / spinlock_autotest              OK               0.38s
104/119 DPDK:fast-tests / stack_autotest                 OK               0.74s
105/119 DPDK:fast-tests / stack_lf_autotest              OK               0.67s
106/119 DPDK:fast-tests / string_autotest                OK               0.37s
107/119 DPDK:fast-tests / table_autotest                 OK              16.02s
108/119 DPDK:fast-tests / tailq_autotest                 OK               0.35s
109/119 DPDK:fast-tests / telemetry_data_autotest        OK               0.33s
110/119 DPDK:fast-tests / telemetry_json_autotest        OK               0.33s
111/119 DPDK:fast-tests / thash_autotest                 OK               0.42s
112/119 DPDK:fast-tests / threads_autotest               OK               0.49s
113/119 DPDK:fast-tests / ticketlock_autotest            OK               0.38s
114/119 DPDK:fast-tests / timer_autotest                 OK               3.54s
115/119 DPDK:fast-tests / trace_autotest                 OK               0.37s
116/119 DPDK:fast-tests / trace_autotest_with_traces     OK               0.60s
117/119 DPDK:fast-tests / vdev_autotest                  OK               0.35s
118/119 DPDK:fast-tests / version_autotest               OK               0.35s
119/119 DPDK:fast-tests / telemetry_all                  OK               1.15s


Ok:                 112 
Expected Fail:      0   
Fail:               1   
Unexpected Pass:    0   
Skipped:            6   
Timeout:            0   

Full log written to /home-local/jenkins-local/jenkins-agent/workspace/Generic-Unit-Test-DPDK/dpdk/build/meson-logs/testlog.txt



Test log output from the failed test cmdline_autotest:

Sorry, we were not able to find the logs for this test.
Download the log output from the CI site for this test run.
==== End log output ====

Ubuntu 20.04 ARM SVE
	Kernel: Depends on container host
	Compiler: gcc (Ubuntu 10.5.0-1ubuntu1~20.04) 10.5.0

Debian 12 (arm)
	Kernel: Depends on container host
	Compiler: gcc (Debian 12.2.0-14) 12.2.0

CentOS Stream 9 (ARM)
	Kernel: Depends on container host
	Compiler: gcc 11.5.0 20240719 (Red Hat 11.5.0-2)

CentOS Stream 10 (ARM)
	Kernel: Depends on container host
	Compiler: gcc 14.2.1 20241104 (Red Hat 14.2.1-6)

Fedora 40 (ARM)
	Kernel: Depends on container host
	Compiler: gcc 14.2.1 20240912 (Red Hat 14.2.1-3)

Fedora 41 (ARM)
	Kernel: Depends on container host
	Compiler: gcc 14.2.1 20240912 (Red Hat 14.2.1-3)

Fedora 40 (ARM Clang)
	Kernel: Depends on container host
	Compiler: clang 18.1.8 (Fedora 18.1.8-1.fc40)

Fedora 41 (ARM Clang)
	Kernel: Depends on container host
	Compiler: clang 19.1.5 (Fedora 19.1.5-1.fc41)

RHEL9 (ARM)
	Kernel: Depends on container host
	Compiler: gcc 11.5.0 20240719 (Red Hat 11.5.0-2)

Ubuntu 24.04 (ARM)
	Kernel: Depends on container host
	Compiler: gcc (Ubuntu 13.3.0-6ubuntu2~24.04) 13.3.0

Ubuntu 20.04 (ARM)
	Kernel: Depends on container host
	Compiler: gcc (Ubuntu 9.4.0-1ubuntu1~20.04.2) 9.4.0

Ubuntu 22.04 (ARM)
	Kernel: Depends on container host
	Compiler: gcc (Ubuntu 11.4.0-1ubuntu1~22.04) 11.4.0

32-bit Ubuntu 22.04.4 (ARM)
	Kernel: 5.15.83+ aarch64
	Compiler: gcc (Ubuntu 11.4.0-1ubuntu1~22.04) 11.4.0

To view detailed results, visit:
https://lab.dpdk.org/results/dashboard/patchsets/33143/

UNH-IOL DPDK Community Lab

To manage your email subscriptions, visit: 
https://lab.dpdk.org/results/dashboard/preferences/subscriptions/

  parent reply	other threads:[~2025-05-08 17:31 UTC|newest]

Thread overview: 25+ messages / expand[flat|nested]  mbox.gz  Atom feed  top
     [not found] <15755be6192657d1e75940284d09939e58aee5b9.1746710154.git.anatoly.burakov@intel.com>
2025-05-08 12:51 ` |SUCCESS| pw153359-153361 [PATCH v8 3/3] app/testpmd: add sleep command qemudev
2025-05-08 12:55 ` qemudev
2025-05-08 13:17 ` |SUCCESS| pw153361 " checkpatch
2025-05-08 14:24 ` 0-day Robot
2025-05-08 15:00 ` |SUCCESS| pw153359-153361 [PATCH] [v8,3/3] app/testpmd: add sleep co dpdklab
2025-05-08 15:00 ` dpdklab
2025-05-08 15:10 ` dpdklab
2025-05-08 15:11 ` dpdklab
2025-05-08 15:16 ` dpdklab
2025-05-08 15:18 ` dpdklab
2025-05-08 15:18 ` dpdklab
2025-05-08 15:26 ` dpdklab
2025-05-08 15:35 ` dpdklab
2025-05-08 15:40 ` dpdklab
2025-05-08 15:42 ` |PENDING| " dpdklab
2025-05-08 16:20 ` |WARNING| " dpdklab
2025-05-08 16:50 ` |FAILURE| " dpdklab
2025-05-08 16:57 ` dpdklab
2025-05-08 16:59 ` |PENDING| " dpdklab
2025-05-08 17:31 ` dpdklab [this message]
2025-05-08 18:10 ` |FAILURE| " dpdklab
2025-05-08 18:10 ` |SUCCESS| " dpdklab
2025-05-08 18:11 ` dpdklab
2025-05-08 18:36 ` dpdklab
2025-05-08 23:35 ` dpdklab

Reply instructions:

You may reply publicly to this message via plain-text email
using any one of the following methods:

* Save the following mbox file, import it into your mail client,
  and reply-to-all from there: mbox

  Avoid top-posting and favor interleaved quoting:
  https://en.wikipedia.org/wiki/Posting_style#Interleaved_style

* Reply using the --to, --cc, and --in-reply-to
  switches of git-send-email(1):

  git send-email \
    --in-reply-to=681cea6a.050a0220.3a98dc.0a6dSMTPIN_ADDED_MISSING@mx.google.com \
    --to=dpdklab@iol.unh.edu \
    --cc=anatoly.burakov@intel.com \
    --cc=dpdk-test-reports@iol.unh.edu \
    --cc=test-report@dpdk.org \
    /path/to/YOUR_REPLY

  https://kernel.org/pub/software/scm/git/docs/git-send-email.html

* If your mail client supports setting the In-Reply-To header
  via mailto: links, try the mailto: link
Be sure your reply has a Subject: header at the top and a blank line before the message body.
This is a public inbox, see mirroring instructions
for how to clone and mirror all data and code used for this inbox;
as well as URLs for NNTP newsgroup(s).