From mboxrd@z Thu Jan  1 00:00:00 1970
Return-Path: <test-report-bounces@dpdk.org>
Received: from mails.dpdk.org (mails.dpdk.org [217.70.189.124])
	by inbox.dpdk.org (Postfix) with ESMTP id 15C28466F7
	for <public@inbox.dpdk.org>; Thu,  8 May 2025 20:10:09 +0200 (CEST)
Received: from mails.dpdk.org (localhost [127.0.0.1])
	by mails.dpdk.org (Postfix) with ESMTP id E9F7A4026C;
	Thu,  8 May 2025 20:10:08 +0200 (CEST)
Received: from mail-qv1-f97.google.com (mail-qv1-f97.google.com
 [209.85.219.97]) by mails.dpdk.org (Postfix) with ESMTP id 53A584026B
 for <test-report@dpdk.org>; Thu,  8 May 2025 20:10:07 +0200 (CEST)
Received: by mail-qv1-f97.google.com with SMTP id
 6a1803df08f44-6f54bba3e54so12226106d6.0
 for <test-report@dpdk.org>; Thu, 08 May 2025 11:10:07 -0700 (PDT)
DKIM-Signature: v=1; a=rsa-sha256; c=relaxed/relaxed;
 d=iol.unh.edu; s=unh-iol; t=1746727806; x=1747332606; darn=dpdk.org;
 h=references:in-reply-to:cc:to:from:subject:message-id:date:from:to
 :cc:subject:date:message-id:reply-to;
 bh=xRdUemserwN+KDHT5IY0oNe9wkeI/+IrF+PBzxMfoRs=;
 b=EXYHVeQHJKnnTHwTk5JWg/126/cUehJ28iYB9PNlDCAhPckD1YpHK0iIhALzX1wFlj
 MctLZuqH7Xkf0liYTeLvR3YFesIWBbU6aBpFDvYeUp+xlswuPIoVLRL9OERa80IBLboM
 7Dqjy9QRb7k3ORQujONz7KGgsWBX4HlPZ0VxI=
X-Google-DKIM-Signature: v=1; a=rsa-sha256; c=relaxed/relaxed;
 d=1e100.net; s=20230601; t=1746727806; x=1747332606;
 h=references:in-reply-to:cc:to:from:subject:message-id:date
 :x-gm-message-state:from:to:cc:subject:date:message-id:reply-to;
 bh=xRdUemserwN+KDHT5IY0oNe9wkeI/+IrF+PBzxMfoRs=;
 b=TiBElc+0LR0gZDP+yBA0xlgqXEnrcSNfBzN6iuBsxOrcaZuaOk43kzHo6TqO0jYocn
 ipWnXChGElm5EfQ4GySaUbXN/VFNn1uqrd2+OEG9+j5+ljWwREwOsYlTfXXXSCRT1tDO
 aoHpwi9Ac/JIkuG0jQMKs7BQGcdeot6kKgqx9qFyMgDDsSImlc80c3Xod3CNohPttsiV
 qXmK8i6oEptDB8Lsq3FF9Hp69WuVjbQcE2kL7tfuvapNLc4aTFeJKGnWGi5gb9o876E6
 NMXH8AZEWwXW5ZPKesWSQER/Qi7R2dOwE/X7HCVOc0N/PWd2EZNc2RWSbmfzFm8AtR4d
 G/gA==
X-Gm-Message-State: AOJu0YxwWP93oUT0vy8OVPowTQ4U6ve7owCXSLFxhfmt2uERgyn41Lne
 TE6/JPylVaibVcRxREET6e/Rn5YY9/4eZgZkjXBxT2wOL1miZjfSw23qi+76JnF9SUDF3lKvpXU
 Q+5fJCsOjV7UF9a6+BXG+Wkn/d2WVEQHJ4UrfzlWU
X-Gm-Gg: ASbGncsYp1xsYeLPiPDBoTjMAO9z7Hf7DgwJJ6aDhzOs0bEiL0WQO5D72XydfgGb5ip
 6Cyeq+j6pQLYUrxMId9zTQfNi8HAFp3iKROJ+h2U9wTgQl4eONCPufwr1IIbbFD43mC4CbDMWQw
 9rw7jCL5Lt0gXnFpvU7fx5vIW1J6eHHZ2hJESprPgiGK1Jr5jkj1egGyro8TzeecPQ+CHcb89bD
 WwNNv4WNNhfBQYLo5dn+/QOAN2WcXHdrEw/GdvGIG8BhwTuRXI3WZ/xl5J6eV4/mLuv1NYvJ5dk
 2P4MvekKTXSnLmVaiKuU/4TZlDdqzL/kHB4IvFK08tRgetnvFt2x57TPQ2s=
X-Google-Smtp-Source: AGHT+IHHk1dDYv9/29utqlVLPWUCWeIMcEbLipHh6VwGC/PwjrNhtST46PP18Zvvu0R/AFTq2Izb/npqUSzA
X-Received: by 2002:a05:6214:4111:b0:6f5:1034:7be7 with SMTP id
 6a1803df08f44-6f6e4814da5mr3701286d6.37.1746727806648; 
 Thu, 08 May 2025 11:10:06 -0700 (PDT)
Received: from postal.iol.unh.edu (postal.iol.unh.edu. [132.177.123.84])
 by smtp-relay.gmail.com with ESMTPS id
 6a1803df08f44-6f6e3a54214sm230576d6.57.2025.05.08.11.10.06
 (version=TLS1_2 cipher=ECDHE-ECDSA-AES128-GCM-SHA256 bits=128/128);
 Thu, 08 May 2025 11:10:06 -0700 (PDT)
X-Relaying-Domain: iol.unh.edu
Date: Thu, 08 May 2025 11:10:06 -0700 (PDT)
Message-ID: <681cf37e.050a0220.d11c0.14b8SMTPIN_ADDED_MISSING@mx.google.com>
Received: from [172.17.0.3] (unknown [172.18.0.74])
 by postal.iol.unh.edu (Postfix) with ESMTP id 4B0926052471;
 Thu,  8 May 2025 14:10:06 -0400 (EDT)
Subject: |FAILURE| pw153359-153361 [PATCH] [v8,3/3] app/testpmd: add sleep co
From: dpdklab@iol.unh.edu
To: Test Report <test-report@dpdk.org>
Cc: dpdk-test-reports@iol.unh.edu, Anatoly Burakov <anatoly.burakov@intel.com>
In-Reply-To: <15755be6192657d1e75940284d09939e58aee5b9.1746710154.git.anatoly.burakov@intel.com>
References: <15755be6192657d1e75940284d09939e58aee5b9.1746710154.git.anatoly.burakov@intel.com>
Content-Type: text/plain
X-BeenThere: test-report@dpdk.org
X-Mailman-Version: 2.1.29
Precedence: list
List-Id: automatic DPDK test reports <test-report.dpdk.org>
List-Unsubscribe: <https://mails.dpdk.org/options/test-report>,
 <mailto:test-report-request@dpdk.org?subject=unsubscribe>
List-Archive: <http://mails.dpdk.org/archives/test-report/>
List-Post: <mailto:test-report@dpdk.org>
List-Help: <mailto:test-report-request@dpdk.org?subject=help>
List-Subscribe: <https://mails.dpdk.org/listinfo/test-report>,
 <mailto:test-report-request@dpdk.org?subject=subscribe>
Errors-To: test-report-bounces@dpdk.org

Test-Label: iol-unit-amd64-testing
Test-Status: FAILURE
http://dpdk.org/patch/153361

_Testing issues_

Submitter: Anatoly Burakov <anatoly.burakov@intel.com>
Date: Thursday, May 08 2025 13:16:03 
DPDK git baseline: Repo:dpdk
  Branch: master
  CommitID:75f179ebe347b6098cf3af26d3d3b7168fe3fe24

153359-153361 --> testing issues

Upstream job id: Generic-Unit-Test-DPDK#336610

Test environment and result as below:

+---------------------+----------------+
|     Environment     | dpdk_unit_test |
+=====================+================+
| CentOS Stream 9     | PASS           |
+---------------------+----------------+
| CentOS Stream 10    | FAIL           |
+---------------------+----------------+
| Debian 12           | PASS           |
+---------------------+----------------+
| Fedora 40           | FAIL           |
+---------------------+----------------+
| Fedora 40 (Clang)   | FAIL           |
+---------------------+----------------+
| Fedora 41           | FAIL           |
+---------------------+----------------+
| Fedora 41 (Clang)   | FAIL           |
+---------------------+----------------+
| RHEL8               | PASS           |
+---------------------+----------------+
| RHEL9               | PASS           |
+---------------------+----------------+
| Ubuntu 20.04        | PASS           |
+---------------------+----------------+
| Ubuntu 22.04        | PASS           |
+---------------------+----------------+
| Ubuntu 24.04        | FAIL           |
+---------------------+----------------+
| Windows Server 2022 | FAIL           |
+---------------------+----------------+

==== Unit test summary for Windows Server 2022 (dpdk_unit_test): ====
Failed to get the unit test results.
Displaying the unit test results is not supported for some environments,
such as our aarch32 testing, where meson is not used to run the tests.
Download the logs available on our CI site.
==== End log output ====

CentOS Stream 9
	Kernel: Depends on container host
	Compiler: gcc 11.5.0 20240719 (Red Hat 11.5.0-2)

CentOS Stream 10
	Kernel: Depends on container host
	Compiler: gcc 14.2.1 20241104 (Red Hat 14.2.1-6)

Debian 12
	Kernel: Depends on container host
	Compiler: gcc (Debian 12.2.0-14) 12.2.0

Fedora 40
	Kernel: Depends on container host
	Compiler: gcc 14.2.1 20240912 (Red Hat 14.2.1-3)

Fedora 40 (Clang)
	Kernel: Depends on container host
	Compiler: clang 18.1.8 (Fedora 18.1.8-1.fc40)

Fedora 41
	Kernel: Depends on container host
	Compiler: gcc 14.2.1 20240912 (Red Hat 14.2.1-3)

Fedora 41 (Clang)
	Kernel: Depends on container host
	Compiler: clang 19.1.5 (Fedora 19.1.5-1.fc41)

RHEL8
	Kernel: Depends on container host
	Compiler: gcc 8.5.0 20210514 (Red Hat 8.5.0-22)

RHEL9
	Kernel: Depends on container host
	Compiler: gcc 11.5.0 20240719 (Red Hat 11.5.0-2)

Ubuntu 20.04
	Kernel: Depends on container host
	Compiler: gcc (Ubuntu 9.4.0-1ubuntu1~20.04.2) 9.4.0

Ubuntu 22.04
	Kernel: Depends on container host
	Compiler: gcc (Ubuntu 11.4.0-1ubuntu1~22.04) 11.4.0

Ubuntu 24.04
	Kernel: Depends on container host
	Compiler: gcc (Ubuntu 13.3.0-6ubuntu2~24.04) 13.3.0

Windows Server 2022
	Kernel: 10.0.20348.2031
	Compiler: clang 15.0.7, gcc 14.1.0 (MinGW), and MSVC VS 19.39.33521

To view detailed results, visit:
https://lab.dpdk.org/results/dashboard/patchsets/33143/

UNH-IOL DPDK Community Lab

To manage your email subscriptions, visit: 
https://lab.dpdk.org/results/dashboard/preferences/subscriptions/