From mboxrd@z Thu Jan 1 00:00:00 1970 Return-Path: Received: from mails.dpdk.org (mails.dpdk.org [217.70.189.124]) by inbox.dpdk.org (Postfix) with ESMTP id 36F7F466F8 for ; Fri, 9 May 2025 07:30:31 +0200 (CEST) Received: from mails.dpdk.org (localhost [127.0.0.1]) by mails.dpdk.org (Postfix) with ESMTP id 32D3B4026C; Fri, 9 May 2025 07:30:31 +0200 (CEST) Received: from mail-il1-f225.google.com (mail-il1-f225.google.com [209.85.166.225]) by mails.dpdk.org (Postfix) with ESMTP id CD20B402E2 for ; Fri, 9 May 2025 07:30:26 +0200 (CEST) Received: by mail-il1-f225.google.com with SMTP id e9e14a558f8ab-3d91db4f0c3so9459795ab.3 for ; Thu, 08 May 2025 22:30:26 -0700 (PDT) DKIM-Signature: v=1; a=rsa-sha256; c=relaxed/relaxed; d=iol.unh.edu; s=unh-iol; t=1746768626; x=1747373426; darn=dpdk.org; h=cc:to:from:subject:message-id:date:from:to:cc:subject:date :message-id:reply-to; bh=n2UTltlrtQ0kWJaxBVNCU2a3fPpejNQDBRdmEWJfi0s=; b=jSoH/SK3lD3Kk8CgCYE7DRVp1LJI+eaEyvLJdEj8NZj3dhKbsrARKmXHXqSEwt261r VlHcWPsw3fE/CDxcBUYqnSDJ09lcOfZgJyaPG5EF6yVaK+aMAOI76UET7CmJedTf1iPp wuZU3vR55GP0Nwcnbsybdv2paih9EUFLcQFQ0= X-Google-DKIM-Signature: v=1; a=rsa-sha256; c=relaxed/relaxed; d=1e100.net; s=20230601; t=1746768626; x=1747373426; h=cc:to:from:subject:message-id:date:x-gm-message-state:from:to:cc :subject:date:message-id:reply-to; bh=n2UTltlrtQ0kWJaxBVNCU2a3fPpejNQDBRdmEWJfi0s=; b=iwfGdYhW59BrdkrHDVHYUZvP3yhkqNZs7EaQja353I2JiC34XLpEemoDGnSZOESdxt VrG0amqgdJY/Oz8z8e0SyLg5N6/ccGrnM7xEdWZ8t8CBvk5mXXjYGoys9ZSBODR1ecbs 0j8nQIDRZz+40uPGLpRhUteV6ODGOTAp1mDNPahyC8X8SxCZwt/cavvrv2fKYK4+kJE6 KutV6QeDAty65KQ80tPg3xcbPxIZ1zAWMoLNMuqv8SLx8jPIqoBg6Ppiiktx7jDeRAit KNEh8Us7TPapboQP3TrOcKh/IN6jH+aOTWYG4HqDVyOF54ueQmzJ3EUsfgLhybSTJzDq CMcw== X-Gm-Message-State: AOJu0YxRyRhsC1U7Bei0qdumffB2Kc5Z1dH7/M6ctlMQrBp4A7iGiU8H 4LYrpGD3+4FARoQWc3u/xSIYV8fF4V+k1Aq0FqP4UDbNlGLab5FV0/H9UYTF0+mUNIifFi8MGic a2Ly8bGzsUL0MqBDHKJk8zUhllhagSG8C6Qi66N9fQYDRZntO X-Gm-Gg: ASbGnctCYbNgb0VT1ZbAcRaFAB9kG9hYrcyocfVglQxFotCOtQlPPZOpptb0S0vGWkL nX9ilS1VfkbROoXgpqbe72EXoTemP9HbB5EDeD+whN/T0EKG/DurKDVfVXMNMsusGbzU7Ewf1kY m/45AytnmQImatSeLTNcvpODy20O5zOiDICIdb8XPa3tR9fO8liZlAfXh/2g78wm8wb+VBW1UEZ rSQdgKnQ6lVhfGmrCJ7wETGMZKqWlOkw7ywIUMhvMB5F0h9TFiHjHecgkoDiqaNsB8GoD9S2eN0 Y51Fwvv0ROjggtAjqkbC+Ye6ya+F6IMbwWOC X-Google-Smtp-Source: AGHT+IG3hvpaiTCYZ0JJeJQ0sLCOtE0JHj9GDEybOWhSaRoTFDN/h/O6Z+WWSTWkJO+eJRafrqAqxh6C0ONP X-Received: by 2002:a05:6e02:3982:b0:3d9:24d8:8d41 with SMTP id e9e14a558f8ab-3da7e20fa95mr26330295ab.16.1746768626159; Thu, 08 May 2025 22:30:26 -0700 (PDT) Received: from postal.iol.unh.edu (postal.iol.unh.edu. [2606:4100:3880:1234::84]) by smtp-relay.gmail.com with ESMTPS id e9e14a558f8ab-3da7e1637e8sm849845ab.65.2025.05.08.22.30.26 (version=TLS1_2 cipher=ECDHE-ECDSA-AES128-GCM-SHA256 bits=128/128); Thu, 08 May 2025 22:30:26 -0700 (PDT) X-Relaying-Domain: iol.unh.edu Date: Thu, 08 May 2025 22:30:26 -0700 (PDT) Message-ID: <681d92f2.050a0220.24f644.4a33SMTPIN_ADDED_MISSING@mx.google.com> Received: from [172.21.0.13] (unknown [172.18.0.240]) by postal.iol.unh.edu (Postfix) with ESMTP id A844C6052471; Fri, 9 May 2025 01:30:25 -0400 (EDT) Subject: |FAILURE| [GIT MASTER] 4401486b5e30d43a134f80f9802f60b5f43e74a8 From: dpdklab@iol.unh.edu To: Test Report Cc: dpdk-test-reports@iol.unh.edu, Xueming Li , Christian Ehrhardt , Kevin Traynor , Luca Boccassi Content-Type: text/plain X-BeenThere: test-report@dpdk.org X-Mailman-Version: 2.1.29 Precedence: list List-Id: automatic DPDK test reports List-Unsubscribe: , List-Archive: List-Post: List-Help: List-Subscribe: , Errors-To: test-report-bounces@dpdk.org _Testing issues_ Branch: tags/v22.11 4401486b5e30d43a134f80f9802f60b5f43e74a8 --> testing issues Upstream job id: Generic-VM-Unit-Test-DPDK#28424 Test environment and result as below: +---------------------+----------------+ | Environment | dpdk_unit_test | +=====================+================+ | Debian 12 | FAIL | +---------------------+----------------+ | CentOS Stream 10 | FAIL | +---------------------+----------------+ | Fedora 41 | FAIL | +---------------------+----------------+ | Fedora 40 | FAIL | +---------------------+----------------+ | CentOS Stream 9 | FAIL | +---------------------+----------------+ | Fedora 40 (Clang) | FAIL | +---------------------+----------------+ | Ubuntu 22.04 | FAIL | +---------------------+----------------+ | RHEL8 | FAIL | +---------------------+----------------+ | Fedora 41 (Clang) | PEND | +---------------------+----------------+ | RHEL9 | FAIL | +---------------------+----------------+ | Ubuntu 20.04 | PASS | +---------------------+----------------+ | Ubuntu 24.04 | FAIL | +---------------------+----------------+ | Windows Server 2022 | FAIL | +---------------------+----------------+ ==== Unit test summary for Windows Server 2022 (dpdk_unit_test): ==== Failed to get the unit test results. Displaying the unit test results is not supported for some environments, such as our aarch32 testing, where meson is not used to run the tests. Download the logs available on our CI site. ==== End log output ==== Debian 12 Kernel: Depends on container host Compiler: gcc (Debian 12.2.0-14) 12.2.0 CentOS Stream 10 Kernel: Depends on container host Compiler: gcc 14.2.1 20241104 (Red Hat 14.2.1-6) Fedora 41 Kernel: Depends on container host Compiler: gcc 14.2.1 20240912 (Red Hat 14.2.1-3) Fedora 40 Kernel: Depends on container host Compiler: gcc 14.2.1 20240912 (Red Hat 14.2.1-3) CentOS Stream 9 Kernel: Depends on container host Compiler: gcc 11.5.0 20240719 (Red Hat 11.5.0-2) Fedora 40 (Clang) Kernel: Depends on container host Compiler: clang 18.1.8 (Fedora 18.1.8-1.fc40) Ubuntu 22.04 Kernel: Depends on container host Compiler: gcc (Ubuntu 11.4.0-1ubuntu1~22.04) 11.4.0 RHEL8 Kernel: Depends on container host Compiler: gcc 8.5.0 20210514 (Red Hat 8.5.0-22) Fedora 41 (Clang) Kernel: Depends on container host Compiler: clang 19.1.5 (Fedora 19.1.5-1.fc41) RHEL9 Kernel: Depends on container host Compiler: gcc 11.5.0 20240719 (Red Hat 11.5.0-2) Ubuntu 20.04 Kernel: Depends on container host Compiler: gcc (Ubuntu 9.4.0-1ubuntu1~20.04.2) 9.4.0 Ubuntu 24.04 Kernel: Depends on container host Compiler: gcc (Ubuntu 13.3.0-6ubuntu2~24.04) 13.3.0 Windows Server 2022 Kernel: 10.0.20348.2031 Compiler: clang 15.0.7, gcc 14.1.0 (MinGW), and MSVC VS 19.39.33521 To view detailed results, visit: https://lab.dpdk.org/results/dashboard/tarballs/33484/ UNH-IOL DPDK Community Lab To manage your email subscriptions, visit: https://lab.dpdk.org/results/dashboard/preferences/subscriptions/