From mboxrd@z Thu Jan 1 00:00:00 1970 Return-Path: Received: from mails.dpdk.org (mails.dpdk.org [217.70.189.124]) by inbox.dpdk.org (Postfix) with ESMTP id 05A00466F8 for ; Fri, 9 May 2025 07:37:55 +0200 (CEST) Received: from mails.dpdk.org (localhost [127.0.0.1]) by mails.dpdk.org (Postfix) with ESMTP id 00C1D4026C; Fri, 9 May 2025 07:37:55 +0200 (CEST) Received: from mail-yw1-f227.google.com (mail-yw1-f227.google.com [209.85.128.227]) by mails.dpdk.org (Postfix) with ESMTP id C03474026B for ; Fri, 9 May 2025 07:37:53 +0200 (CEST) Received: by mail-yw1-f227.google.com with SMTP id 00721157ae682-70a15eda369so19022087b3.3 for ; Thu, 08 May 2025 22:37:53 -0700 (PDT) DKIM-Signature: v=1; a=rsa-sha256; c=relaxed/relaxed; d=iol.unh.edu; s=unh-iol; t=1746769073; x=1747373873; darn=dpdk.org; h=cc:to:from:subject:message-id:date:from:to:cc:subject:date :message-id:reply-to; bh=uCAcCpepWiH2qELWbR/wYc1jeTjVn28eD9g4hF9iYIA=; b=ZyxJDTMLPncf6DmWps8MYwXsOfstwRrxMpBKwy4G/PHeFHDFSTVcmHo/XF94EyrSW1 kj5c6o1tIG2YcsSXNKoODso1lv3h2MpJPwtXwfzwAKv612b25zxBhkijQriYhCvDR2gG hNrHa57gKmnNAiEWC3aFSCGAwJy60b7q1cNh8= X-Google-DKIM-Signature: v=1; a=rsa-sha256; c=relaxed/relaxed; d=1e100.net; s=20230601; t=1746769073; x=1747373873; h=cc:to:from:subject:message-id:date:x-gm-message-state:from:to:cc :subject:date:message-id:reply-to; bh=uCAcCpepWiH2qELWbR/wYc1jeTjVn28eD9g4hF9iYIA=; b=qC8UwCc0F2Lh+0cZjuNf9Z1V4VH4VW4CJj3Ewne0popCj+NR52TppE64RK1jkNE/R+ Sctfk5DrgtFc8nxWrt7596dJcF2acdRjy1aLQOfGR8yuLfWoqOCH4JeIPwhx2AxSLdH+ EzD2TAEloCJeq8OCn01AMfK9dnYSyjjxRSD++jx/YF9DuEkZP720q+ySdbJ89WyhPru8 X1FemZHQapLitMfVY4sPKp2acE58QRNmfCpX2BzvlF2AAXlebK/bYvGdx7zp2rB9uUaL Vle7nS3rRCRLFA1wGtOHBfZQGSQQR5KE8h9SyaVX+zd8HQKSdYJj6DbKowHJaCRST09o PTSw== X-Gm-Message-State: AOJu0YzTVHeFlLRnWgOpdT2BHI1egYuDeDpba5aKcAPiTuzZdwvT9Gu5 ZLBjgn4GI8NbDd+Jd6exjSYpyTf1Be7268Xg9uo5FBTMEOP5F1jU8tHzNpOHSBoOoBuWile2ff6 sFm5D6HRW8tPtvF1tAMxOpB8WOqYdttm30LW7B9CioapsRdgb X-Gm-Gg: ASbGncuqyhim/W+lqnRAptUb7m3xSEVjP8rbBKfvtSg/CV3u9CwTRUFMkozIKNRDldF rhUL2B3u19RKJ7ne4hHfvE3ek34vcZ0mxPXlSPwzwYKHoMdjjjo5aboKT92n2ysaRQ/VQ30jkyr MU2a05JJ8gqCHT02b/TFsQvoCbPwVnLwfXPl35pVGl3P57mzBhI+M0H6j0kM0yp/+8/S8/Wix7z 5cl79kUezjULZEWKIU3Jmv1CdgfIlL7iUg0cjLJKHg3nm6yg/SQXDggcZFqnRC5tCLPULp4j9N4 wTWVNjryaUyapZ5bUgKD0Ls15S+2XyV1Yvfo X-Google-Smtp-Source: AGHT+IGlYl2k2o0CxEzx+8OLYfEUxiJClRroCe2gOaJcun9ZorLukDxKboke9GsEdXbBV2tUbQxkDFGFUnJ9 X-Received: by 2002:a05:690c:6e01:b0:708:bb0e:5a06 with SMTP id 00721157ae682-70a3f862f36mr29588487b3.0.1746769073055; Thu, 08 May 2025 22:37:53 -0700 (PDT) Received: from postal.iol.unh.edu (postal.iol.unh.edu. [2606:4100:3880:1234::84]) by smtp-relay.gmail.com with ESMTPS id 00721157ae682-70a3d756d31sm576587b3.24.2025.05.08.22.37.52 (version=TLS1_2 cipher=ECDHE-ECDSA-AES128-GCM-SHA256 bits=128/128); Thu, 08 May 2025 22:37:53 -0700 (PDT) X-Relaying-Domain: iol.unh.edu Date: Thu, 08 May 2025 22:37:53 -0700 (PDT) Message-ID: <681d94b1.050a0220.b3cc5.361cSMTPIN_ADDED_MISSING@mx.google.com> Received: from [172.21.0.5] (unknown [172.18.0.240]) by postal.iol.unh.edu (Postfix) with ESMTP id B630F6052483; Fri, 9 May 2025 01:37:52 -0400 (EDT) Subject: |FAILURE| [GIT MASTER] 4401486b5e30d43a134f80f9802f60b5f43e74a8 From: dpdklab@iol.unh.edu To: Test Report Cc: dpdk-test-reports@iol.unh.edu, Xueming Li , Christian Ehrhardt , Kevin Traynor , Luca Boccassi Content-Type: text/plain X-BeenThere: test-report@dpdk.org X-Mailman-Version: 2.1.29 Precedence: list List-Id: automatic DPDK test reports List-Unsubscribe: , List-Archive: List-Post: List-Help: List-Subscribe: , Errors-To: test-report-bounces@dpdk.org _Testing issues_ Branch: tags/v22.11 4401486b5e30d43a134f80f9802f60b5f43e74a8 --> testing issues Upstream job id: Generic-Unit-Test-DPDK#336618 Test environment and result as below: +---------------------+----------------+ | Environment | dpdk_unit_test | +=====================+================+ | Debian 12 | FAIL | +---------------------+----------------+ | CentOS Stream 10 | FAIL | +---------------------+----------------+ | Fedora 41 | FAIL | +---------------------+----------------+ | Fedora 40 | FAIL | +---------------------+----------------+ | CentOS Stream 9 | FAIL | +---------------------+----------------+ | Fedora 40 (Clang) | FAIL | +---------------------+----------------+ | Ubuntu 22.04 | FAIL | +---------------------+----------------+ | RHEL8 | FAIL | +---------------------+----------------+ | Fedora 41 (Clang) | FAIL | +---------------------+----------------+ | RHEL9 | FAIL | +---------------------+----------------+ | Ubuntu 20.04 | PASS | +---------------------+----------------+ | Ubuntu 24.04 | FAIL | +---------------------+----------------+ | Windows Server 2022 | FAIL | +---------------------+----------------+ ==== Unit test summary for Windows Server 2022 (dpdk_unit_test): ==== Failed to get the unit test results. Displaying the unit test results is not supported for some environments, such as our aarch32 testing, where meson is not used to run the tests. Download the logs available on our CI site. ==== End log output ==== Debian 12 Kernel: Depends on container host Compiler: gcc (Debian 12.2.0-14) 12.2.0 CentOS Stream 10 Kernel: Depends on container host Compiler: gcc 14.2.1 20241104 (Red Hat 14.2.1-6) Fedora 41 Kernel: Depends on container host Compiler: gcc 14.2.1 20240912 (Red Hat 14.2.1-3) Fedora 40 Kernel: Depends on container host Compiler: gcc 14.2.1 20240912 (Red Hat 14.2.1-3) CentOS Stream 9 Kernel: Depends on container host Compiler: gcc 11.5.0 20240719 (Red Hat 11.5.0-2) Fedora 40 (Clang) Kernel: Depends on container host Compiler: clang 18.1.8 (Fedora 18.1.8-1.fc40) Ubuntu 22.04 Kernel: Depends on container host Compiler: gcc (Ubuntu 11.4.0-1ubuntu1~22.04) 11.4.0 RHEL8 Kernel: Depends on container host Compiler: gcc 8.5.0 20210514 (Red Hat 8.5.0-22) Fedora 41 (Clang) Kernel: Depends on container host Compiler: clang 19.1.5 (Fedora 19.1.5-1.fc41) RHEL9 Kernel: Depends on container host Compiler: gcc 11.5.0 20240719 (Red Hat 11.5.0-2) Ubuntu 20.04 Kernel: Depends on container host Compiler: gcc (Ubuntu 9.4.0-1ubuntu1~20.04.2) 9.4.0 Ubuntu 24.04 Kernel: Depends on container host Compiler: gcc (Ubuntu 13.3.0-6ubuntu2~24.04) 13.3.0 Windows Server 2022 Kernel: 10.0.20348.2031 Compiler: clang 15.0.7, gcc 14.1.0 (MinGW), and MSVC VS 19.39.33521 To view detailed results, visit: https://lab.dpdk.org/results/dashboard/tarballs/33484/ UNH-IOL DPDK Community Lab To manage your email subscriptions, visit: https://lab.dpdk.org/results/dashboard/preferences/subscriptions/