From mboxrd@z Thu Jan 1 00:00:00 1970 Return-Path: Received: from mails.dpdk.org (mails.dpdk.org [217.70.189.124]) by inbox.dpdk.org (Postfix) with ESMTP id 6CAF7466F8 for ; Fri, 9 May 2025 07:53:05 +0200 (CEST) Received: from mails.dpdk.org (localhost [127.0.0.1]) by mails.dpdk.org (Postfix) with ESMTP id 639664026C; Fri, 9 May 2025 07:53:05 +0200 (CEST) Received: from mail-oa1-f100.google.com (mail-oa1-f100.google.com [209.85.160.100]) by mails.dpdk.org (Postfix) with ESMTP id 90E3A4026B for ; Fri, 9 May 2025 07:53:04 +0200 (CEST) Received: by mail-oa1-f100.google.com with SMTP id 586e51a60fabf-2da73155e91so841515fac.0 for ; Thu, 08 May 2025 22:53:04 -0700 (PDT) DKIM-Signature: v=1; a=rsa-sha256; c=relaxed/relaxed; d=iol.unh.edu; s=unh-iol; t=1746769983; x=1747374783; darn=dpdk.org; h=cc:to:from:subject:message-id:date:from:to:cc:subject:date :message-id:reply-to; bh=fTGJNXTOqym/8B8ec8pA6iu3u2Nkc93v3KaTcUUttX0=; b=gAPOfuv+mJ1jQDauWgJQv8UONwaVvbfZvmUfBlgBrhBjT/Z/aRlJAtoHidTcvcAjux ay2G+6CxQ4otWnyGYbn/0aR+jD0dkNlyPVeRAw1XVV3cYR8/i8oqIzeYjwzchhXuzDXs fWTKlCOZwhktR7P2zV9Cq/H20YVrFWZ95ClK4= X-Google-DKIM-Signature: v=1; a=rsa-sha256; c=relaxed/relaxed; d=1e100.net; s=20230601; t=1746769983; x=1747374783; h=cc:to:from:subject:message-id:date:x-gm-message-state:from:to:cc :subject:date:message-id:reply-to; bh=fTGJNXTOqym/8B8ec8pA6iu3u2Nkc93v3KaTcUUttX0=; b=hPdDgvbFbBbqowP+eRtMJBG+kRSs7iNfaZMqiygKAFrY/42eWuWsBSiUjoJ2fypvg0 mdEAPY7aoSsqDyOaiFuefM+Plg6wPjEwvvCL/NvoFOBtga1X+pY0CYmmW/0Eb6a7rhPF NyQGkxvJc/csAnJ3JvB1Mx0kXSzhxkduiS1kYhau3iY9CdSDwyg8F7gSMza6DTCnGMw9 8r+6e1glEd1iyu7moIzBQVTaVjYaGxa9rhw+mOrxqNQhEp1BRZ/6bbzz62zVGLci+urL G7Xrm/6oO8T1AsuFR6CuboQ/F7vzsvC/clfhSz822wvGTjf8GN6FU0TtxTdRsOYKEJ3z wXCg== X-Gm-Message-State: AOJu0Yz4hf7lgTt3YL9GR8B4DuYMvAT7ApyXVobvqlWIHrAXkbbcNPU8 HOIdPndhrBuG6THnGUVDRKIz/2u74q2LFHD64RG8Fwp8ZTtlvKDutIbWdb5SoaCw6ipHPDyQByH +A50VSb81dwMCnJm8lNuY4ePHNv+2l3Kr X-Gm-Gg: ASbGncvZ+yGSQsRDUigXtS4lx1hoP3FKvu5DQIyWgfwX5fvStWUtAWE0Yy4XtSH/bTf EuZvNlV147vo8WOAQP8j2djI3rzuopV+nK0697WFNKqT3G0ITGb7llmxudtfkP/wmqvkJAgf7jx +QxusBJ6yaPYVKdFi4LPbp7FBusKy78nXkyVhA9syt9xTD/wQQkH94df/mAJp9T+6TcqbTr2FPX +yAbI8rJj2XZpSQrfHRIBhSlubvx3PFa1/Lz4j3boAjNuGv5b2zgSvQQbzf3xCxYQtwOYwRiTFF sXFEGQnZjRYx0RUzq/G1IwhwcJFYF7kY9V/g+9vo1y9v3tOVBt2VKS4cAyw= X-Google-Smtp-Source: AGHT+IEQq9hqrgonH266D6KPRYF+QDghVuprw4Qq8MzHIRz9ZWNDfqts1xB22XJhnkPxeNDewuk3934i4/sT X-Received: by 2002:a05:6871:c705:b0:2c2:d2b8:e1ab with SMTP id 586e51a60fabf-2dba434eb86mr1101236fac.18.1746769983594; Thu, 08 May 2025 22:53:03 -0700 (PDT) Received: from postal.iol.unh.edu (postal.iol.unh.edu. [132.177.123.84]) by smtp-relay.gmail.com with ESMTPS id 586e51a60fabf-2dba06ddc37sm63883fac.10.2025.05.08.22.53.03 (version=TLS1_2 cipher=ECDHE-ECDSA-AES128-GCM-SHA256 bits=128/128); Thu, 08 May 2025 22:53:03 -0700 (PDT) X-Relaying-Domain: iol.unh.edu Date: Thu, 08 May 2025 22:53:03 -0700 (PDT) Message-ID: <681d983f.050a0220.35f393.3815SMTPIN_ADDED_MISSING@mx.google.com> Received: from [172.21.0.6] (unknown [172.18.0.240]) by postal.iol.unh.edu (Postfix) with ESMTP id 0F3406052471; Fri, 9 May 2025 01:53:03 -0400 (EDT) Subject: |WARNING| [GIT MASTER] 4401486b5e30d43a134f80f9802f60b5f43e74a8 From: dpdklab@iol.unh.edu To: Test Report Cc: dpdk-test-reports@iol.unh.edu, Xueming Li , Christian Ehrhardt , Kevin Traynor , Luca Boccassi Content-Type: text/plain X-BeenThere: test-report@dpdk.org X-Mailman-Version: 2.1.29 Precedence: list List-Id: automatic DPDK test reports List-Unsubscribe: , List-Archive: List-Post: List-Help: List-Subscribe: , Errors-To: test-report-bounces@dpdk.org _Testing issues_ Branch: tags/v22.11 4401486b5e30d43a134f80f9802f60b5f43e74a8 --> testing issues Upstream job id: Generic-Unit-Test-DPDK#336624 Test environment and result as below: +-----------------------------+--------------+------------------------------+---------------------------+----------------+ | Environment | lpm_autotest | cryptodev_sw_snow3g_autotest | cryptodev_sw_zuc_autotest | dpdk_unit_test | +=============================+==============+==============================+===========================+================+ | Ubuntu 20.04 ARM SVE | FAIL | SKIPPED | SKIPPED | SKIPPED | +-----------------------------+--------------+------------------------------+---------------------------+----------------+ | Debian 12 (arm) | SKIPPED | PASS | PASS | SKIPPED | +-----------------------------+--------------+------------------------------+---------------------------+----------------+ | 32-bit Ubuntu 22.04.4 (ARM) | SKIPPED | SKIPPED | SKIPPED | PASS | +-----------------------------+--------------+------------------------------+---------------------------+----------------+ ==== 20 line log output for Ubuntu 20.04 ARM SVE (lpm_autotest): ==== [671/690] Compiling C object 'app/test/3062f5d@@dpdk-test@exe/test_threads.c.o'. [672/690] Compiling C object 'app/test/3062f5d@@dpdk-test@exe/test_thash_perf.c.o'. [673/690] Compiling C object 'app/test/3062f5d@@dpdk-test@exe/test_thash.c.o'. [674/690] Compiling C object 'app/test/3062f5d@@dpdk-test@exe/test_timer.c.o'. [675/690] Compiling C object 'app/test/3062f5d@@dpdk-test@exe/test_timer_perf.c.o'. [676/690] Compiling C object 'app/test/3062f5d@@dpdk-test@exe/test_timer_racecond.c.o'. [677/690] Compiling C object 'app/test/3062f5d@@dpdk-test@exe/test_timer_secondary.c.o'. [678/690] Compiling C object 'app/test/3062f5d@@dpdk-test@exe/test_ticketlock.c.o'. [679/690] Compiling C object 'app/test/3062f5d@@dpdk-test@exe/test_trace_register.c.o'. [680/690] Compiling C object 'app/test/3062f5d@@dpdk-test@exe/test_trace.c.o'. [681/690] Compiling C object 'app/test/3062f5d@@dpdk-test@exe/test_version.c.o'. [682/690] Compiling C object 'app/test/3062f5d@@dpdk-test@exe/test_ring.c.o'. [683/690] Compiling C object 'app/test/3062f5d@@dpdk-test@exe/test_telemetry_data.c.o'. [684/690] Compiling C object 'app/test/3062f5d@@dpdk-test@exe/test_telemetry_json.c.o'. [685/690] Compiling C object 'app/test/3062f5d@@dpdk-test@exe/test_pcapng.c.o'. [686/690] Compiling C object 'app/test/3062f5d@@dpdk-test@exe/test_bpf.c.o'. [687/690] Compiling C object 'app/test/3062f5d@@dpdk-test@exe/virtual_pmd.c.o'. [688/690] Compiling C object 'app/test/3062f5d@@dpdk-test@exe/test_compressdev.c.o'. [689/690] Compiling C object 'app/test/3062f5d@@dpdk-test@exe/test_trace_perf.c.o'. [690/690] Linking target app/test/dpdk-test. ==== End log output ==== Ubuntu 20.04 ARM SVE Kernel: Depends on container host Compiler: gcc (Ubuntu 10.5.0-1ubuntu1~20.04) 10.5.0 Debian 12 (arm) Kernel: Depends on container host Compiler: gcc (Debian 12.2.0-14) 12.2.0 32-bit Ubuntu 22.04.4 (ARM) Kernel: 5.15.83+ aarch64 Compiler: gcc (Ubuntu 11.4.0-1ubuntu1~22.04) 11.4.0 To view detailed results, visit: https://lab.dpdk.org/results/dashboard/tarballs/33484/ UNH-IOL DPDK Community Lab To manage your email subscriptions, visit: https://lab.dpdk.org/results/dashboard/preferences/subscriptions/