From mboxrd@z Thu Jan 1 00:00:00 1970 Return-Path: Received: from mails.dpdk.org (mails.dpdk.org [217.70.189.124]) by inbox.dpdk.org (Postfix) with ESMTP id 9C355466F8 for ; Fri, 9 May 2025 07:54:29 +0200 (CEST) Received: from mails.dpdk.org (localhost [127.0.0.1]) by mails.dpdk.org (Postfix) with ESMTP id 97F9D4026C; Fri, 9 May 2025 07:54:29 +0200 (CEST) Received: from mail-yw1-f225.google.com (mail-yw1-f225.google.com [209.85.128.225]) by mails.dpdk.org (Postfix) with ESMTP id 298774026B for ; Fri, 9 May 2025 07:54:29 +0200 (CEST) Received: by mail-yw1-f225.google.com with SMTP id 00721157ae682-708b3cc144cso18222527b3.2 for ; Thu, 08 May 2025 22:54:29 -0700 (PDT) DKIM-Signature: v=1; a=rsa-sha256; c=relaxed/relaxed; d=iol.unh.edu; s=unh-iol; t=1746770068; x=1747374868; darn=dpdk.org; h=cc:to:from:subject:message-id:date:from:to:cc:subject:date :message-id:reply-to; bh=zb5r4fmaz1gJZpKvSVpinp/+HD+i2ahVr3J8ewJ3urA=; b=G9mV57LlSlOZcSsIOxkhqc9aUIVsI5UamM1gRF/0MlZakTfeh6CdBk6EJB7MYeo6PF U7laVileFSFSQoqXGu2vq3ay1gQjVWl5hg18l4tRunDe3FUy0hZsFLkG4AzWV5BZ9Gbq zy8VKSJkRzKbJ834Otut70l6G7sNkQ7hNkxJE= X-Google-DKIM-Signature: v=1; a=rsa-sha256; c=relaxed/relaxed; d=1e100.net; s=20230601; t=1746770068; x=1747374868; h=cc:to:from:subject:message-id:date:x-gm-message-state:from:to:cc :subject:date:message-id:reply-to; bh=zb5r4fmaz1gJZpKvSVpinp/+HD+i2ahVr3J8ewJ3urA=; b=nIXi0oTz6YKWcXO/b7KQz+RZK23bZOILDoY6GAFzRTwUSUf5+5453bi5df2ptU8BzR 45bNhebslKqapo+lxt7gYGHsRE8BGUjeu1Fjkbgz46JJ2pqt3khgHQEa7zqTnmDuM017 okI93O8dpQ1FzmH4DBCvsXFJeqvZJ8Zrn2p/Zmk4+/uhahSJHooByubY6Dlog+f7Bxok 08EnZMHfRH0rW0ceEC+9n3YgxbMRNYKAxGMh8bWzBnllyByJv9s5Ytv8q31ewW+0uz5M HL7VuRTUcvsSc4KxV4I3xhBg1yCnP83W2ts5se3w16AH/7/JdtgmQcVvmIKyMVMFFRLO yt5w== X-Gm-Message-State: AOJu0YzbZ1ZF9gLEeeXii0mkKF6SK1EgSMI38yFl2WtUA7eBf3QNT4Ai n6A54Rcoox6KkV5Ht8nH3912l+1w4PAr1sdapvxiXnCBXyVG6WtORCJm+QCOUaYPV3yXbzI0eMm avco5/cfZ70JecGsx+k2D8AXhY9LWjY+I X-Gm-Gg: ASbGnct3KGDAMXMKkaaUmuUS5w8DNrkyHVX41TJ7eelHTv02RkUHbonTQ51vhw8y6RP jXFgUx1oVQ7zT1JKrSuRD0BgzTa9S56l1m0GvdcSCucp53kDAC0TzibfDIPi3PiXuP3SWfr4ekr BYwytNnfHbnwXq1PHrHjnweew1jzxQuSwvjl5aGTNodreQRlAyJL4/42jaVMcdcaciskQ7Fk2n0 18ORN0i0yx+3zeG1wuGrOuah2YuruhIgQhkX4v3GxktOIqB17zXk9KuY0419gZRHTpp3RDovtJm RWufjvp+rZk736ExRmOUeroIJkVVRULN2Abe6yCgsaXJtmFt703PrkWv8bw= X-Google-Smtp-Source: AGHT+IEixpUMcqAUtQMkqZHM3RLVH0EPV2EvXc1+Turp26W4VuB3FrFFJyrIUxw63Ik4tcy/Eps3LidKoc1j X-Received: by 2002:a05:690c:6d01:b0:706:e7c5:409 with SMTP id 00721157ae682-70a3fa1c696mr32485977b3.15.1746770068538; Thu, 08 May 2025 22:54:28 -0700 (PDT) Received: from postal.iol.unh.edu (postal.iol.unh.edu. [132.177.123.84]) by smtp-relay.gmail.com with ESMTPS id 00721157ae682-70a3d73008esm1036897b3.7.2025.05.08.22.54.28 (version=TLS1_2 cipher=ECDHE-ECDSA-AES128-GCM-SHA256 bits=128/128); Thu, 08 May 2025 22:54:28 -0700 (PDT) X-Relaying-Domain: iol.unh.edu Date: Thu, 08 May 2025 22:54:28 -0700 (PDT) Message-ID: <681d9894.0d0a0220.4c0ed.5f7cSMTPIN_ADDED_MISSING@mx.google.com> Received: from [172.21.0.6] (unknown [172.18.0.240]) by postal.iol.unh.edu (Postfix) with ESMTP id 281B16052471; Fri, 9 May 2025 01:54:28 -0400 (EDT) Subject: |FAILURE| [GIT MASTER] 4401486b5e30d43a134f80f9802f60b5f43e74a8 From: dpdklab@iol.unh.edu To: Test Report Cc: dpdk-test-reports@iol.unh.edu, Xueming Li , Christian Ehrhardt , Kevin Traynor , Luca Boccassi Content-Type: text/plain X-BeenThere: test-report@dpdk.org X-Mailman-Version: 2.1.29 Precedence: list List-Id: automatic DPDK test reports List-Unsubscribe: , List-Archive: List-Post: List-Help: List-Subscribe: , Errors-To: test-report-bounces@dpdk.org _Testing issues_ Branch: tags/v22.11 4401486b5e30d43a134f80f9802f60b5f43e74a8 --> testing issues Upstream job id: Generic-Unit-Test-DPDK#336621 Test environment and result as below: +---------------------+----------------+ | Environment | dpdk_unit_test | +=====================+================+ | Debian 12 | FAIL | +---------------------+----------------+ | CentOS Stream 10 | FAIL | +---------------------+----------------+ | Fedora 41 | FAIL | +---------------------+----------------+ | Fedora 40 | FAIL | +---------------------+----------------+ | CentOS Stream 9 | FAIL | +---------------------+----------------+ | Fedora 40 (Clang) | FAIL | +---------------------+----------------+ | Ubuntu 22.04 | FAIL | +---------------------+----------------+ | RHEL8 | FAIL | +---------------------+----------------+ | Fedora 41 (Clang) | FAIL | +---------------------+----------------+ | RHEL9 | FAIL | +---------------------+----------------+ | Ubuntu 20.04 | PASS | +---------------------+----------------+ | Ubuntu 24.04 | FAIL | +---------------------+----------------+ | Windows Server 2022 | FAIL | +---------------------+----------------+ ==== Unit test summary for Windows Server 2022 (dpdk_unit_test): ==== Failed to get the unit test results. Displaying the unit test results is not supported for some environments, such as our aarch32 testing, where meson is not used to run the tests. Download the logs available on our CI site. ==== End log output ==== Debian 12 Kernel: Depends on container host Compiler: gcc (Debian 12.2.0-14) 12.2.0 CentOS Stream 10 Kernel: Depends on container host Compiler: gcc 14.2.1 20241104 (Red Hat 14.2.1-6) Fedora 41 Kernel: Depends on container host Compiler: gcc 14.2.1 20240912 (Red Hat 14.2.1-3) Fedora 40 Kernel: Depends on container host Compiler: gcc 14.2.1 20240912 (Red Hat 14.2.1-3) CentOS Stream 9 Kernel: Depends on container host Compiler: gcc 11.5.0 20240719 (Red Hat 11.5.0-2) Fedora 40 (Clang) Kernel: Depends on container host Compiler: clang 18.1.8 (Fedora 18.1.8-1.fc40) Ubuntu 22.04 Kernel: Depends on container host Compiler: gcc (Ubuntu 11.4.0-1ubuntu1~22.04) 11.4.0 RHEL8 Kernel: Depends on container host Compiler: gcc 8.5.0 20210514 (Red Hat 8.5.0-22) Fedora 41 (Clang) Kernel: Depends on container host Compiler: clang 19.1.5 (Fedora 19.1.5-1.fc41) RHEL9 Kernel: Depends on container host Compiler: gcc 11.5.0 20240719 (Red Hat 11.5.0-2) Ubuntu 20.04 Kernel: Depends on container host Compiler: gcc (Ubuntu 9.4.0-1ubuntu1~20.04.2) 9.4.0 Ubuntu 24.04 Kernel: Depends on container host Compiler: gcc (Ubuntu 13.3.0-6ubuntu2~24.04) 13.3.0 Windows Server 2022 Kernel: 10.0.20348.2031 Compiler: clang 15.0.7, gcc 14.1.0 (MinGW), and MSVC VS 19.39.33521 To view detailed results, visit: https://lab.dpdk.org/results/dashboard/tarballs/33484/ UNH-IOL DPDK Community Lab To manage your email subscriptions, visit: https://lab.dpdk.org/results/dashboard/preferences/subscriptions/