From mboxrd@z Thu Jan 1 00:00:00 1970 Return-Path: Received: from mails.dpdk.org (mails.dpdk.org [217.70.189.124]) by inbox.dpdk.org (Postfix) with ESMTP id 62B0B466FC for ; Fri, 9 May 2025 08:33:34 +0200 (CEST) Received: from mails.dpdk.org (localhost [127.0.0.1]) by mails.dpdk.org (Postfix) with ESMTP id 5D1384026C; Fri, 9 May 2025 08:33:34 +0200 (CEST) Received: from mail-il1-f228.google.com (mail-il1-f228.google.com [209.85.166.228]) by mails.dpdk.org (Postfix) with ESMTP id 491554026B for ; Fri, 9 May 2025 08:33:33 +0200 (CEST) Received: by mail-il1-f228.google.com with SMTP id e9e14a558f8ab-3d8020ba858so19285755ab.0 for ; Thu, 08 May 2025 23:33:33 -0700 (PDT) DKIM-Signature: v=1; a=rsa-sha256; c=relaxed/relaxed; d=iol.unh.edu; s=unh-iol; t=1746772412; x=1747377212; darn=dpdk.org; h=cc:to:from:subject:message-id:date:from:to:cc:subject:date :message-id:reply-to; bh=IJ1tnxM8HX3XBtasGDfr5Qcg/eb6JIxgV6jYZx7qciQ=; b=cK/eYl+MpdljlsH1YxIBq6k9ietBHfEHGgm+Jp9scjNl0hh9MXXGBj718XFJb4Lg5i sGpVv3ZqnRzDVNDhC7Tvf2auLOnrbRFWKGuScKgnccMvvqqeAuDbln20TI/6VmVISSYV XWxRPeMyx22l+z22EvKkhnOO4Z3ZB/BvpHgik= X-Google-DKIM-Signature: v=1; a=rsa-sha256; c=relaxed/relaxed; d=1e100.net; s=20230601; t=1746772412; x=1747377212; h=cc:to:from:subject:message-id:date:x-gm-message-state:from:to:cc :subject:date:message-id:reply-to; bh=IJ1tnxM8HX3XBtasGDfr5Qcg/eb6JIxgV6jYZx7qciQ=; b=RTzOa0onqjoy6VnyDcrpPgo6+LBNZ0V94rIGSgLt7qLPbbMkaWOrvfKoIWOHT3jpUY bhsFcl0elN6zVoISl8LR8blazBO+aeym1/DB/CHSW43QNkicKjwrzXORM0SYl/7OvXtM nmaesNs04bay8PobHnRU5Cbe3fyqgBm3HQxtCQDKBCEuGe7Zbmh6z5T8G1AKpGyZIHXi UbbEXFzYGkgT2SReitC5IEFQiaoVfApmMm0cllgBj6yiL5ImYyXXKsEni1S/c26PylIK 2yuTddcNWVWLCKuCJPc41VRTk88GTkK2O6yznQU++Wnh2ZURLy6nbSyD0w4QXYsIG46x ua6A== X-Gm-Message-State: AOJu0YxQQV3Aexn0R8ZPpjFCs2rijz3Y7Zswv6vYY0bejkpa3lfIUUHZ fArhKwJQEFldtZnSI2ehBC3fXyKM1RZUvS1qNpCN2zphPQaGs1zpd+Ety8drt2DGi9tWs6qMSDF wr0Jx3akkOfNT8OnuDbtS52/Hg4D2HXHfIvyWS4Ra6bYjlXJA X-Gm-Gg: ASbGncsbSYdIdaaP0v9SUTdj1CAUwORRCNfd9WgzPVc7B8/WJA7AGFqc29p8d0+JkLy eZNfhOPZGnmB69CbLpNZTgywfWD/WuAmpz78JB8mD70H+LKeGj6SjQKfM+jDto8PKp9XLqZjohC //ssnOdNwLlM/a23ougU3jfVrVzl0ZdgxW34HwEElO4VyWPCimnD3S+yoAJYPMkpPkOogoGRZ17 mY6EfXQGedjn5J0jFj2+wnYgU9/jizmOePaPgRoHpZsByCRpVuNpi2uLDZoBYPzQ0Wzd9VbqUQA 0+enDSTaJZUSC2XopKy2XdbGO7wZ1BrkgzWn X-Google-Smtp-Source: AGHT+IEEfDTjsIRoa0ZPUOniu8nQXqZfu9x+0o/DJJLdzY9oDX05Obv9tjUMW4TxPGD4WuldEoSozWrB0Dry X-Received: by 2002:a05:6e02:1529:b0:3d8:21ae:d9c with SMTP id e9e14a558f8ab-3da7e1dcf43mr27864005ab.5.1746772402529; Thu, 08 May 2025 23:33:22 -0700 (PDT) Received: from postal.iol.unh.edu (postal.iol.unh.edu. [2606:4100:3880:1234::84]) by smtp-relay.gmail.com with ESMTPS id e9e14a558f8ab-3da7e11486esm926155ab.36.2025.05.08.23.33.22 (version=TLS1_2 cipher=ECDHE-ECDSA-AES128-GCM-SHA256 bits=128/128); Thu, 08 May 2025 23:33:22 -0700 (PDT) X-Relaying-Domain: iol.unh.edu Date: Thu, 08 May 2025 23:33:22 -0700 (PDT) Message-ID: <681da1b2.050a0220.e2a5c.57cdSMTPIN_ADDED_MISSING@mx.google.com> Received: from [172.21.0.5] (unknown [172.18.0.240]) by postal.iol.unh.edu (Postfix) with ESMTP id DE34D6052471; Fri, 9 May 2025 02:33:21 -0400 (EDT) Subject: |WARNING| [GIT MASTER] 4401486b5e30d43a134f80f9802f60b5f43e74a8 From: dpdklab@iol.unh.edu To: Test Report Cc: dpdk-test-reports@iol.unh.edu, Xueming Li , Christian Ehrhardt , Kevin Traynor , Luca Boccassi Content-Type: text/plain X-BeenThere: test-report@dpdk.org X-Mailman-Version: 2.1.29 Precedence: list List-Id: automatic DPDK test reports List-Unsubscribe: , List-Archive: List-Post: List-Help: List-Subscribe: , Errors-To: test-report-bounces@dpdk.org _Testing issues_ Branch: tags/v22.11 4401486b5e30d43a134f80f9802f60b5f43e74a8 --> testing issues Upstream job id: Generic-DPDK-Compile-ABI#125837 Test environment and result as below: +-------------------+----------+ | Environment | abi_test | +===================+==========+ | CentOS Stream 9 | FAIL | +-------------------+----------+ | CentOS Stream 10 | PASS | +-------------------+----------+ | Debian 12 | FAIL | +-------------------+----------+ | Fedora 41 | PASS | +-------------------+----------+ | Fedora 40 (Clang) | FAIL | +-------------------+----------+ | Fedora 40 | PASS | +-------------------+----------+ | Fedora 41 (Clang) | PASS | +-------------------+----------+ | openSUSE Leap 15 | FAIL | +-------------------+----------+ | RHEL8 | FAIL | +-------------------+----------+ | RHEL9 | PASS | +-------------------+----------+ | Ubuntu 22.04 | PASS | +-------------------+----------+ | Ubuntu 24.04 | PASS | +-------------------+----------+ ==== 20 line log output for RHEL8 (abi_test): ==== './librte_regex_mlx5.so.23' -> 'dpdk/pmds-23.0/librte_regex_mlx5.so.23' './librte_regex_mlx5.so.23.0' -> 'dpdk/pmds-23.0/librte_regex_mlx5.so.23.0' './librte_vdpa_ifc.so' -> 'dpdk/pmds-23.0/librte_vdpa_ifc.so' './librte_vdpa_ifc.so.23' -> 'dpdk/pmds-23.0/librte_vdpa_ifc.so.23' './librte_vdpa_ifc.so.23.0' -> 'dpdk/pmds-23.0/librte_vdpa_ifc.so.23.0' './librte_vdpa_mlx5.so' -> 'dpdk/pmds-23.0/librte_vdpa_mlx5.so' './librte_vdpa_mlx5.so.23' -> 'dpdk/pmds-23.0/librte_vdpa_mlx5.so.23' './librte_vdpa_mlx5.so.23.0' -> 'dpdk/pmds-23.0/librte_vdpa_mlx5.so.23.0' './librte_vdpa_sfc.so' -> 'dpdk/pmds-23.0/librte_vdpa_sfc.so' './librte_vdpa_sfc.so.23' -> 'dpdk/pmds-23.0/librte_vdpa_sfc.so.23' './librte_vdpa_sfc.so.23.0' -> 'dpdk/pmds-23.0/librte_vdpa_sfc.so.23.0' Installing /root/workspace/Generic-DPDK-Compile-ABI@3/dpdk/usertools/dpdk-telemetry.py to /root/workspace/Generic-DPDK-Compile-ABI@3/build_install/usr/local/bin Installing /root/workspace/Generic-DPDK-Compile-ABI@3/dpdk/usertools/dpdk-hugepages.py to /root/workspace/Generic-DPDK-Compile-ABI@3/build_install/usr/local/bin Installing /root/workspace/Generic-DPDK-Compile-ABI@3/dpdk/build/rte_build_config.h to /root/workspace/Generic-DPDK-Compile-ABI@3/build_install/usr/local/include Installing /root/workspace/Generic-DPDK-Compile-ABI@3/dpdk/build/meson-private/libdpdk-libs.pc to /root/workspace/Generic-DPDK-Compile-ABI@3/build_install/usr/local/lib64/pkgconfig Installing /root/workspace/Generic-DPDK-Compile-ABI@3/dpdk/build/meson-private/libdpdk.pc to /root/workspace/Generic-DPDK-Compile-ABI@3/build_install/usr/local/lib64/pkgconfig Running custom install script '/bin/sh /root/workspace/Generic-DPDK-Compile-ABI@3/dpdk/config/../buildtools/symlink-drivers-solibs.sh lib64 dpdk/pmds-23.0' ==== Compiled DPDK with debugoptimized bash: /scripts/generate_abi.sh: No such file or directory ==== End log output ==== CentOS Stream 9 Kernel: Depends on container host Compiler: gcc 11.5.0 20240719 (Red Hat 11.5.0-2) CentOS Stream 10 Kernel: Depends on container host Compiler: gcc 14.2.1 20241104 (Red Hat 14.2.1-6) Debian 12 Kernel: Depends on container host Compiler: gcc (Debian 12.2.0-14) 12.2.0 Fedora 41 Kernel: Depends on container host Compiler: gcc 14.2.1 20240912 (Red Hat 14.2.1-3) Fedora 40 (Clang) Kernel: Depends on container host Compiler: clang 18.1.8 (Fedora 18.1.8-1.fc40) Fedora 40 Kernel: Depends on container host Compiler: gcc 14.2.1 20240912 (Red Hat 14.2.1-3) Fedora 41 (Clang) Kernel: Depends on container host Compiler: clang 19.1.5 (Fedora 19.1.5-1.fc41) openSUSE Leap 15 Kernel: Depends on container host Compiler: gcc (SUSE Linux) 7.5.0 RHEL8 Kernel: Depends on container host Compiler: gcc 8.5.0 20210514 (Red Hat 8.5.0-22) RHEL9 Kernel: Depends on container host Compiler: gcc 11.5.0 20240719 (Red Hat 11.5.0-2) Ubuntu 22.04 Kernel: Depends on container host Compiler: gcc (Ubuntu 11.4.0-1ubuntu1~22.04) 11.4.0 Ubuntu 24.04 Kernel: Depends on container host Compiler: gcc (Ubuntu 13.3.0-6ubuntu2~24.04) 13.3.0 To view detailed results, visit: https://lab.dpdk.org/results/dashboard/tarballs/33484/ UNH-IOL DPDK Community Lab To manage your email subscriptions, visit: https://lab.dpdk.org/results/dashboard/preferences/subscriptions/