From mboxrd@z Thu Jan 1 00:00:00 1970 Return-Path: Received: from mails.dpdk.org (mails.dpdk.org [217.70.189.124]) by inbox.dpdk.org (Postfix) with ESMTP id C212B466FC for ; Fri, 9 May 2025 09:08:50 +0200 (CEST) Received: from mails.dpdk.org (localhost [127.0.0.1]) by mails.dpdk.org (Postfix) with ESMTP id 9EB1A4026C; Fri, 9 May 2025 09:08:50 +0200 (CEST) Received: from mail-oa1-f97.google.com (mail-oa1-f97.google.com [209.85.160.97]) by mails.dpdk.org (Postfix) with ESMTP id CEB984026B for ; Fri, 9 May 2025 09:08:49 +0200 (CEST) Received: by mail-oa1-f97.google.com with SMTP id 586e51a60fabf-2db78ef7f69so1294320fac.1 for ; Fri, 09 May 2025 00:08:49 -0700 (PDT) DKIM-Signature: v=1; a=rsa-sha256; c=relaxed/relaxed; d=iol.unh.edu; s=unh-iol; t=1746774529; x=1747379329; darn=dpdk.org; h=cc:to:from:subject:message-id:date:from:to:cc:subject:date :message-id:reply-to; bh=1z+6RtUpTEjpXw8QZeTA8HpavQ370Fofe27AmBtcHR4=; b=eqM5t/D17GOGUCsUykIQsUhpPw/qixn8xCSWhKyjLGAJ2MAWRtqXUSrFuvz5hlCrJZ sXZhY8jmkwt5tv7k9FuNiW48/cT7R0pRY0LmxQnEmyA0i/N6hjI8KYXqn41jdITdzfaR YVZIo4zAELrdqj8LtUGpS6/c/pCAEjBESgtPY= X-Google-DKIM-Signature: v=1; a=rsa-sha256; c=relaxed/relaxed; d=1e100.net; s=20230601; t=1746774529; x=1747379329; h=cc:to:from:subject:message-id:date:x-gm-message-state:from:to:cc :subject:date:message-id:reply-to; bh=1z+6RtUpTEjpXw8QZeTA8HpavQ370Fofe27AmBtcHR4=; b=ddgW472G9JetsBUp05LujzXscZqoDEWaM9JRUl3k4ViiSM4DuAESBp+C00q8KS60Du mEgziH788uyy2MkCgMvUpTGSSDPVGgaF04QNmm815LUzGC466WcCYKOAQOg3ZkLGp5l+ C2GuZ3czfp1+wBQ/0kZ7e+lUPXyYtGWjEFIpZhxxBm2Ds0/0DxFUPfkE7AtGcKBHs0aK 6UUNpyvjedhFEpjiUvJypaOxvhpt5eBvZ4e2Mq8gOwVC8y9bpfjCAZMPUBt8STvCrsOq d6xv1EGHk/MINVZ5DbCBqOiQRCg44bhSYIJrrD1i3JrUJjmxDYNfNOqexafe2+ClPt8w eMUg== X-Gm-Message-State: AOJu0Ywx8sBPvItcrCwKrJ+WvlGKIJPCNZNnH5l/TCkxtnScxZcNOhY2 5Kyd7PGaA//99vSHda6U6WrxwCo9WxoRqssba+2xZtaYAnTfjmgQzWCLpRElRDP7zTaEs9PwTKH P0JEWVYOz9uJdd+aNsCMtW7N5uOuMukftMp/Uuhco37cxWBk8 X-Gm-Gg: ASbGncsipBzXM2hppBxDd1ZR2RLjhGHUn75u3nwuCQFKtqUEGmZhuqOkDr+tvUxlgI6 yROLwylOA62l9qiY3emuXfSF/Q4NoUqLoOkaSgFhLQraVlXQNHZ2S3mQABIvoWw+2LNZY1/leQh UG2HAcutZVdYRSrzc8LR7C/9MgMUSkcTt5uzA0UWwxlj1cmJFTibViEeDwLBIvcxZZUlgC17LqW yGE04DBxSRSIZn80vVWFzmPueROLf01+I/wTYHgX2oSO/wbdjNaMTOO+1tgxU5VcHNdfY0d9zvN GLci5yez5WEpNIrNmRM4tKID0kmbnf2fJnJB X-Google-Smtp-Source: AGHT+IFzXN6HfAL6yYrhC712ivpvmRB/pV+jbPa1sj36yWKBY1M2YO4Ri52lE/3R7dTHvvu268EuKEMypKF9 X-Received: by 2002:a05:622a:5c1b:b0:477:1161:2361 with SMTP id d75a77b69052e-494527363c0mr39490561cf.16.1746774518013; Fri, 09 May 2025 00:08:38 -0700 (PDT) Received: from postal.iol.unh.edu (postal.iol.unh.edu. [2606:4100:3880:1234::84]) by smtp-relay.gmail.com with ESMTPS id d75a77b69052e-49452468f43sm427881cf.10.2025.05.09.00.08.37 (version=TLS1_2 cipher=ECDHE-ECDSA-AES128-GCM-SHA256 bits=128/128); Fri, 09 May 2025 00:08:37 -0700 (PDT) X-Relaying-Domain: iol.unh.edu Date: Fri, 09 May 2025 00:08:37 -0700 (PDT) Message-ID: <681da9f5.050a0220.25576f.26ceSMTPIN_ADDED_MISSING@mx.google.com> Received: from [172.21.0.5] (unknown [172.18.0.240]) by postal.iol.unh.edu (Postfix) with ESMTP id 6A46E6052471; Fri, 9 May 2025 03:08:37 -0400 (EDT) Subject: |WARNING| [GIT MASTER] 4401486b5e30d43a134f80f9802f60b5f43e74a8 From: dpdklab@iol.unh.edu To: Test Report Cc: dpdk-test-reports@iol.unh.edu, Xueming Li , Christian Ehrhardt , Kevin Traynor , Luca Boccassi Content-Type: text/plain X-BeenThere: test-report@dpdk.org X-Mailman-Version: 2.1.29 Precedence: list List-Id: automatic DPDK test reports List-Unsubscribe: , List-Archive: List-Post: List-Help: List-Subscribe: , Errors-To: test-report-bounces@dpdk.org _Testing issues_ Branch: tags/v22.11 4401486b5e30d43a134f80f9802f60b5f43e74a8 --> testing issues Upstream job id: Generic-DPDK-Compile-Meson#386600 Test environment and result as below: +---------------------+--------------------+-------------------------+----------------------+ | Environment | dpdk_meson_compile | dpdk_llvm_clang_compile | dpdk_mingw64_compile | +=====================+====================+=========================+======================+ | CentOS Stream 10 | PASS | SKIPPED | SKIPPED | +---------------------+--------------------+-------------------------+----------------------+ | CentOS Stream 9 | PASS | SKIPPED | SKIPPED | +---------------------+--------------------+-------------------------+----------------------+ | Fedora 41 (Clang) | PASS | SKIPPED | SKIPPED | +---------------------+--------------------+-------------------------+----------------------+ | Debian 12 | PASS | SKIPPED | SKIPPED | +---------------------+--------------------+-------------------------+----------------------+ | Fedora 40 | PASS | SKIPPED | SKIPPED | +---------------------+--------------------+-------------------------+----------------------+ | Fedora 40 (Clang) | PASS | SKIPPED | SKIPPED | +---------------------+--------------------+-------------------------+----------------------+ | Fedora 41 | PASS | SKIPPED | SKIPPED | +---------------------+--------------------+-------------------------+----------------------+ | Ubuntu 20.04 | PASS | SKIPPED | SKIPPED | +---------------------+--------------------+-------------------------+----------------------+ | Ubuntu 22.04 | PASS | SKIPPED | SKIPPED | +---------------------+--------------------+-------------------------+----------------------+ | openSUSE Leap 15 | PASS | SKIPPED | SKIPPED | +---------------------+--------------------+-------------------------+----------------------+ | RHEL8 | PASS | SKIPPED | SKIPPED | +---------------------+--------------------+-------------------------+----------------------+ | RHEL9 | PASS | SKIPPED | SKIPPED | +---------------------+--------------------+-------------------------+----------------------+ | Ubuntu 24.04 | PASS | SKIPPED | SKIPPED | +---------------------+--------------------+-------------------------+----------------------+ | FreeBSD 13.5 | PASS | SKIPPED | SKIPPED | +---------------------+--------------------+-------------------------+----------------------+ | FreeBSD 14.2 | PASS | SKIPPED | SKIPPED | +---------------------+--------------------+-------------------------+----------------------+ | Windows Server 2022 | SKIPPED | FAIL | PASS | +---------------------+--------------------+-------------------------+----------------------+ ==== 20 line log output for Windows Server 2022 (dpdk_llvm_clang_compile): ==== ..\lib\eal\include/rte_common.h:850:32: note: expanded from macro 'RTE_FMT_TAIL' #define RTE_FMT_TAIL(fmt, ...) __VA_ARGS__ ^~~~~~~~~~~ ..\lib\eal\include/rte_common.h:848:39: note: expanded from macro 'RTE_FMT' #define RTE_FMT(fmt, ...) fmt "%.0s", __VA_ARGS__ "" ^~~~~~~~~~~ ../drivers/crypto/mlx5/mlx5_crypto.c:463:18: note: forward declaration of 'struct mlx5_err_cqe' volatile struct mlx5_err_cqe *cqe = (volatile struct mlx5_err_cqe *) ^ 3 errors generated. [617/788] Compiling C object drivers/libtmp_rte_net_vmxnet3.a.p/net_vmxnet3_vmxnet3_ethdev.c.obj [618/788] Linking static target drivers/libtmp_rte_net_octeon_ep.a [619/788] Compiling C object drivers/libtmp_rte_net_vmxnet3.a.p/net_vmxnet3_vmxnet3_rxtx.c.obj [620/788] Compiling C object drivers/libtmp_rte_crypto_mlx5.a.p/crypto_mlx5_mlx5_crypto_dek.c.obj [621/788] Compiling C object app/dpdk-testpmd.exe.p/test-pmd_5tswap.c.obj [622/788] Compiling C object drivers/libtmp_rte_net_mlx5.a.p/net_mlx5_mlx5_tx_nompw.c.obj [623/788] Compiling C object app/dpdk-testpmd.exe.p/test-pmd_cmdline_flow.c.obj [624/788] Compiling C object drivers/libtmp_rte_net_mlx5.a.p/net_mlx5_mlx5_tx_empw.c.obj [625/788] Compiling C object drivers/libtmp_rte_net_mlx5.a.p/net_mlx5_mlx5_tx_txpp.c.obj ninja: build stopped: subcommand failed. ==== End log output ==== CentOS Stream 10 Kernel: Depends on container host Compiler: gcc 14.2.1 20241104 (Red Hat 14.2.1-6) CentOS Stream 9 Kernel: Depends on container host Compiler: gcc 11.5.0 20240719 (Red Hat 11.5.0-2) Fedora 41 (Clang) Kernel: Depends on container host Compiler: clang 19.1.5 (Fedora 19.1.5-1.fc41) Debian 12 Kernel: Depends on container host Compiler: gcc (Debian 12.2.0-14) 12.2.0 Fedora 40 Kernel: Depends on container host Compiler: gcc 14.2.1 20240912 (Red Hat 14.2.1-3) Fedora 40 (Clang) Kernel: Depends on container host Compiler: clang 18.1.8 (Fedora 18.1.8-1.fc40) Fedora 41 Kernel: Depends on container host Compiler: gcc 14.2.1 20240912 (Red Hat 14.2.1-3) Ubuntu 20.04 Kernel: Depends on container host Compiler: gcc (Ubuntu 9.4.0-1ubuntu1~20.04.2) 9.4.0 Ubuntu 22.04 Kernel: Depends on container host Compiler: gcc (Ubuntu 11.4.0-1ubuntu1~22.04) 11.4.0 openSUSE Leap 15 Kernel: Depends on container host Compiler: gcc (SUSE Linux) 7.5.0 RHEL8 Kernel: Depends on container host Compiler: gcc 8.5.0 20210514 (Red Hat 8.5.0-22) RHEL9 Kernel: Depends on container host Compiler: gcc 11.5.0 20240719 (Red Hat 11.5.0-2) Ubuntu 24.04 Kernel: Depends on container host Compiler: gcc (Ubuntu 13.3.0-6ubuntu2~24.04) 13.3.0 FreeBSD 13.5 Kernel: 13.5-RELEASE Compiler: clang 19.1.7 FreeBSD 14.2 Kernel: 14.2-RELEASE Compiler: clang 18.1.6 Windows Server 2022 Kernel: 10.0.20348.2031 Compiler: clang 15.0.7, gcc 14.1.0 (MinGW), and MSVC VS 19.39.33521 To view detailed results, visit: https://lab.dpdk.org/results/dashboard/tarballs/33484/ UNH-IOL DPDK Community Lab To manage your email subscriptions, visit: https://lab.dpdk.org/results/dashboard/preferences/subscriptions/